Report per 2017 Aprile
                   Monthly Climatological Summary for apr 2017

Name: Meteo Bagheria Centro   City: Bagheria   State: Italia
Elevation: 88 m  Lat: N 38 04' 37"   Lon: E 013 30' 15"

                  Temperature (C), Rain (mm), Wind Speed (km/h)

                                      Heat  Cool        Avg
    Mean                              Deg   Deg         Wind                 Dom
Day Temp  High   Time   Low    Time   Days  Days  Rain  Speed High   Time    Dir
----------------------------------------------------------------------------------
 1  18,9  24,7   15:25  14,3   05:58   1,2   1,8   0,0  11,3  37,0   21:51     S
 2  14,0  17,6   00:00  11,1   11:42   4,3   0,0  44,5   6,4  28,0   00:17    SW
 3  12,8  16,0   15:11  11,1   05:26   5,5   0,0  51,5   6,2  23,0   14:26    SW
 4  13,4  15,9   16:18  11,8   01:17   4,9   0,0   9,0   7,0  24,0   12:54    NW
 5  15,3  19,9   14:35  11,8   06:40   3,1   0,2   0,0   4,3  15,0   14:52   ESE
 6  15,7  19,0   14:55  12,5   07:06   2,6   0,0   0,0   4,5  18,0   10:55     E
 7  16,6  20,2   14:08  14,8   05:23   1,9   0,2   0,0   4,0  13,0   16:27     E
 8  16,4  19,6   14:47  13,2   06:56   2,1   0,2   0,0   4,4  16,0   16:17     E
 9  15,8  18,2   17:05  14,0   02:55   2,5   0,0   0,0   3,3  12,0   13:32   ESE
10  16,6  21,1   14:07  13,6   07:03   2,1   0,4   0,0   5,6  21,0   14:41   NNE
11  16,6  20,0   11:55  13,7   07:13   1,9   0,2   0,0   5,2  19,0   13:47   WNW
12  17,0  20,4   13:04  14,5   02:51   1,7   0,4   0,0   4,7  18,0   14:42    NW
13  17,1  21,0   15:03  14,6   07:14   1,6   0,4   0,0   3,6  18,0   16:03    NW
14  17,4  21,1   11:43  13,9   05:34   1,5   0,6   0,0   4,4  15,0   12:55   ESE
15  18,8  23,0   13:44  15,6   06:22   0,8   1,3   0,0   5,9  21,0   13:59   SSE
16  18,9  21,6   13:14  16,3   22:52   0,3   0,9   0,0   8,6  32,0   14:42   WNW
17  17,8  21,9   14:18  15,1   05:00   1,2   0,7   0,0   8,1  32,0   17:32    NW
18  18,1  21,8   14:29  14,5   06:19   1,2   1,0   0,0  10,7  32,0   22:53     S
19  15,8  18,5   10:11  13,0   22:40   2,5   0,0   0,0  15,5  43,0   12:22   WNW
20  14,0  16,3   14:59  12,5   05:18   4,3   0,0   0,0   8,4  23,0   14:35     N
21  13,1  15,7   14:07  11,6   06:37   5,2   0,0   0,0   8,8  27,0   15:10     N
22  13,8  17,3   14:14  11,2   05:28   4,5   0,0   0,0  11,5  33,0   13:49    NW
23  15,1  19,2   14:16  11,5   05:51   3,2   0,1   0,0   6,0  16,0   12:30   ESE
24  15,7  18,7   13:51  12,7   06:35   2,6   0,0   0,0   5,7  22,0   23:31   ESE
25  16,9  20,4   11:43  12,6   05:04   1,9   0,5   0,0   8,6  31,0   00:45    SE
26  21,5  27,6   15:04  16,1   01:56   0,6   3,8   0,0  20,0  44,0   15:14     S
27  24,0  29,0   14:28  20,3   04:31   0,0   5,7   0,0  19,9  56,0   21:04   SSW
28  21,2  24,2   12:38  18,0   23:19   0,0   2,9   0,0  10,6  49,0   00:47     W
29  16,4  18,0   00:00  14,6   23:21   1,9   0,0   0,0   9,8  26,0   15:50     N
30  15,9  19,0   12:52  12,4   05:02   2,4   0,0   0,0   8,6  23,0   14:38    NW
----------------------------------------------------------------------------------
    16,7  29,0    27    11,1     2    69,5  21,3 105,0   8,1  56,0    27     WSW

Max >=  20,0: 15
Max <=  19,9: 15
Min <=  10,0:  0
Min <=   4,0:  0
Max Rain: 51,5 on day 3
Days of Rain: 3 (>= 0,3 mm)  3 (>= 6,0 mm)  2 (>= 20,0 mm)
Heat Base: 18,3  Cool Base: 18,3  Method: Integration