Report per 2017 Maggio
                   Monthly Climatological Summary for mag 2017

Name: Meteo Bagheria Centro   City: Bagheria   State: Italia
Elevation: 88 m  Lat: N 38 04' 37"   Lon: E 013 30' 15"

                  Temperature (C), Rain (mm), Wind Speed (km/h)

                                      Heat  Cool        Avg
    Mean                              Deg   Deg         Wind                 Dom
Day Temp  High   Time   Low    Time   Days  Days  Rain  Speed High   Time    Dir
----------------------------------------------------------------------------------
 1  17,4  21,6   13:53  14,2   06:46   1,4   0,5   0,0   6,2  19,0   15:37     E
 2  17,0  19,0   14:31  15,6   23:42   1,3   0,0   0,0   9,8  30,0   11:23    NW
 3  17,2  20,6   14:51  14,4   06:42   1,5   0,4   0,0   5,8  22,0   16:29    NE
 4  18,2  21,6   16:10  15,3   06:26   1,0   0,9   0,0   5,8  19,0   14:17   ESE
 5  20,2  24,7   14:57  16,7   04:51   0,3   2,2   0,0   5,2  19,0   10:23   ESE
 6  21,4  26,3   14:16  18,0   00:41   0,0   3,1   0,0   7,0  26,0   22:21   ENE
 7  20,8  24,8   13:11  18,1   22:07   0,0   2,6   0,0   7,5  24,0   15:47   NNW
 8  18,8  20,8   11:53  16,6   06:07   0,4   0,8   0,0   8,5  30,0   14:32    NW
 9  18,5  21,4   13:46  16,3   04:55   0,5   0,7   0,0  10,6  32,0   16:43    NW
10  19,1  22,4   12:42  15,4   03:29   0,7   1,6   0,0   7,3  33,0   22:40   ESE
11  26,2  31,0   15:14  22,1   00:00   0,0   7,9   0,0  27,4  58,0   14:31   SSW
12  22,4  26,1   00:08  19,8   07:47   0,0   4,1   0,0   7,6  23,0   00:08     E
13  21,4  25,0   14:56  19,3   23:15   0,0   3,1   0,0   6,0  16,0   10:31   ENE
14  21,4  25,3   13:19  18,2   06:17   0,0   3,1   0,0   5,2  17,0   14:33     E
15  20,8  23,0   09:38  19,2   23:07   0,0   2,5   0,0   5,5  18,0   13:22    NW
16  20,3  23,3   12:15  17,8   06:07   0,0   2,0   0,0   6,4  21,0   17:04   NNW
17  21,2  25,3   14:15  18,5   05:23   0,0   2,9   0,0   6,8  21,0   15:44   NNW
18  22,0  25,8   14:07  19,0   02:41   0,0   3,7   0,0   5,8  19,0   14:53     E
19  22,8  28,0   11:33  19,8   06:20   0,0   4,5   0,0  11,5  32,0   23:37   SSW
20  20,4  23,0   12:16  17,9   23:54   0,0   2,1   0,0  13,8  33,0   16:42   WNW
21  19,2  22,1   13:05  17,4   05:58   0,1   1,0   0,0  15,2  43,0   16:35    NW
22  21,1  25,4   13:46  18,0   01:51   0,0   2,9   0,0   5,3  19,0   15:06   NNE
23  21,6  24,9   15:50  19,1   04:52   0,0   3,3   0,0   5,1  17,0   13:05   ENE
24  21,3  24,8   13:26  18,8   05:00   0,0   3,0   0,0   5,6  17,0   11:21    NE
25  22,0  25,8   12:02  18,8   01:48   0,0   3,7   0,0   5,7  21,0   13:06     E
26  21,9  24,5   13:10  19,7   06:37   0,0   3,6   0,0   6,7  21,0   11:01    NE
27  21,5  24,9   14:48  19,2   05:56   0,0   3,2   0,0   6,8  23,0   15:58   NNW
28  22,0  25,8   14:22  18,8   05:10   0,0   3,7   0,0   5,5  17,0   12:25   NNE
29  22,5  26,1   12:05  19,4   05:34   0,0   4,2   0,0   5,2  18,0   14:23     E
30  22,9  26,4   14:10  19,9   05:03   0,0   4,6   0,0   6,0  17,0   10:19     E
31  23,1  26,1   11:51  20,2   06:03   0,0   4,8   0,0   5,9  17,0   12:56   ESE
----------------------------------------------------------------------------------
    20,9  31,0    11    14,2     1     7,2  86,7   0,0   7,8  58,0    11      NE

Max >=  20,0: 30
Max <=  19,9:  1
Min <=  10,0:  0
Min <=   4,0:  0
Max Rain: 0,0 on day 0
Days of Rain: 0 (>= 0,3 mm)  0 (>= 6,0 mm)  0 (>= 20,0 mm)
Heat Base: 18,3  Cool Base: 18,3  Method: Integration