Report per 2017 Giugno
                   Monthly Climatological Summary for giu 2017

Name: Meteo Bagheria Centro   City: Bagheria   State: Italia
Elevation: 88 m  Lat: N 38 04' 37"   Lon: E 013 30' 15"

                  Temperature (C), Rain (mm), Wind Speed (km/h)

                                      Heat  Cool        Avg
    Mean                              Deg   Deg         Wind                 Dom
Day Temp  High   Time   Low    Time   Days  Days  Rain  Speed High   Time    Dir
----------------------------------------------------------------------------------
 1  23,1  26,2   14:32  20,5   06:04   0,0   4,8   0,0   6,8  17,0   13:39     E
 2  23,0  25,5   11:23  20,9   05:38   0,0   4,7   0,0   5,2  21,0   12:08   NNE
 3  23,6  26,4   13:55  20,7   05:38   0,0   5,3   0,0   5,9  18,0   11:24     E
 4  24,0  27,2   12:53  21,2   05:28   0,0   5,7   0,0   5,7  18,0   16:18     E
 5  23,6  26,3   13:56  21,6   05:02   0,0   5,3   0,0   5,0  17,0   14:25     E
 6  22,7  25,1   14:10  20,9   23:06   0,0   4,4   0,0   7,0  23,0   12:21    NW
 7  22,6  24,9   15:26  20,1   06:10   0,0   4,3   0,0   7,1  24,0   15:43   NNW
 8  23,6  26,8   12:38  20,6   03:53   0,0   5,3   0,0   6,4  18,0   15:13     E
 9  23,7  26,6   14:43  20,7   06:07   0,0   5,4   0,0   5,8  21,0   12:20   ENE
10  23,9  27,3   14:39  21,5   05:51   0,0   5,6   0,0   6,1  19,0   11:10     E
11  23,9  26,3   15:32  21,7   06:17   0,0   5,6   0,0   6,7  22,0   15:48     N
12  24,7  27,8   12:18  21,7   04:25   0,0   6,4   0,0   5,7  19,0   15:07    NE
13  25,0  28,5   15:22  21,9   05:59   0,0   6,8   0,0   6,1  19,0   11:04   ENE
14  25,4  29,0   15:11  22,9   05:23   0,0   7,1   0,0   6,0  21,0   12:23    NE
15  26,2  29,6   14:19  23,0   05:30   0,0   7,9   0,0   6,0  18,0   11:32   ESE
16  26,7  29,8   13:30  23,7   06:42   0,0   8,4   0,0   5,1  17,0   15:12     E
17  26,9  30,5   13:51  24,2   03:39   0,0   8,6   0,0   6,4  18,0   15:19   ENE
18  25,5  27,5   15:47  24,2   22:54   0,0   7,2   3,0   5,9  22,0   13:38   NNE
19  24,7  27,0   16:26  23,0   05:35   0,0   6,4   0,0   7,6  18,0   02:15    NE
20  25,6  29,9   15:33  21,9   04:22   0,0   7,3   0,0   6,2  19,0   16:17   ESE
21  25,6  29,5   15:00  23,0   03:11   0,0   7,3   0,0   6,6  22,0   11:51     N
22  26,1  28,9   13:27  23,3   05:47   0,0   7,8   0,0   5,7  18,0   13:56   ESE
23  26,3  29,4   12:48  23,6   05:45   0,0   8,0   0,0   6,0  18,0   14:25   ESE
24  26,5  29,8   13:04  23,3   04:09   0,0   8,1   0,0   5,8  18,0   13:12   ESE
25  26,5  29,6   14:07  23,9   04:40   0,0   8,2   0,0   5,8  21,0   16:17   ESE
26  28,2  32,1   15:39  24,3   06:11   0,0   9,9   0,0   5,2  17,0   15:47     E
27  31,0  38,1   15:31  25,8   05:13   0,0  12,7   0,0   9,3  34,0   10:53     S
28  31,9  39,2   18:23  26,9   05:17   0,0  13,5   0,0   7,8  33,0   16:35   SSE
29  29,8  33,2   11:36  26,5   20:50   0,0  11,5   0,0   7,2  22,0   11:56   ESE
30  27,6  32,0   12:02  25,4   23:52   0,0   9,3   0,0   7,7  31,0   12:01     N
----------------------------------------------------------------------------------
    25,6  39,2    28    20,1     7     0,0 218,8   3,0   6,3  34,0    27     ENE

Max >=  20,0: 30
Max <=  19,9:  0
Min <=  10,0:  0
Min <=   4,0:  0
Max Rain: 3,0 on day 18
Days of Rain: 1 (>= 0,3 mm)  0 (>= 6,0 mm)  0 (>= 20,0 mm)
Heat Base: 18,3  Cool Base: 18,3  Method: Integration