Report per 2017 Luglio
                   Monthly Climatological Summary for lug 2017

Name: Meteo Bagheria Centro   City: Bagheria   State: Italia
Elevation: 88 m  Lat: N 38 04' 37"   Lon: E 013 30' 15"

                  Temperature (C), Rain (mm), Wind Speed (km/h)

                                      Heat  Cool        Avg
    Mean                              Deg   Deg         Wind                 Dom
Day Temp  High   Time   Low    Time   Days  Days  Rain  Speed High   Time    Dir
----------------------------------------------------------------------------------
 1  25,6  29,1   10:37  23,5   23:45   0,0   7,3   0,0  10,1  28,0   13:55     N
 2  24,2  26,2   16:26  23,0   23:21   0,0   5,9   0,0  14,4  36,0   11:14   NNW
 3  24,2  49,6   22:36  21,7   04:27   0,0   5,9   0,0  10,1 138,0   22:35    NW
 4  25,4  28,7   13:27  22,9   04:31   0,0   7,1   0,0   7,6  22,0   17:44    NW
 5  27,0  31,0   14:16  23,0   05:08   0,0   8,9   0,0   5,5  18,0   12:24     E
 6  27,8  30,8   13:19  24,8   05:07   0,0   9,5   0,0   5,1  18,0   14:16     E
 7  28,4  31,7   12:08  24,9   05:39   0,0  10,1   0,0   5,1  18,0   12:28     E
 8  28,2  31,4   12:14  25,1   06:12   0,0   9,9   0,0   5,5  17,0   11:39   ESE
 9  28,6  32,3   14:44  25,6   01:48   0,0  10,3   0,0   5,7  18,0   12:31     E
10  29,8  33,4   13:47  27,2   05:47   0,0  11,5   0,0   5,4  22,0   16:13   NNE
11  29,8  33,4   14:48  26,8   07:03   0,0  11,5   0,0   6,5  17,0   08:13     E
12  30,7  37,7   11:33  26,6   06:07   0,0  12,4   0,0   7,0  24,0   10:56   ESE
13  28,7  31,7   16:10  26,4   06:29   0,0  10,4   0,0   6,6  23,0   14:46   NNW
14  27,7  29,6   15:17  26,0   05:37   0,0   9,4   0,0  10,3  32,0   17:05   NNW
15  26,9  30,1   14:22  24,5   06:30   0,0   8,6   0,0   8,1  27,0   18:45   NNW
16  26,3  29,0   14:18  24,0   11:01   0,0   7,9   0,0   9,2  28,0   10:08   NNW
17  25,8  27,8   13:11  24,0   06:13   0,0   7,5   0,0  10,5  31,0   16:13     N
18  26,2  29,8   12:49  23,3   05:40   0,0   7,9   0,0   7,0  24,0   14:53     N
19  26,4  29,4   14:25  23,7   06:07   0,0   8,1   0,0   6,2  18,0   15:55   ESE
20  26,7  29,7   12:21  24,0   06:41   0,0   8,5   0,0   6,1  18,0   14:44     E
21  27,6  31,6   14:33  24,4   06:12   0,0   9,3   0,0   6,0  19,0   14:58   ESE
22  29,2  33,1   12:08  25,5   01:58   0,0  10,9   0,0   6,6  19,0   10:41    NE
23  29,1  32,8   13:43  26,4   06:10   0,0  10,8   0,0   5,5  17,0   17:36     E
24  29,4  37,1   12:13  26,5   04:22   0,0  11,1   0,0   6,8  30,0   16:44    NE
25  27,6  30,6   11:54  25,2   23:48   0,0   9,3   0,0  13,8  40,0   14:39    NW
26  26,2  29,1   11:30  23,7   06:10   0,0   7,9   0,0  11,8  34,0   13:13   WNW
27  25,7  27,9   12:10  23,6   06:31   0,0   7,4   0,0   8,8  27,0   15:06    NW
28  26,5  29,8   16:19  22,9   05:46   0,0   8,2   0,0   6,3  18,0   11:59   ESE
29  27,3  30,8   13:06  24,6   05:09   0,0   9,0   0,0   6,6  21,0   15:32   ESE
30  27,7  31,2   14:46  24,7   06:51   0,0   9,4   0,0   5,7  17,0   12:44     E
31  27,8  31,4   12:12  24,6   06:17   0,0   9,6   0,0   5,9  18,0   14:08     E
----------------------------------------------------------------------------------
    27,4  49,6     3    21,7     3     0,0 281,5   0,0   7,6 138,0     3     NNE

Max >=  20,0: 31
Max <=  19,9:  0
Min <=  10,0:  0
Min <=   4,0:  0
Max Rain: 0,0 on day 0
Days of Rain: 0 (>= 0,3 mm)  0 (>= 6,0 mm)  0 (>= 20,0 mm)
Heat Base: 18,3  Cool Base: 18,3  Method: Integration