Report per 2017 Agosto
                   Monthly Climatological Summary for ago 2017

Name: Meteo Bagheria Centro   City: Bagheria   State: Italia
Elevation: 88 m  Lat: N 38 04' 37"   Lon: E 013 30' 15"

                  Temperature (C), Rain (mm), Wind Speed (km/h)

                                      Heat  Cool        Avg
    Mean                              Deg   Deg         Wind                 Dom
Day Temp  High   Time   Low    Time   Days  Days  Rain  Speed High   Time    Dir
----------------------------------------------------------------------------------
 1  29,5  34,0   12:20  25,6   03:07   0,0  11,2   0,0   5,1  18,0   13:03     E
 2  31,2  36,1   11:41  27,8   06:18   0,0  12,9   0,0   4,5  18,0   15:48     N
 3  31,0  35,3   12:40  28,4   01:07   0,0  13,4   0,0   5,0  17,0   13:43    NE
 4  31,6  34,9   16:56  27,8   06:22   0,0  14,8   0,0   4,5  16,0   12:12     E
 5  32,1  36,1   15:12  28,6   06:40   0,0  13,8   0,0   5,1  17,0   13:58   ESE
 6  31,9  36,3   11:51  27,9   07:05   0,0  13,4   0,0   4,8  16,0   12:11     E
 7  31,6  36,2   13:51  27,5   05:23   0,0  13,3   0,0   5,3  16,0   12:58     E
 8  31,2  35,2   16:46  27,8   05:57   0,0  13,2   0,0   5,6  15,0   10:37     E
 9  32,3  36,4   11:55  29,0   04:07   0,0  14,0   0,0   5,0  19,0   14:55     E
10  32,3  36,7   14:38  28,7   22:59   0,0  14,0   0,0   6,5  28,0   16:46   ENE
11  28,1  29,7   11:43  26,2   23:39   0,0   9,8   0,0   9,3  26,0   10:23   NNW
12  26,4  28,9   11:52  24,7   23:15   0,0   8,1   0,0  12,2  38,0   12:48   NNW
13  25,8  28,6   14:27  23,9   02:41   0,0   7,5   0,0  12,5  32,0   12:19    NW
14  27,0  30,3   14:56  24,0   05:51   0,0   8,7   0,0   5,1  18,0   14:47     E
15  27,2  31,2   15:01  24,3   05:09   0,0   8,9   0,0   5,4  18,0   13:27     E
16  27,8  31,8   12:17  24,6   05:23   0,0   9,5   0,0   5,4  19,0   17:47   NNW
17  28,1  32,5   14:29  25,3   06:45   0,0   9,8   0,0   6,1  19,0   15:30    NW
18  28,3  31,6   12:09  25,4   03:28   0,0  10,0   0,0   5,4  19,0   17:23     E
19  28,7  32,2   14:07  26,7   06:27   0,0  10,4   0,0   5,3  21,0   15:53   NNE
20  28,3  31,5   13:54  26,0   06:22   0,0  10,0   0,0   7,1  23,0   17:48     N
21  26,6  28,9   15:03  25,0   06:27   0,0   8,3   0,0  11,1  37,0   13:51    NW
22  27,0  29,4   14:27  25,3   05:42   0,0   8,7   0,0   7,9  30,0   15:46   NNW
23  26,8  30,0   13:38  25,2   04:24   0,0   8,5   0,0   5,6  19,0   12:35   NNE
24  26,6  29,5   13:54  23,7   05:58   0,0   8,3   0,0   6,1  18,0   12:58   ESE
25  27,0  30,2   14:11  24,5   06:07   0,0   8,7   0,0   5,2  18,0   14:27     E
26  27,5  31,6   13:39  24,7   02:16   0,0   9,2   0,0   5,2  18,0   15:07   ESE
27  27,7  30,8   12:02  24,9   06:28   0,0   9,4   0,0   4,6  16,0   12:51     E
28  28,4  32,9   13:33  25,5   06:16   0,0  10,2   0,0   4,4  17,0   14:53     N
29  28,3  32,3   16:05  25,7   05:42   0,0  10,1   0,0   4,1  16,0   16:47   NNW
30  27,6  31,1   13:11  25,1   06:49   0,0   9,8   0,0   5,5  19,0   13:03   ESE
31  27,6  31,2   13:34  24,8   05:51   0,0   9,3   0,0   6,5  21,0   03:07   ESE
----------------------------------------------------------------------------------
    28,8  36,7    10    23,7    24     0,0 327,2   0,0   6,2  38,0    12      NE

Max >=  20,0: 31
Max <=  19,9:  0
Min <=  10,0:  0
Min <=   4,0:  0
Max Rain: 0,0 on day 0
Days of Rain: 0 (>= 0,3 mm)  0 (>= 6,0 mm)  0 (>= 20,0 mm)
Heat Base: 18,3  Cool Base: 18,3  Method: Integration