Report per 2017 Settembre
                   Monthly Climatological Summary for set 2017

Name: Meteo Bagheria Centro   City: Bagheria   State: Italia
Elevation: 88 m  Lat: N 38 04' 37"   Lon: E 013 30' 15"

                  Temperature (C), Rain (mm), Wind Speed (km/h)

                                      Heat  Cool        Avg
    Mean                              Deg   Deg         Wind                 Dom
Day Temp  High   Time   Low    Time   Days  Days  Rain  Speed High   Time    Dir
----------------------------------------------------------------------------------
 1  27,8  30,9   15:05  25,1   06:48   0,0   9,7   0,0   5,8  17,0   10:14    SE
 2  28,2  34,3   11:35  25,3   20:07   0,0   9,9   0,0  10,6  42,0   17:09     W
 3  24,7  26,8   12:15  22,7   06:43   0,0   6,3   0,0  12,9  40,0   14:13    NW
 4  25,0  28,6   15:22  22,4   06:07   0,0   6,7   0,0   6,6  18,0   15:38     E
 5  25,2  28,1   11:41  22,9   04:11   0,0   6,9   0,0   6,5  22,0   14:10    NW
 6  25,3  28,5   14:52  23,0   06:55   0,0   7,0   0,0   5,8  19,0   15:01    NW
 7  25,7  29,6   13:29  23,1   06:47   0,0   7,6   0,0   5,8  19,0   18:37   ESE
 8  24,9  27,9   15:57  22,3   23:44   0,0   6,6   0,0   9,2  24,0   12:59     S
 9  24,5  29,4   14:33  21,1   06:56   0,0   6,2   0,0   8,6  22,0   03:48     S
10  27,0  31,0   14:27  22,7   23:15   0,0   8,7   0,5  19,0  55,0   05:01     S
11  21,9  25,5   15:44  16,8   01:50   0,2   3,8  85,0  11,8  51,0   15:54     W
12  25,1  29,4   13:40  21,9   05:06   0,0   6,8   0,0   8,0  30,0   11:40   WNW
13  24,3  27,0   14:32  22,2   06:44   0,0   6,0   0,0   4,5  22,0   15:38   NNW
14  24,0  26,9   15:25  22,6   06:07   0,0   5,7   0,0   2,7  16,0   11:29   ENE
15  24,2  27,4   14:10  21,6   07:10   0,0   5,9   0,0   1,9  15,0   13:04     E
16  27,6  33,7   11:56  22,6   04:16   0,0   9,2   0,0   7,2  32,0   09:37   SSW
17  25,8  29,7   01:30  22,5   23:41   0,0   7,5   0,0  10,0  30,0   12:07    NW
18  23,4  26,0   13:49  21,9   05:28   0,0   5,1   0,0   7,2  23,0   13:52   ENE
19  23,0  26,5   13:50  21,1   22:32   0,0   4,7   0,5  10,2  37,0   15:26    NW
20  21,3  24,1   15:37  19,7   07:26   0,0   3,0   0,0  13,3  37,0   14:45    NW
21  21,2  24,1   14:43  18,9   06:17   0,0   2,9   0,0   8,4  28,0   13:41    NW
22  21,3  24,8   14:28  18,5   06:07   0,0   3,0   0,0   5,4  18,0   15:26   ESE
23  21,8  25,1   14:38  19,1   05:54   0,0   3,5   0,0   5,1  15,0   12:20   ESE
24  20,6  23,5   15:26  17,0   07:27   0,1   2,3  52,0   6,2  53,0   07:22   SSE
25  21,4  24,6   13:38  18,9   02:58   0,0   3,1   0,0   7,0  24,0   15:00    NW
26  21,3  24,3   12:48  19,1   06:52   0,0   3,0   0,0   4,1  16,0   15:05   SSE
27  21,2  24,5   11:42  19,4   08:37   0,0   2,9   3,0   9,0  32,0   16:10     W
28  21,3  24,6   14:28  19,2   06:51   0,0   3,1   4,5   5,8  18,0   14:51   NNW
29  21,6  24,4   15:18  19,4   06:42   0,0   3,3   0,0   4,8  19,0   13:51    NW
----------------------------------------------------------------------------------
    23,8  34,3     2    16,8    11     0,3 160,4 145,5   7,7  55,0    10       W

Max >=  20,0: 29
Max <=  19,9:  0
Min <=  10,0:  0
Min <=   4,0:  0
Max Rain: 85,0 on day 11
Days of Rain: 6 (>= 0,3 mm)  2 (>= 6,0 mm)  2 (>= 20,0 mm)
Heat Base: 18,3  Cool Base: 18,3  Method: Integration