Report per 2017 Novembre
                   Monthly Climatological Summary for nov 2017

Name: Meteo Bagheria Centro   City: Bagheria   State: Italia
Elevation: 88 m  Lat: N 38 04' 37"   Lon: E 013 30' 15"

                  Temperature (C), Rain (mm), Wind Speed (km/h)

                                      Heat  Cool        Avg
    Mean                              Deg   Deg         Wind                 Dom
Day Temp  High   Time   Low    Time   Days  Days  Rain  Speed High   Time    Dir
----------------------------------------------------------------------------------
 1  17,9  20,8   10:10  16,3   03:53   0,7   0,4   0,5   3,0  32,0   14:19   WNW
 2  17,8  19,9   13:16  16,3   23:29   0,8   0,3   0,0   1,4  11,0   11:06     E
 3  17,9  20,8   13:49  15,7   06:34   1,0   0,5   0,0   1,9  15,0   14:53   ESE
 4  17,7  20,5   13:26  15,6   05:25   1,0   0,5   0,0   2,1  21,0   23:51   ESE
 5  19,4  23,1   14:12  16,5   06:07   0,5   1,6   0,0   8,3  32,0   09:02   SSW
 6  16,6  20,3   14:51  12,8   23:27   2,1   0,4  16,0   4,8  45,0   03:19   WSW
 7  13,8  17,3   13:26  12,1   17:53   4,5   0,0   9,0   6,7  30,0   17:55   SSW
 8  15,1  19,5   13:59  12,6   02:19   3,3   0,1   1,5   5,4  26,0   11:45    SW
 9  17,3  21,1   13:33  14,9   00:00   1,5   0,5   0,5   6,4  33,0   23:37   SSW
10  16,7  19,5   11:57  14,8   04:50   1,6   0,1  31,0   2,6  31,0   04:31   SSW
11  16,2  18,6   14:10  14,3   06:54   2,1   0,0  13,0   1,0  13,0   06:40   NNW
12  16,6  19,0   13:28  14,9   05:34   1,8   0,0   0,0   2,0  19,0   23:33   WSW
13  14,8  17,7   11:42  12,5   23:23   3,5   0,0   5,5   5,3  26,0   08:11    SW
14  12,8  15,1   13:46  11,2   23:13   5,4   0,0   0,0   4,1  26,0   05:17   SSW
15  13,4  17,6   13:51  10,9   02:22   4,9   0,0   0,0   5,0  24,0   16:10     S
16  13,7  16,6   12:42  12,6   02:28   4,6   0,0   9,5   3,4  33,0   15:32    NW
17  14,6  16,9   13:59  12,5   03:45   3,7   0,0   7,0   3,1  17,0   05:44   WNW
18  14,9  17,2   11:05  14,0   06:39   3,4   0,0   2,5   1,6  23,0   13:26     W
19  14,9  17,7   13:38  13,2   06:30   3,4   0,0   0,0   4,4  26,0   11:05     W
20  15,0  17,7   12:32  12,9   23:31   3,3   0,0   0,0   3,6  26,0   13:02   WNW
21  14,7  17,8   14:19  12,4   01:54   3,6   0,0   0,0   3,0  24,0   14:37    SW
22  15,0  18,5   13:29  13,0   06:53   3,3   0,0   0,0   2,1  15,0   05:26   SSW
23  14,9  18,1   14:07  12,7   05:35   3,5   0,0   0,0   1,7  12,0   12:53    SE
24  14,8  18,1   12:50  12,9   06:07   3,6   0,0   0,0   0,5  13,0   15:20   ESE
25  15,6  19,0   11:38  12,9   02:13   2,7   0,0   0,0   3,2  32,0   23:36     S
26  16,5  18,0   11:24  12,0   22:34   1,8   0,0   1,0   8,8  37,0   01:34   WSW
27  12,5  14,1   12:24  11,0   08:41   5,8   0,0   4,0   9,9  40,0   17:28    NW
28  12,5  15,2   13:10  10,6   23:29   5,8   0,0   0,0   5,4  32,0   04:51    NW
29  14,7  17,8   12:17  10,9   02:53   3,5   0,0   0,5  10,4  64,0   18:18     S
30  16,0  19,7   13:37  10,9   22:29   2,4   0,0  33,5   9,5  44,0   01:38    SW
----------------------------------------------------------------------------------
    15,5  23,1     5    10,6    28    89,1   4,4 135,0   4,4  64,0    29      SW

Max >=  20,0:  6
Max <=  19,9: 24
Min <=  10,0:  0
Min <=   4,0:  0
Max Rain: 33,5 on day 30
Days of Rain: 15 (>= 0,3 mm)  7 (>= 6,0 mm)  2 (>= 20,0 mm)
Heat Base: 18,3  Cool Base: 18,3  Method: Integration