Selezionare Mese o Anno per visualizzare Report
2018: Gen Feb Mar Apr Mag Giu Lug Ago Set Ott Nov Dic
2017: Gen Feb Mar Apr Mag Giu Lug Ago Set Ott Nov Dic
2016: Gen Feb Mar Apr Mag Giu Lug Ago Set Ott Nov Dic
2015: Gen Feb Mar Apr Mag Giu Lug Ago Set Ott Nov Dic
2014: Gen Feb Mar Apr Mag Giu Lug Ago Set Ott Nov Dic
2013: Gen Feb Mar Apr Mag Giu Lug Ago Set Ott Nov Dic
2012: Gen Feb Mar Apr Mag Giu Lug Ago Set Ott Nov Dic

Report per 2017 Dicembre
                   Monthly Climatological Summary for dic 2017

Name: Meteo Bagheria Centro   City: Bagheria   State: Italia
Elevation: 88 m  Lat: N 38 04' 37"   Lon: E 013 30' 15"

                  Temperature (C), Rain (mm), Wind Speed (km/h)

                                      Heat  Cool        Avg
    Mean                              Deg   Deg         Wind                 Dom
Day Temp  High   Time   Low    Time   Days  Days  Rain  Speed High   Time    Dir
----------------------------------------------------------------------------------
 1  11,0  11,9   11:50   9,8   23:53   7,3   0,0  12,5   2,4  15,0   13:13    SW
 2  10,4  14,3   12:23   8,5   06:49   8,0   0,0   2,5   6,6  39,0   23:16   SSW
 3  10,0  13,2   13:21   8,8   00:39   8,3   0,0   0,5   6,6  30,0   11:37    SW
 4   9,8  11,5   09:41   8,8   04:26   8,5   0,0   1,0   3,9  22,0   11:57   WSW
 5  11,9  14,1   12:46  10,2   00:37   6,5   0,0   0,0   4,9  24,0   11:04    NW
 6  11,4  14,8   13:24   9,3   06:48   6,8   0,0   0,0   0,6  10,0   11:58    NE
 7  11,2  14,5   13:50   8,8   05:15   7,1   0,0   0,0   1,0  10,0   23:00   SSE
 8  11,2  14,6   13:10   8,5   06:26   7,0   0,0   0,0   2,6  24,0   19:37   SSW
 9  12,8  14,0   13:18  11,2   23:57   5,5   0,0   2,0   6,5  34,0   08:43   WSW
10  11,1  13,8   12:50   9,2   07:16   7,2   0,0   0,0   4,6  34,0   23:20    SW
11  14,8  17,6   12:24  10,7   00:00   3,6   0,0   0,0  19,0  72,0   17:20   SSW
12  16,5  19,9   12:45  14,8   00:14   2,0   0,2   0,0  17,5  50,0   21:05     S
13  15,6  18,8   11:42  12,7   23:53   2,7   0,0   0,0   9,0  45,0   00:13    SW
14  13,2  16,4   14:31  10,8   07:13   5,1   0,0   0,0   8,6  24,0   22:11   SSW
15  14,8  18,4   14:34  12,1   07:57   3,5   0,0   0,0  12,7  42,0   13:08   SSW
16  12,9  15,0   10:47  10,3   23:38   5,4   0,0   2,0   6,9  28,0   13:26   WSW
17  10,1  13,3   13:06   7,9   22:23   8,2   0,0   7,5   8,5  36,0   13:53   WSW
18   9,6  11,8   14:19   8,2   00:07   8,6   0,0   1,0   8,1  28,0   03:21   WNW
19   9,2  11,2   13:12   7,2   07:58   9,1   0,0   0,5   3,6  13,0   13:56   ESE
20   9,1  11,7   13:17   7,2   05:32   9,2   0,0   0,0   2,8  13,0   12:53    SE
21   9,1  10,6   12:24   7,3   01:31   9,2   0,0   0,5   7,3  26,0   10:43   NNE
22  11,1  12,4   15:05   9,5   05:08   7,3   0,0   0,0  13,1  32,0   11:38     N
23  12,5  14,6   13:25  11,7   02:40   5,9   0,0   0,0   8,4  28,0   06:25     N
24  12,3  15,6   14:09  10,1   07:05   6,0   0,0   0,0   3,3  15,0   11:31    NW
25  11,8  14,5   13:02  10,3   05:49   6,5   0,0   0,0   2,9  12,0   14:07   SSE
26  12,2  16,7   13:42  10,1   05:53   6,1   0,0   0,0   5,4  21,0   22:54   SSW
27  12,7  16,3   13:25  10,5   06:17   5,6   0,0   2,0  16,2  44,0   09:56   SSW
28  10,7  13,0   12:02   8,5   07:01   7,7   0,0   4,0  11,8  40,0   13:46   WSW
29  10,7  12,0   13:37   9,7   09:13   7,6   0,0   0,5  12,8  38,0   08:49   WNW
30  13,0  15,9   14:20   9,9   03:45   5,3   0,0   1,0   8,2  27,0   03:16   WNW
----------------------------------------------------------------------------------
    11,8  19,9    12     7,2    19   196,8   0,2  37,5   7,6  72,0    11      SW

Max >=  20,0:  0
Max <=  19,9: 30
Min <=  10,0: 17
Min <=   4,0:  0
Max Rain: 12,5 on day 1
Days of Rain: 14 (>= 0,3 mm)  2 (>= 6,0 mm)  0 (>= 20,0 mm)
Heat Base: 18,3  Cool Base: 18,3  Method: Integration