Report per 2018 Febbraio
                   Monthly Climatological Summary for feb 2018

Name: Meteo Bagheria Centro   City: Bagheria   State: Italia
Elevation: 88 m  Lat: N 38 04' 37"   Lon: E 013 30' 15"

                  Temperature (C), Rain (mm), Wind Speed (km/h)

                                      Heat  Cool        Avg
    Mean                              Deg   Deg         Wind                 Dom
Day Temp  High   Time   Low    Time   Days  Days  Rain  Speed High   Time    Dir
----------------------------------------------------------------------------------
 1  13,3  15,6   13:33   9,9   01:15   5,0   0,0   0,0  16,6  44,0   23:22     S
 2  15,9  19,4   14:51  12,8   01:50   2,5   0,1   1,0  19,9  56,0   21:18     S
 3  13,3  16,6   03:09   9,2   23:54   4,9   0,0   2,5  11,3  48,0   01:36   SSW
 4  10,3  13,1   14:43   8,5   06:23   8,0   0,0   1,0   5,6  17,0   08:12   WSW
 5  10,8  13,9   14:43   8,1   06:33   7,6   0,0   1,0   4,7  21,0   13:24   SSE
 6  12,4  15,1   12:20  10,3   19:55   5,9   0,0  36,0   8,4  32,0   13:09   SSE
 7  12,4  14,7   13:28  10,5   18:54   5,9   0,0   1,0  11,7  36,0   13:54   SSW
 8  11,4  14,1   13:36  10,1   23:59   7,0   0,0   3,5   4,1  16,0   08:57   WSW
 9  10,9  13,8   14:06   8,7   05:18   7,6   0,0  16,5   5,2  21,0   17:34     E
10  10,5  12,5   14:34   9,0   08:28   7,8   0,0  12,5  13,3  42,0   14:55   NNW
11   9,5  12,0   11:31   7,8   18:41   9,1   0,0  17,5   8,0  34,0   03:42     W
12  11,0  14,7   15:38   7,7   04:33   7,3   0,0   3,0   6,3  26,0   23:35    SW
13   9,9  13,0   02:19   7,7   19:34   8,5   0,0  19,2   8,7  33,0   00:35   WSW
14   8,2   9,9   10:42   6,2   20:07  10,1   0,0   9,9  12,3  46,0   22:16   WSW
15   9,3  11,0   13:37   7,0   05:12   9,0   0,0   0,6  18,4  42,0   08:59   NNW
16   9,8  13,4   14:10   7,0   07:03   8,5   0,0   0,0   3,0  16,0   00:29     N
17  10,5  13,9   13:58   7,8   06:47   7,7   0,0   0,0   2,8  10,0   13:05    SE
18  11,6  14,7   11:28   9,9   03:00   6,8   0,0   0,0   4,1  15,0   07:49   SSW
19  11,9  13,9   14:41  10,5   22:29   6,3   0,0   1,2   4,9  22,0   02:04   WNW
20  10,5  13,6   12:26   8,4   22:07   8,0   0,0   4,5   6,0  24,0   12:46    SW
21   9,6  12,1   14:54   7,9   06:56   8,6   0,0   0,6   5,1  31,0   21:41     W
22  10,9  15,0   12:30   8,8   00:21  10,5   0,0   3,0   9,1  62,0   13:59     S
23   9,9  12,7   11:55   8,6   18:48   8,4   0,0  30,6   5,9  24,0   14:47     W
24  11,2  14,7   13:42   8,8   00:31   7,1   0,0   0,6   6,1  21,0   08:47    SW
25   9,6  11,2   16:41   8,4   23:53   8,7   0,0  16,2   4,6  21,0   01:21     W
26   9,4  11,5   08:49   7,1   22:48   8,9   0,0   1,2   8,4  32,0   14:56     W
27   8,8  12,8   12:00   6,9   06:12   9,5   0,0   0,3   7,2  30,0   09:08     W
28   9,3  12,5   23:29   7,5   02:58   9,2   0,0   0,0   7,2  59,0   23:18   SSW
----------------------------------------------------------------------------------
    10,8  19,4     2     6,2    14   214,4   0,1 183,4   8,2  62,0    22      SW

Max >=  20,0:  0
Max <=  19,9: 28
Min <=  10,0: 23
Min <=   4,0:  0
Max Rain: 36,0 on day 6
Days of Rain: 23 (>= 0,3 mm)  8 (>= 6,0 mm)  2 (>= 20,0 mm)
Heat Base: 18,3  Cool Base: 18,3  Method: Integration