Report per 2018 Marzo
                   Monthly Climatological Summary for mar 2018

Name: Meteo Bagheria Centro   City: Bagheria   State: Italia
Elevation: 88 m  Lat: N 38 04' 37"   Lon: E 013 30' 15"

                  Temperature (C), Rain (mm), Wind Speed (km/h)

                                      Heat  Cool        Avg
    Mean                              Deg   Deg         Wind                 Dom
Day Temp  High   Time   Low    Time   Days  Days  Rain  Speed High   Time    Dir
----------------------------------------------------------------------------------
 1  16,0  19,3   13:09  12,1   00:00   2,4   0,1   0,0  24,0  65,0   02:27     S
 2  17,4  20,1   13:36  14,7   22:06   1,3   0,4   0,0  12,7  34,0   10:37    SW
 3  16,7  19,9   14:56  14,9   00:06   1,7   0,1   0,0  13,9  32,0   09:52   SSW
 4  15,8  18,2   21:03  13,5   06:23   2,7   0,0   0,0   8,8  46,0   20:06    SE
 5  15,1  16,8   13:07  13,6   08:39   3,3   0,0   6,0   8,7  28,0   18:46   WSW
 6  14,9  18,0   12:58  12,1   06:31   3,4   0,0   0,0  11,1  38,0   11:14   WSW
 7  14,9  19,9   12:08  12,0   06:39   3,5   0,0   2,1  13,1  32,0   15:17    SW
 8  13,6  16,3   13:42  11,3   07:01   4,7   0,0   0,0   5,4  18,0   02:26   WNW
 9  13,5  15,8   12:10  11,2   06:26   4,8   0,0   1,8   4,5  18,0   13:46     S
10  14,7  17,6   23:55  11,7   06:25   3,6   0,0   0,3   4,9  23,0   23:54    SE
11  19,9  25,8   14:33  16,3   21:28   0,4   1,9   0,0  12,8  44,0   11:41   SSW
12  16,5  19,5   12:26  14,2   23:54   1,9   0,1   0,6  10,0  39,0   12:10     W
13  15,5  19,1   14:06  13,1   05:58   2,8   0,0   0,0   9,9  27,0   14:06     W
14  14,1  16,8   13:36  12,3   23:17   4,2   0,0   2,1   4,7  19,0   16:15   WNW
15  15,8  20,1   13:09  11,5   02:06   2,6   0,2   0,0  14,8  44,0   17:36     S
16  16,9  20,0   12:37  14,7   21:23   1,5   0,1   0,0   7,6  32,0   00:32    SE
17  14,7  19,7   00:00  12,3   23:09   3,6   0,0   0,0   7,2  28,0   11:48   WNW
18  14,6  18,3   10:36  11,8   04:41   3,7   0,0   0,0  12,4  42,0   09:07   SSW
19  13,6  17,3   14:35  11,2   06:06   4,8   0,0   0,0   9,4  28,0   14:48     W
20  12,6  16,6   10:10  10,4   18:48   5,7   0,0   0,3  12,6  44,0   10:55   SSW
21  11,6  14,1   10:22   9,3   23:58   6,7   0,0  10,8   9,7  36,0   00:06    SW
22   9,1  10,7   12:43   7,7   22:24   9,4   0,0  24,6   6,1  40,0   17:59    NW
23   9,5  12,5   13:39   7,9   04:34   8,8   0,0   3,0  11,0  40,0   14:25   WNW
24   9,7  12,9   12:47   6,6   04:06   8,8   0,0   4,8   4,7  13,0   22:55    SW
25  10,6  11,3   06:21   9,3   11:08   7,4   0,0   7,5   4,1  18,0   10:15     S
26  11,3  14,6   11:56   9,4   05:22   7,0   0,0   0,6   7,3  26,0   14:16   WNW
27  12,3  15,6   14:24   9,9   06:58   6,0   0,0   0,0   8,1  32,0   14:18    NW
28  12,7  16,3   12:55   9,7   06:34   5,6   0,0   0,0   4,4  12,0   03:40   SSE
29  15,9  20,6   13:59  11,8   03:08   2,8   0,3   0,0   8,1  31,0   23:48   SSE
30  21,3  26,4   13:34  18,2   00:00   0,0   3,0   0,0  18,7  39,0   16:09   SSW
31  18,2  20,3   00:00  13,8   23:28   0,8   0,7   0,0  13,7  39,0   06:39     W
----------------------------------------------------------------------------------
    14,5  26,4    30     6,6    24   125,9   6,9  64,5   9,8  65,0     1      SW

Max >=  20,0:  7
Max <=  19,9: 24
Min <=  10,0:  8
Min <=   4,0:  0
Max Rain: 24,6 on day 22
Days of Rain: 13 (>= 0,3 mm)  4 (>= 6,0 mm)  1 (>= 20,0 mm)
Heat Base: 18,3  Cool Base: 18,3  Method: Integration