Report per 2018 Maggio
                   Monthly Climatological Summary for mag 2018

Name: Meteo Bagheria Centro   City: Bagheria   State: Italia
Elevation: 88 m  Lat: N 38 04' 37"   Lon: E 013 30' 15"

                  Temperature (C), Rain (mm), Wind Speed (km/h)

                                      Heat  Cool        Avg
    Mean                              Deg   Deg         Wind                 Dom
Day Temp  High   Time   Low    Time   Days  Days  Rain  Speed High   Time    Dir
----------------------------------------------------------------------------------
 1  18,9  22,1   11:35  16,5   04:23   0,4   1,1   0,0   5,5 184,0   01:04     E
 2  20,4  24,9   15:21  16,1   22:50   0,6   2,3  10,8   9,5  43,0   19:11    SE
 3  16,5  19,1   18:34  14,5   01:13   1,8   0,0   4,8   6,4  31,0   01:29    SW
 4  16,8  18,9   14:54  15,1   04:56   1,5   0,0   0,0  10,3  28,0   07:31   SSW
 5  16,9  19,9   15:56  14,5   08:13   1,6   0,2   3,3   4,4  18,0   04:09   ESE
 6  17,5  20,7   11:37  14,9   02:11   1,3   0,5   0,0   4,0  15,0   15:16     E
 7  18,1  21,3   12:44  15,4   05:04   1,0   0,8   0,0   4,1  17,0   13:55     E
 8  17,4  21,0   11:45  15,2   05:44   1,1   0,2   0,0   5,1  19,0   13:31   NNW
 9  17,8  21,7   13:56  14,9   06:19   1,1   0,6   0,0   4,6 189,0   14:27   NNW
10  18,5  20,7   17:17  16,7   02:44   0,4   0,6   0,0   5,2  22,0   14:36   NNW
11  19,1  22,8   13:22  16,6   05:58   0,4   1,2   0,0   4,6  21,0   14:11   NNE
12  19,7  23,1   14:27  16,8   05:43   0,3   1,7   0,0   4,7  15,0   11:41     E
13  20,3  23,0   13:57  17,5   05:48   0,1   2,1   0,0   5,7  18,0   11:52    SE
14  17,8  19,3   01:07  16,3   23:44   0,7   0,2   0,0   6,9  22,0   12:38    NW
15  17,2  20,2   15:19  14,7   04:55   1,3   0,2   0,0   6,0  24,0   11:33     N
16  17,3  21,4   12:29  14,3   05:23   1,4   0,4   0,0   4,7  19,0   11:53     E
17  18,5  21,6   14:14  15,6   04:55   0,7   1,0   0,0   5,3  21,0   17:31     E
18  18,3  20,6   16:46  16,8   12:30   0,4   0,3  10,2   3,3  13,0   16:05     E
19  19,3  22,0   13:50  17,6   03:53   0,2   1,1   0,0   5,3  16,0   11:32     E
20  20,4  23,5   14:25  17,8   06:04   0,0   2,1   0,0   4,3  15,0   10:57     E
21  21,3  25,1   13:53  18,8   04:11   0,0   3,0   0,0   3,6  13,0   14:22     N
22  21,0  25,1   12:24  18,3   20:51   0,0   2,7  12,3   4,3  17,0   12:33   NNE
23  19,9  23,7   13:35  17,2   04:46   0,1   1,8   0,3   8,0  32,0   15:11    NW
24  20,1  23,7   13:33  17,2   05:05   0,2   1,9   0,0   4,8  13,0   13:29   NNW
25  20,6  23,4   13:10  17,2   05:20   0,1   2,4   0,0   5,2  16,0   13:18   ESE
26  21,3  24,4   15:06  18,4   04:18   0,0   3,0   0,0   5,6  18,0   14:12   ESE
27  22,8  26,6   12:46  19,8   05:22   0,0   4,5   0,0   4,4  16,0   13:03     E
28  24,0  27,6   11:09  21,3   03:34   0,0   5,7   0,0   4,9  15,0   12:40   ESE
29  24,6  27,3   12:59  21,5   03:24   0,0   6,3   0,0   6,1  27,0   23:27    SE
30  23,7  25,6   09:38  21,5   23:29   0,0   5,4   0,0   8,0  28,0   02:49    NW
31  23,1  26,2   16:09  20,5   05:18   0,0   4,8   0,0   5,5  17,0   12:10     E
----------------------------------------------------------------------------------
    19,6  27,6    28    14,3    16    16,7  58,1  41,7   5,5 189,0     9     ENE

Max >=  20,0: 27
Max <=  19,9:  4
Min <=  10,0:  0
Min <=   4,0:  0
Max Rain: 12,3 on day 22
Days of Rain: 6 (>= 0,3 mm)  3 (>= 6,0 mm)  0 (>= 20,0 mm)
Heat Base: 18,3  Cool Base: 18,3  Method: Integration