Report per 2018 Giugno
                   Monthly Climatological Summary for giu 2018

Name: Meteo Bagheria Centro   City: Bagheria   State: Italia
Elevation: 88 m  Lat: N 38 04' 37"   Lon: E 013 30' 15"

                  Temperature (C), Rain (mm), Wind Speed (km/h)

                                      Heat  Cool        Avg
    Mean                              Deg   Deg         Wind                 Dom
Day Temp  High   Time   Low    Time   Days  Days  Rain  Speed High   Time    Dir
----------------------------------------------------------------------------------
 1  23,5  27,6   13:26  20,7   06:59   0,0   5,2   0,0   4,5  17,0   13:54   ENE
 2  23,9  27,2   15:59  21,1   04:51   0,0   5,6   0,0   5,7  19,0   16:47   ESE
 3  25,4  29,2   13:54  22,1   06:18   0,0   7,1   0,0   4,7  13,0   11:02   ESE
 4  24,1  27,1   13:41  22,0   23:54   0,0   5,9   0,0   5,4  22,0   16:02     N
 5  22,8  25,5   17:49  20,3   05:54   0,0   4,5   0,0   5,1  15,0   13:42   NNE
 6  23,3  26,4   13:38  20,3   05:33   0,0   5,0   0,0   5,7  17,0   14:21     E
 7  23,8  27,8   17:20  21,9   03:23   0,0   5,5   0,0   6,2  19,0   19:41   ENE
 8  22,7  24,8   14:57  21,0   23:36   0,0   4,4   0,0  11,1  33,0   11:31   NNW
 9  22,2  24,9   11:38  19,9   04:37   0,0   3,9   0,0   8,6  30,0   13:29    NW
10  23,9  28,4   14:46  19,9   05:27   0,0   5,6   0,0   5,1  16,0   15:44   ESE
11  24,8  28,3   11:31  21,5   05:48   0,0   6,5   0,0   5,4  18,0   12:19     E
12  24,2  27,1   14:24  22,3   05:04   0,0   5,9   0,0   6,1  18,0   16:15   ENE
13  23,6  26,6   13:59  21,6   03:12   0,0   5,3   0,0   8,9  37,0   15:32    NW
14  21,6  24,0   12:47  19,4   23:08   0,0   3,3   5,4   8,1  22,0   08:43     W
15  21,5  24,5   15:28  18,3   05:18   0,0   3,2  17,1  11,8  31,0   12:51    NW
16  22,8  25,3   14:10  20,2   05:28   0,0   4,5   0,0  11,0  31,0   15:50    NW
17  22,8  24,9   13:29  20,6   05:00   0,0   4,5   0,0   8,8  30,0   14:15   NNW
18  23,4  25,7   12:35  20,9   05:23   0,0   5,1   0,0   6,2  19,0   17:06   NNW
19  24,2  27,0   11:40  21,8   02:25   0,0   5,9   0,0   4,9  19,0   13:42   NNW
20  25,2  28,4   11:44  22,9   03:28   0,0   6,9   0,0   4,9  21,0   13:31     E
21  24,0  27,2   11:31  22,2   06:59   0,0   5,7   0,0   3,9  16,0   11:43   NNW
22  24,1  27,6   12:17  21,5   05:34   0,0   5,8   0,0   5,1  18,0   16:31   NNE
23  24,9  28,3   14:43  22,3   01:43   0,0   6,6   0,0   6,7  16,0   07:11   ENE
24  24,0  26,7   13:29  21,4   05:57   0,0   5,7   0,0   7,5  26,0   14:56    NW
25  22,7  25,4   14:25  19,0   04:22   0,0   4,6  28,2   7,9  23,0   12:46   NNW
26  22,7  25,3   15:27  20,1   02:39   0,4   4,4  10,8  11,8  31,0   15:38   NNW
27  22,9  25,4   13:41  20,6   04:44   0,0   4,6   0,0  12,1  31,0   09:17    NW
28  24,1  27,3   12:19  21,5   01:57   0,0   5,8   0,0   9,4  23,0   12:30    NW
29  24,5  29,0   10:25  22,0   03:07   0,0   6,2   0,0  10,6  36,0   15:47   WNW
30  24,2  27,5   13:35  21,0   06:06   0,0   5,9   0,0   5,3  17,0   12:41   ESE
----------------------------------------------------------------------------------
    23,6  29,2     3    18,3    15     0,4 159,1  61,5   7,3  37,0    13     NNW

Max >=  20,0: 30
Max <=  19,9:  0
Min <=  10,0:  0
Min <=   4,0:  0
Max Rain: 28,2 on day 25
Days of Rain: 4 (>= 0,3 mm)  3 (>= 6,0 mm)  1 (>= 20,0 mm)
Heat Base: 18,3  Cool Base: 18,3  Method: Integration