Report per 2018 Luglio
                   Monthly Climatological Summary for lug 2018

Name: Meteo Bagheria Centro   City: Bagheria   State: Italia
Elevation: 88 m  Lat: N 38 04' 37"   Lon: E 013 30' 15"

                  Temperature (C), Rain (mm), Wind Speed (km/h)

                                      Heat  Cool        Avg
    Mean                              Deg   Deg         Wind                 Dom
Day Temp  High   Time   Low    Time   Days  Days  Rain  Speed High   Time    Dir
----------------------------------------------------------------------------------
 1  25,4  29,0   13:37  22,1   06:12   0,0   7,1   0,0   5,1  18,0   13:53   ESE
 2  26,5  29,6   14:43  23,9   06:05   0,0   8,2   0,0   5,0  15,0   12:06    NE
 3  25,3  28,3   12:03  23,5   03:30   0,0   7,0   0,0   5,0  17,0   13:02   ENE
 4  25,6  28,5   13:58  22,8   05:14   0,0   7,3   0,0   6,0 191,0   22:17   ESE
 5  26,1  30,4   13:56  23,3   04:13   0,0   7,8   0,0   6,0  21,0   15:19     E
 6  26,2  28,8   11:19  24,0   06:05   0,0   7,9   0,0   7,8  32,0   12:34   NNW
 7  25,4  27,7   14:28  23,8   23:11   0,0   7,1   0,0   9,9  32,0   16:51   NNW
 8  25,5  29,4   12:49  22,7   05:26   0,0   7,2   0,0   6,3  19,0   15:18   NNW
 9  25,8  29,3   12:14  22,7   06:07   0,0   7,5   0,0   5,7  16,0   12:25    NW
10  26,2  29,5   12:11  23,5   04:51   0,0   7,9   0,0   5,7  17,0   13:05     E
11  26,4  29,2   15:51  23,7   04:50   0,0   8,0   0,0   5,3  16,0   16:26     E
12  27,1  30,6   14:16  24,0   05:38   0,0   8,7   0,0   5,5  18,0   14:58   ESE
13  28,5  31,7   15:11  25,6   06:14   0,0  10,2   0,0   5,1  17,0   14:46   ESE
14  28,6  31,5   14:59  25,6   05:57   0,0  10,3   0,0   5,5  17,0   13:18   ESE
15  27,5  31,0   14:47  25,1   06:06   0,0   9,2   0,0   8,3  26,0   18:05     N
16  27,7  31,4   17:05  25,4   05:26   0,0   9,4   0,0   6,2  21,0   12:33   ESE
17  27,2  29,0   00:36  25,2   06:20   0,0   8,9   0,0  13,1  36,0   11:14    NW
18  26,4  29,0   13:53  24,5   05:06   0,0   8,1   0,0   5,8  18,0   14:21    NW
19  27,1  30,6   14:26  24,0   05:03   0,0   8,9   0,0   5,6  17,0   14:28   ESE
20  27,3  30,8   12:22  24,4   06:05   0,0   9,0   0,0   5,5  22,0   16:31   ESE
21  28,9  31,9   21:43  24,8   04:48   0,0  10,6   0,0   6,1  22,0   21:26    SE
22  29,9  32,6   11:43  26,1   22:44   0,0  11,5   0,0  11,1  37,0   01:58   SSW
23  28,1  32,4   03:40  24,3   23:48   0,0   9,8   0,3  13,5  51,0   03:52   WNW
24  25,8  28,4   15:57  23,9   01:50   0,0   7,5   0,0  11,9  32,0   11:09   NNW
25  27,0  30,6   12:32  23,8   05:56   0,0   8,7   0,0   8,7  32,0   14:47    NW
26  27,3  30,2   12:15  24,0   06:14   0,0   9,0   0,0   6,1  21,0   12:35     N
27  27,4  30,6   13:46  24,4   05:51   0,0   9,1   0,0   5,4  15,0   14:58     E
28  27,1  30,1   13:38  24,5   05:39   0,0   8,7   0,0   5,1  17,0   15:02   ESE
29  28,1  31,9   13:29  25,0   05:43   0,0   9,8   0,0   4,2  16,0   14:20   ESE
30  27,6  30,2   16:46  25,6   06:30   0,0   9,3   0,0   5,2  16,0   11:17   NNW
31  27,7  31,3   14:34  25,3   05:59   0,0   9,4   0,0   5,6  17,0   16:05    NW
----------------------------------------------------------------------------------
    27,0  32,6    22    22,1     1     0,0 269,1   0,3   6,8 191,0     4     NNE

Max >=  20,0: 31
Max <=  19,9:  0
Min <=  10,0:  0
Min <=   4,0:  0
Max Rain: 0,3 on day 23
Days of Rain: 1 (>= 0,3 mm)  0 (>= 6,0 mm)  0 (>= 20,0 mm)
Heat Base: 18,3  Cool Base: 18,3  Method: Integration