Report per 2018 Settembre
                   Monthly Climatological Summary for set 2018

Name: Meteo Bagheria Centro   City: Bagheria   State: Italia
Elevation: 88 m  Lat: N 38 04' 37"   Lon: E 013 30' 15"

                  Temperature (C), Rain (mm), Wind Speed (km/h)

                                      Heat  Cool        Avg
    Mean                              Deg   Deg         Wind                 Dom
Day Temp  High   Time   Low    Time   Days  Days  Rain  Speed High   Time    Dir
----------------------------------------------------------------------------------
 1  25,9  29,6   14:06  23,2   06:34   0,0   7,6   0,0   4,1  15,0   14:18    NE
 2  26,0  29,1   14:43  23,9   05:40   0,0   7,7   0,0   4,3  16,0   14:34    NE
 3  25,6  28,6   12:22  23,1   06:54   0,0   7,3   0,0   5,3  21,0   15:39     N
 4  25,3  29,0   13:37  22,5   05:53   0,0   7,0   0,0   5,0  15,0   17:05   ESE
 5  25,7  28,6   14:05  23,4   04:17   0,0   7,4   0,0   5,3  21,0   12:25     E
 6  26,2  29,0   14:17  23,6   05:41   0,0   8,0   0,0   4,3  16,0   13:05     E
 7  26,7  30,5   12:57  24,2   06:42   0,0   8,4   0,0   7,2  24,0   16:18     N
 8  26,1  29,1   15:32  23,7   05:28   0,0   7,7   0,0   5,1  18,0   13:51   NNW
 9  25,0  28,7   14:57  22,8   06:18   0,0   6,8   0,0   4,4  18,0   12:33   ESE
10  25,1  28,7   13:18  23,2   01:41   0,0   6,8   0,0   3,9  13,0   13:38   ESE
11  25,6  29,4   14:05  23,3   07:01   0,0   7,3   0,0   3,9  16,0   14:32   ENE
12  25,5  29,4   14:06  22,7   06:08   0,0   7,2   0,0   4,6  18,0   15:48   NNE
13  24,4  27,3   13:14  22,9   18:43   0,0   6,1   0,0   5,2  23,0   15:18    NW
14  23,8  26,7   10:54  22,1   18:55   0,0   5,5  17,7   4,6  15,0   11:56   WSW
15  24,1  27,8   15:56  22,3   00:00   0,0   5,8   0,0   2,9  12,0   14:28    NE
16  24,3  27,7   14:45  21,7   06:06   0,0   6,0   0,0   4,5  17,0   14:09   ESE
17  24,6  27,8   14:41  22,5   06:12   0,0   6,3   0,0   4,5  15,0   11:07   ESE
18  25,0  28,3   14:10  22,8   05:58   0,0   6,7   0,0   3,8  13,0   12:39     E
19  25,8  29,5   11:22  23,8   03:19   0,0   7,5   0,0   4,6  17,0   17:46    SE
20  25,1  28,8   12:14  22,6   21:33   0,0   7,0  33,0   6,1  18,0   14:56   SSW
21  24,4  27,9   11:18  22,5   06:24   0,0   6,1   0,6   8,8  23,0   15:13     S
22  24,6  28,0   12:05  22,8   05:57   0,0   6,3   0,0   6,7  27,0   04:19     S
23  25,2  28,8   12:04  22,8   05:16   0,0   7,0   0,0   3,6  13,0   12:33   ENE
24  25,4  29,0   11:45  22,7   07:20   0,0   7,0   0,0   5,3  17,0   15:29     S
25  24,1  27,2   11:17  21,0   23:25   0,0   5,9  23,4   5,1  21,0   18:32   WNW
26  20,9  22,3   13:12  19,2   21:03   0,0   2,6   0,3   9,8  30,0   18:25   NNE
27  19,8  22,3   13:40  18,2   23:09   0,0   1,5   2,1  10,6  26,0   00:28   NNE
28  20,0  23,0   15:14  17,9   00:58   0,0   1,8   0,0   5,8  23,0   03:42     N
29  21,4  24,6   14:17  19,0   04:06   0,0   3,1   0,0   4,1  16,0   14:31    NW
30  21,7  25,0   14:06  19,1   07:07   0,0   3,5   0,0   4,8  18,0   14:54   WNW
----------------------------------------------------------------------------------
    24,4  30,5     7    17,9    28     0,0 184,9  77,1   5,3  30,0    26     ENE

Max >=  20,0: 30
Max <=  19,9:  0
Min <=  10,0:  0
Min <=   4,0:  0
Max Rain: 33,0 on day 20
Days of Rain: 6 (>= 0,3 mm)  3 (>= 6,0 mm)  2 (>= 20,0 mm)
Heat Base: 18,3  Cool Base: 18,3  Method: Integration