Selezionare Mese o Anno per visualizzare Report
2024: Gen Feb Mar Apr Mag Giu Lug Ago Set Ott Nov Dic
2023: Gen Feb Mar Apr Mag Giu Lug Ago Set Ott Nov Dic
2022: Gen Feb Mar Apr Mag Giu Lug Ago Set Ott Nov Dic
2021: Gen Feb Mar Apr Mag Giu Lug Ago Set Ott Nov Dic
2020: Gen Feb Mar Apr Mag Giu Lug Ago Set Ott Nov Dic
2019: Gen Feb Mar Apr Mag Giu Lug Ago Set Ott Nov Dic
2018: Gen Feb Mar Apr Mag Giu Lug Ago Set Ott Nov Dic
2017: Gen Feb Mar Apr Mag Giu Lug Ago Set Ott Nov Dic
2016: Gen Feb Mar Apr Mag Giu Lug Ago Set Ott Nov Dic
2015: Gen Feb Mar Apr Mag Giu Lug Ago Set Ott Nov Dic
2014: Gen Feb Mar Apr Mag Giu Lug Ago Set Ott Nov Dic
2013: Gen Feb Mar Apr Mag Giu Lug Ago Set Ott Nov Dic
2012: Gen Feb Mar Apr Mag Giu Lug Ago Set Ott Nov Dic
2024: Gen Feb Mar Apr Mag Giu Lug Ago Set Ott Nov Dic
2023: Gen Feb Mar Apr Mag Giu Lug Ago Set Ott Nov Dic
2022: Gen Feb Mar Apr Mag Giu Lug Ago Set Ott Nov Dic
2021: Gen Feb Mar Apr Mag Giu Lug Ago Set Ott Nov Dic
2020: Gen Feb Mar Apr Mag Giu Lug Ago Set Ott Nov Dic
2019: Gen Feb Mar Apr Mag Giu Lug Ago Set Ott Nov Dic
2018: Gen Feb Mar Apr Mag Giu Lug Ago Set Ott Nov Dic
2017: Gen Feb Mar Apr Mag Giu Lug Ago Set Ott Nov Dic
2016: Gen Feb Mar Apr Mag Giu Lug Ago Set Ott Nov Dic
2015: Gen Feb Mar Apr Mag Giu Lug Ago Set Ott Nov Dic
2014: Gen Feb Mar Apr Mag Giu Lug Ago Set Ott Nov Dic
2013: Gen Feb Mar Apr Mag Giu Lug Ago Set Ott Nov Dic
2012: Gen Feb Mar Apr Mag Giu Lug Ago Set Ott Nov Dic
Report per 2018 Ottobre
Monthly Climatological Summary for ott 2018 Name: Meteo Bagheria Centro City: Bagheria State: Italia Elevation: 88 m Lat: N 38 04 37 Lon: E 013 30 15 Temperature (°C), Rain (mm), Wind Speed (km/h) Heat Cool Avg Mean Deg Deg Wind Dom Day Temp High Time Low Time Days Days Rain Speed High Time Dir ---------------------------------------------------------------------------------- 01 21,8 25,3 13:02 19,1 07:35 0,0 3,5 0,0 ---- 15,0 23:43 S 02 20,3 21,9 13:42 18,1 20:33 0,0 2,0 0,3 ---- 16,0 11:27 WSW 03 18,5 20,3 13:18 17,4 21:07 0,2 0,4 31,8 ---- 18,0 23:03 SSW 04 19,0 22,1 15:47 16,7 07:21 0,5 1,2 2,4 ---- 17,0 07:58 SSE 06 22,7 25,4 15:11 20,1 23:41 0,0 2,3 0,0 5,8 15,0 12:41 S 07 21,8 24,5 10:44 19,9 07:09 0,0 3,5 0,0 5,8 19,0 01:40 SSW 08 21,3 24,7 14:17 19,1 07:10 0,0 3,0 0,0 4,1 13,0 14:26 ESE 09 21,0 24,2 14:11 18,6 07:52 0,0 2,7 0,0 3,6 13,0 13:45 SE 10 21,1 24,4 14:13 18,9 06:09 0,0 2,8 0,0 3,5 13,0 15:25 ESE 11 22,0 25,4 13:44 19,5 06:41 0,0 3,7 0,0 8,4 26,0 03:21 S 12 21,6 23,5 15:48 20,4 09:46 0,0 3,3 2,0 6,1 18,0 05:31 SSE 13 21,0 23,5 15:08 19,7 06:26 0,0 2,7 1,3 5,4 16,0 00:41 S 14 19,6 22,3 10:58 18,4 21:50 0,0 1,3 10,5 3,4 18,0 21:48 ESE 15 20,2 22,9 14:21 17,7 07:07 0,0 1,9 1,5 2,9 15,0 14:11 NW 16 20,8 23,9 11:49 18,7 07:31 0,0 2,5 17,5 5,5 17,0 06:18 SSE 17 21,3 24,1 14:31 19,2 06:47 0,0 3,0 0,0 7,4 21,0 13:16 SSE 18 20,7 23,6 16:17 17,6 20:47 0,0 2,4 6,5 6,5 24,0 17:24 S 19 20,9 24,6 14:52 18,2 05:19 0,0 2,6 0,0 3,9 18,0 03:40 SSE 20 21,2 24,1 14:19 19,3 05:58 0,0 2,9 0,0 3,3 15,0 14:28 W 21 20,4 22,7 14:57 18,9 07:14 0,0 2,1 0,0 4,5 18,0 13:25 NW 22 17,9 26,7 12:28 15,2 23:58 0,8 0,5 22,0 9,2 27,0 13:41 W 23 16,9 19,2 13:30 13,9 09:22 1,5 0,2 72,5 8,2 32,0 18:24 N 24 18,6 21,2 14:29 17,1 07:04 0,3 0,6 0,0 8,1 27,0 14:42 NW 25 18,9 22,3 15:02 16,3 06:53 0,6 1,2 0,0 4,3 21,0 22:40 SSE 26 20,6 25,0 14:13 17,8 04:16 0,1 2,4 0,0 8,7 27,0 18:14 SSW 27 21,7 26,0 14:11 19,2 10:26 0,0 3,3 0,0 13,8 48,0 18:20 S 28 22,4 24,8 10:30 20,6 00:33 0,0 4,2 0,0 ---- 37,0 12:28 SSE 29 21,5 26,2 11:57 16,8 23:59 0,1 3,3 26,0 ---- 77,0 14:52 S 30 17,1 21,1 13:54 14,4 06:40 1,6 0,4 0,0 ---- 32,0 12:12 SSW 31 16,9 19,9 22:32 14,3 02:06 1,6 0,2 12,5 ---- 40,0 11:29 S ---------------------------------------------------------------------------------- 20,3 26,7 22 13,9 23 7,3 66,1 206,8 6,2 77,0 29 S Max >= 20,0 28 Max <= 19,9 2 Min <= 10,0 0 Min <= 4,0 0 Max Rain: 72,5 on day 23 Days of Rain: 12 (>= 0,5 mm) 8 (>= 6,0 mm) 4 (>= 20,0 mm) Heat Base: 18,3 Cool Base: 18,3 Method: Integration