Selezionare Mese o Anno per visualizzare Report
2024: Gen Feb Mar Apr Mag Giu Lug Ago Set Ott Nov Dic
2023: Gen Feb Mar Apr Mag Giu Lug Ago Set Ott Nov Dic
2022: Gen Feb Mar Apr Mag Giu Lug Ago Set Ott Nov Dic
2021: Gen Feb Mar Apr Mag Giu Lug Ago Set Ott Nov Dic
2020: Gen Feb Mar Apr Mag Giu Lug Ago Set Ott Nov Dic
2019: Gen Feb Mar Apr Mag Giu Lug Ago Set Ott Nov Dic
2018: Gen Feb Mar Apr Mag Giu Lug Ago Set Ott Nov Dic
2017: Gen Feb Mar Apr Mag Giu Lug Ago Set Ott Nov Dic
2016: Gen Feb Mar Apr Mag Giu Lug Ago Set Ott Nov Dic
2015: Gen Feb Mar Apr Mag Giu Lug Ago Set Ott Nov Dic
2014: Gen Feb Mar Apr Mag Giu Lug Ago Set Ott Nov Dic
2013: Gen Feb Mar Apr Mag Giu Lug Ago Set Ott Nov Dic
2012: Gen Feb Mar Apr Mag Giu Lug Ago Set Ott Nov Dic
2024: Gen Feb Mar Apr Mag Giu Lug Ago Set Ott Nov Dic
2023: Gen Feb Mar Apr Mag Giu Lug Ago Set Ott Nov Dic
2022: Gen Feb Mar Apr Mag Giu Lug Ago Set Ott Nov Dic
2021: Gen Feb Mar Apr Mag Giu Lug Ago Set Ott Nov Dic
2020: Gen Feb Mar Apr Mag Giu Lug Ago Set Ott Nov Dic
2019: Gen Feb Mar Apr Mag Giu Lug Ago Set Ott Nov Dic
2018: Gen Feb Mar Apr Mag Giu Lug Ago Set Ott Nov Dic
2017: Gen Feb Mar Apr Mag Giu Lug Ago Set Ott Nov Dic
2016: Gen Feb Mar Apr Mag Giu Lug Ago Set Ott Nov Dic
2015: Gen Feb Mar Apr Mag Giu Lug Ago Set Ott Nov Dic
2014: Gen Feb Mar Apr Mag Giu Lug Ago Set Ott Nov Dic
2013: Gen Feb Mar Apr Mag Giu Lug Ago Set Ott Nov Dic
2012: Gen Feb Mar Apr Mag Giu Lug Ago Set Ott Nov Dic
Report per 2018 Dicembre
Monthly Climatological Summary for dic 2018 Name: Meteo Bagheria Centro City: Bagheria State: Italia Elevation: 88 m Lat: N 38 04 37 Lon: E 013 30 15 Temperature (°C), Rain (mm), Wind Speed (km/h) Heat Cool Avg Mean Deg Deg Wind Dom Day Temp High Time Low Time Days Days Rain Speed High Time Dir ---------------------------------------------------------------------------------- 01 13,7 14,9 09:12 12,5 22:06 4,6 0,0 4,0 6,1 35,0 10:23 S 02 14,4 16,4 11:55 12,1 00:31 3,9 0,0 8,0 5,9 20,0 15:23 NNW 03 14,3 17,0 13:54 12,3 06:45 4,0 0,0 0,0 5,1 15,0 01:37 SSW 04 15,4 18,3 12:39 13,6 00:09 2,9 0,0 0,0 8,2 34,0 11:59 W 05 15,3 17,9 13:45 13,2 23:34 3,0 0,0 0,0 4,5 18,0 11:15 NW 06 14,1 16,6 12:10 11,9 07:18 4,2 0,0 2,5 4,1 17,0 12:13 S 07 14,4 17,4 13:39 12,4 06:45 3,9 0,0 1,5 3,2 14,0 14:34 SSW 08 14,5 18,6 13:18 12,5 03:59 3,8 0,0 0,0 11,0 37,0 14:21 W 09 15,2 18,1 13:34 12,9 04:55 3,1 0,0 0,0 12,9 41,0 17:43 WNW 10 14,3 16,7 12:44 12,9 20:05 4,0 0,0 11,0 16,0 40,0 02:42 WNW 11 13,1 15,7 13:29 11,3 23:09 5,2 0,0 1,5 10,0 41,0 00:11 W 12 12,5 15,9 12:46 10,8 01:57 5,8 0,0 0,0 9,3 26,0 10:21 SW 13 14,7 17,5 12:45 12,2 00:39 3,6 0,0 0,0 13,6 35,0 22:09 SSW 14 15,1 16,6 13:15 13,3 23:28 3,2 0,0 0,0 12,6 45,0 05:43 S 15 12,0 13,7 00:57 10,7 16:54 6,2 0,0 112,0 19,7 50,0 18:05 NW 16 12,3 14,0 23:25 10,4 07:28 5,9 0,0 0,0 11,7 47,0 02:10 WNW 17 14,3 17,6 11:21 11,3 23:40 4,0 0,0 7,5 19,5 50,0 11:11 WSW 18 11,6 13,6 12:06 10,2 01:20 6,6 0,0 5,0 14,7 47,0 06:05 WNW 19 11,2 14,0 12:53 9,4 07:09 7,1 0,0 0,0 6,2 18,0 03:46 SW 20 12,8 16,7 12:24 9,8 00:48 5,5 0,0 0,0 7,5 23,0 08:36 S 21 12,8 16,2 13:24 11,0 23:35 5,5 0,0 0,0 5,7 29,0 14:19 W 22 12,4 15,9 13:52 10,2 04:43 5,8 0,0 0,0 5,3 20,0 11:50 SSW 23 13,4 17,1 13:35 11,2 06:19 4,8 0,0 0,0 3,8 18,0 23:53 SSE 24 14,9 18,8 13:28 12,6 00:55 3,5 0,0 0,0 10,2 40,0 15:28 SSW 25 13,2 15,2 13:01 11,0 23:45 5,0 0,0 4,5 6,9 29,0 08:44 NNE 26 11,1 12,7 13:10 9,8 23:57 7,2 0,0 0,0 8,8 31,0 03:48 NNE 27 11,0 14,0 13:56 9,2 07:36 7,3 0,0 0,0 2,3 13,0 14:05 WNW 28 10,9 13,8 13:24 8,8 06:47 7,3 0,0 0,0 2,9 10,0 13:29 S 29 11,4 15,3 14:17 9,2 05:00 6,9 0,0 0,0 2,6 10,0 12:02 WSW 30 12,5 15,2 12:07 10,9 07:49 5,8 0,0 2,0 4,3 31,0 23:44 W 31 11,7 13,8 13:42 8,9 20:35 6,6 0,0 6,5 13,6 36,0 18:45 NNW ---------------------------------------------------------------------------------- 13,2 18,8 24 8,8 28 156,2 0,0 166,0 8,6 50,0 15 W Max >= 20,0 0 Max <= 19,9 31 Min <= 10,0 7 Min <= 4,0 0 Max Rain: 112,0 on day 15 Days of Rain: 12 (>= 0,5 mm) 5 (>= 6,0 mm) 1 (>= 20,0 mm) Heat Base: 18,3 Cool Base: 18,3 Method: Integration