Selezionare Mese o Anno per visualizzare Report
2024: Gen Feb Mar Apr Mag Giu Lug Ago Set Ott Nov Dic
2023: Gen Feb Mar Apr Mag Giu Lug Ago Set Ott Nov Dic
2022: Gen Feb Mar Apr Mag Giu Lug Ago Set Ott Nov Dic
2021: Gen Feb Mar Apr Mag Giu Lug Ago Set Ott Nov Dic
2020: Gen Feb Mar Apr Mag Giu Lug Ago Set Ott Nov Dic
2019: Gen Feb Mar Apr Mag Giu Lug Ago Set Ott Nov Dic
2018: Gen Feb Mar Apr Mag Giu Lug Ago Set Ott Nov Dic
2017: Gen Feb Mar Apr Mag Giu Lug Ago Set Ott Nov Dic
2016: Gen Feb Mar Apr Mag Giu Lug Ago Set Ott Nov Dic
2015: Gen Feb Mar Apr Mag Giu Lug Ago Set Ott Nov Dic
2014: Gen Feb Mar Apr Mag Giu Lug Ago Set Ott Nov Dic
2013: Gen Feb Mar Apr Mag Giu Lug Ago Set Ott Nov Dic
2012: Gen Feb Mar Apr Mag Giu Lug Ago Set Ott Nov Dic
2024: Gen Feb Mar Apr Mag Giu Lug Ago Set Ott Nov Dic
2023: Gen Feb Mar Apr Mag Giu Lug Ago Set Ott Nov Dic
2022: Gen Feb Mar Apr Mag Giu Lug Ago Set Ott Nov Dic
2021: Gen Feb Mar Apr Mag Giu Lug Ago Set Ott Nov Dic
2020: Gen Feb Mar Apr Mag Giu Lug Ago Set Ott Nov Dic
2019: Gen Feb Mar Apr Mag Giu Lug Ago Set Ott Nov Dic
2018: Gen Feb Mar Apr Mag Giu Lug Ago Set Ott Nov Dic
2017: Gen Feb Mar Apr Mag Giu Lug Ago Set Ott Nov Dic
2016: Gen Feb Mar Apr Mag Giu Lug Ago Set Ott Nov Dic
2015: Gen Feb Mar Apr Mag Giu Lug Ago Set Ott Nov Dic
2014: Gen Feb Mar Apr Mag Giu Lug Ago Set Ott Nov Dic
2013: Gen Feb Mar Apr Mag Giu Lug Ago Set Ott Nov Dic
2012: Gen Feb Mar Apr Mag Giu Lug Ago Set Ott Nov Dic
Report per 2019 Marzo
Monthly Climatological Summary for mar 2019 Name: Meteo Bagheria Centro City: Bagheria State: Italia Elevation: 88 m Lat: N 38 04 37 Lon: E 013 30 15 Temperature (°C), Rain (mm), Wind Speed (km/h) Heat Cool Avg Mean Deg Deg Wind Dom Day Temp High Time Low Time Days Days Rain Speed High Time Dir ---------------------------------------------------------------------------------- 01 13,4 18,6 13:04 9,4 06:53 4,9 0,0 0,0 6,8 23,0 15:42 SSW 02 13,1 14,9 13:33 11,4 23:43 5,2 0,0 0,0 13,7 33,0 09:56 NW 03 12,6 15,3 11:06 10,9 03:53 5,7 0,0 0,0 7,8 21,0 04:20 SSW 04 13,0 17,1 14:53 10,1 06:07 5,2 0,0 0,0 5,8 24,0 23:30 SSE 05 16,4 22,1 12:20 13,1 23:35 2,6 0,7 0,0 9,6 24,0 07:21 SSW 06 15,3 19,4 13:42 12,5 07:13 3,0 0,0 0,0 7,7 42,0 23:39 SSE 07 19,5 25,1 14:46 16,3 03:25 0,6 1,8 0,0 28,2 70,0 10:05 SSW 08 17,2 21,3 13:28 13,9 23:42 1,5 0,4 0,0 8,4 32,0 03:19 S 09 14,0 16,1 11:43 11,7 06:31 4,3 0,0 0,0 5,4 22,0 13:11 NNW 10 14,2 17,9 13:40 11,9 06:31 4,1 0,0 0,0 5,6 18,0 12:06 E 11 15,7 19,6 14:50 12,9 03:13 2,7 0,1 0,0 7,6 47,0 23:46 NNW 12 11,7 14,0 00:00 9,0 06:34 6,6 0,0 1,0 40,7 82,0 06:10 NNW 13 12,6 16,0 13:55 10,9 06:34 5,7 0,0 0,0 11,1 41,0 01:41 NNW 14 12,4 14,5 14:57 10,1 05:06 5,8 0,0 6,0 16,5 56,0 13:45 WNW 15 13,6 16,5 14:46 11,4 03:32 4,7 0,0 0,0 11,0 32,0 13:20 NW 16 14,0 18,0 13:34 11,1 06:07 4,3 0,0 0,0 5,0 15,0 13:50 ESE 17 13,6 16,8 13:43 11,3 06:32 4,7 0,0 0,0 5,5 17,0 13:49 E 18 14,5 19,9 14:20 11,4 01:01 3,8 0,1 0,0 5,2 19,0 14:39 NE 19 13,6 15,4 13:19 12,4 04:11 4,7 0,0 0,0 6,6 26,0 11:29 NNW 20 12,8 13,6 21:27 11,6 07:35 5,5 0,0 22,0 3,6 15,0 06:31 E 21 14,6 17,5 16:43 12,6 06:24 3,7 0,0 1,5 4,6 31,0 23:20 ESE 22 13,8 15,8 12:25 11,9 02:20 4,5 0,0 3,5 5,1 23,0 01:17 W 23 14,8 18,8 14:58 12,3 05:54 3,6 0,0 0,0 4,4 16,0 12:18 WNW 24 14,6 18,2 11:36 12,0 05:33 3,9 0,0 0,0 4,9 15,0 13:58 WNW 25 14,5 18,3 12:08 11,8 06:09 3,8 0,0 0,0 5,2 17,0 12:38 ESE 26 15,5 20,6 13:29 12,6 05:23 3,1 0,3 0,0 13,0 31,0 16:06 SW 27 12,6 16,2 13:48 10,7 20:38 5,7 0,0 23,5 9,3 22,0 12:49 SW 28 11,8 13,3 12:37 10,2 01:18 6,5 0,0 11,0 9,1 24,0 19:04 NNE 29 13,3 16,2 13:44 11,3 03:33 5,0 0,0 0,5 8,2 22,0 10:10 NNW ---------------------------------------------------------------------------------- 14,1 25,1 7 9,0 12 125,4 3,4 69,0 9,5 82,0 12 WNW Max >= 20,0 4 Max <= 19,9 25 Min <= 10,0 2 Min <= 4,0 0 Max Rain: 23,5 on day 27 Days of Rain: 8 (>= 0,5 mm) 4 (>= 6,0 mm) 2 (>= 20,0 mm) Heat Base: 18,3 Cool Base: 18,3 Method: Integration