Selezionare Mese o Anno per visualizzare Report
2024: Gen Feb Mar Apr Mag Giu Lug Ago Set Ott Nov Dic
2023: Gen Feb Mar Apr Mag Giu Lug Ago Set Ott Nov Dic
2022: Gen Feb Mar Apr Mag Giu Lug Ago Set Ott Nov Dic
2021: Gen Feb Mar Apr Mag Giu Lug Ago Set Ott Nov Dic
2020: Gen Feb Mar Apr Mag Giu Lug Ago Set Ott Nov Dic
2019: Gen Feb Mar Apr Mag Giu Lug Ago Set Ott Nov Dic
2018: Gen Feb Mar Apr Mag Giu Lug Ago Set Ott Nov Dic
2017: Gen Feb Mar Apr Mag Giu Lug Ago Set Ott Nov Dic
2016: Gen Feb Mar Apr Mag Giu Lug Ago Set Ott Nov Dic
2015: Gen Feb Mar Apr Mag Giu Lug Ago Set Ott Nov Dic
2014: Gen Feb Mar Apr Mag Giu Lug Ago Set Ott Nov Dic
2013: Gen Feb Mar Apr Mag Giu Lug Ago Set Ott Nov Dic
2012: Gen Feb Mar Apr Mag Giu Lug Ago Set Ott Nov Dic
2024: Gen Feb Mar Apr Mag Giu Lug Ago Set Ott Nov Dic
2023: Gen Feb Mar Apr Mag Giu Lug Ago Set Ott Nov Dic
2022: Gen Feb Mar Apr Mag Giu Lug Ago Set Ott Nov Dic
2021: Gen Feb Mar Apr Mag Giu Lug Ago Set Ott Nov Dic
2020: Gen Feb Mar Apr Mag Giu Lug Ago Set Ott Nov Dic
2019: Gen Feb Mar Apr Mag Giu Lug Ago Set Ott Nov Dic
2018: Gen Feb Mar Apr Mag Giu Lug Ago Set Ott Nov Dic
2017: Gen Feb Mar Apr Mag Giu Lug Ago Set Ott Nov Dic
2016: Gen Feb Mar Apr Mag Giu Lug Ago Set Ott Nov Dic
2015: Gen Feb Mar Apr Mag Giu Lug Ago Set Ott Nov Dic
2014: Gen Feb Mar Apr Mag Giu Lug Ago Set Ott Nov Dic
2013: Gen Feb Mar Apr Mag Giu Lug Ago Set Ott Nov Dic
2012: Gen Feb Mar Apr Mag Giu Lug Ago Set Ott Nov Dic
Report per 2019 Aprile
Monthly Climatological Summary for apr 2019 Name: Meteo Bagheria Centro City: Bagheria State: Italia Elevation: 88 m Lat: N 38 04 37 Lon: E 013 30 15 Temperature (°C), Rain (mm), Wind Speed (km/h) Heat Cool Avg Mean Deg Deg Wind Dom Day Temp High Time Low Time Days Days Rain Speed High Time Dir ---------------------------------------------------------------------------------- 01 13,7 17,2 12:19 11,3 06:08 4,5 0,0 0,0 4,1 16,0 12:51 NNW 02 14,1 15,6 14:20 12,9 06:06 4,2 0,0 0,0 5,7 17,0 08:16 SE 03 14,4 17,9 11:12 11,9 05:36 3,9 0,0 4,0 10,7 38,0 22:10 S 04 15,3 18,3 14:44 12,7 08:39 3,0 0,0 9,5 22,3 70,0 06:43 S 05 13,0 15,5 00:15 11,4 19:38 5,3 0,0 4,5 5,5 21,0 05:45 NNW 06 13,7 17,3 14:23 11,4 06:23 4,6 0,0 0,0 4,5 16,0 11:55 E 07 13,9 16,1 14:24 12,7 22:47 4,4 0,0 0,0 7,6 22,0 13:47 WNW 08 13,1 15,6 13:47 10,8 06:15 5,2 0,0 0,0 12,1 33,0 14:55 WNW 09 14,7 17,8 15:11 11,7 06:54 3,6 0,0 0,0 7,4 23,0 17:11 WNW 10 15,2 19,7 13:31 12,9 06:06 3,1 0,1 0,5 11,2 36,0 10:43 WSW 11 14,3 18,3 13:41 12,5 05:15 4,0 0,0 6,0 10,8 27,0 10:11 SW 12 13,5 16,2 10:29 12,2 05:34 4,8 0,0 11,5 8,2 23,0 04:28 SSW 13 13,5 16,4 12:25 11,2 06:06 4,8 0,0 0,5 10,3 34,0 15:01 WNW 14 14,5 17,6 16:06 11,7 03:27 3,8 0,0 1,5 9,9 43,0 23:57 W 15 13,2 15,5 00:00 9,8 07:51 5,1 0,0 16,0 16,0 51,0 00:51 WNW 16 14,4 18,0 12:38 11,2 06:14 3,9 0,0 0,0 5,4 13,0 12:49 SE 17 15,6 19,1 14:18 13,5 06:58 2,7 0,1 0,0 5,5 17,0 12:56 ENE 18 15,5 18,6 14:26 12,6 03:59 2,8 0,0 0,0 6,4 19,0 13:35 ESE 19 16,7 20,4 12:34 13,7 05:52 1,9 0,3 0,0 5,9 21,0 13:33 ESE 20 16,4 19,4 13:57 14,0 06:27 1,9 0,1 0,0 7,7 24,0 22:50 SE 21 18,3 22,3 15:17 15,8 01:18 0,8 0,8 0,0 15,0 55,0 15:33 S 22 19,5 23,3 14:30 17,8 08:22 0,0 1,3 0,0 43,6 105,0 08:28 S 23 20,5 27,2 16:06 16,9 04:35 0,3 2,6 0,0 20,0 59,0 01:23 SSW 24 21,2 26,2 14:07 17,5 06:47 0,0 2,9 0,0 8,5 24,0 02:35 ESE 25 20,7 25,0 15:37 16,7 05:57 0,2 2,6 0,0 5,7 17,0 12:55 E 26 20,0 23,9 12:14 17,3 23:40 0,1 1,8 0,0 6,8 27,0 12:40 NNE 27 17,1 18,9 13:51 15,7 22:40 1,2 0,0 0,0 12,4 37,0 16:58 NNW 28 17,0 20,2 15:49 14,1 06:27 1,6 0,2 0,0 9,1 35,0 16:48 NNW 29 16,9 20,9 15:10 13,5 05:59 1,9 0,5 0,0 12,5 51,0 16:42 W 30 15,4 18,2 10:21 13,1 06:14 2,9 0,0 0,0 8,3 30,0 12:18 NW ---------------------------------------------------------------------------------- 15,8 27,2 23 9,8 15 86,5 13,3 54,0 10,7 105,0 22 SW Max >= 20,0 9 Max <= 19,9 21 Min <= 10,0 1 Min <= 4,0 0 Max Rain: 16,0 on day 15 Days of Rain: 9 (>= 0,5 mm) 4 (>= 6,0 mm) 0 (>= 20,0 mm) Heat Base: 18,3 Cool Base: 18,3 Method: Integration