Selezionare Mese o Anno per visualizzare Report
2024: Gen Feb Mar Apr Mag Giu Lug Ago Set Ott Nov Dic
2023: Gen Feb Mar Apr Mag Giu Lug Ago Set Ott Nov Dic
2022: Gen Feb Mar Apr Mag Giu Lug Ago Set Ott Nov Dic
2021: Gen Feb Mar Apr Mag Giu Lug Ago Set Ott Nov Dic
2020: Gen Feb Mar Apr Mag Giu Lug Ago Set Ott Nov Dic
2019: Gen Feb Mar Apr Mag Giu Lug Ago Set Ott Nov Dic
2018: Gen Feb Mar Apr Mag Giu Lug Ago Set Ott Nov Dic
2017: Gen Feb Mar Apr Mag Giu Lug Ago Set Ott Nov Dic
2016: Gen Feb Mar Apr Mag Giu Lug Ago Set Ott Nov Dic
2015: Gen Feb Mar Apr Mag Giu Lug Ago Set Ott Nov Dic
2014: Gen Feb Mar Apr Mag Giu Lug Ago Set Ott Nov Dic
2013: Gen Feb Mar Apr Mag Giu Lug Ago Set Ott Nov Dic
2012: Gen Feb Mar Apr Mag Giu Lug Ago Set Ott Nov Dic
2024: Gen Feb Mar Apr Mag Giu Lug Ago Set Ott Nov Dic
2023: Gen Feb Mar Apr Mag Giu Lug Ago Set Ott Nov Dic
2022: Gen Feb Mar Apr Mag Giu Lug Ago Set Ott Nov Dic
2021: Gen Feb Mar Apr Mag Giu Lug Ago Set Ott Nov Dic
2020: Gen Feb Mar Apr Mag Giu Lug Ago Set Ott Nov Dic
2019: Gen Feb Mar Apr Mag Giu Lug Ago Set Ott Nov Dic
2018: Gen Feb Mar Apr Mag Giu Lug Ago Set Ott Nov Dic
2017: Gen Feb Mar Apr Mag Giu Lug Ago Set Ott Nov Dic
2016: Gen Feb Mar Apr Mag Giu Lug Ago Set Ott Nov Dic
2015: Gen Feb Mar Apr Mag Giu Lug Ago Set Ott Nov Dic
2014: Gen Feb Mar Apr Mag Giu Lug Ago Set Ott Nov Dic
2013: Gen Feb Mar Apr Mag Giu Lug Ago Set Ott Nov Dic
2012: Gen Feb Mar Apr Mag Giu Lug Ago Set Ott Nov Dic
Report per 2019 Giugno
Monthly Climatological Summary for giu 2019 Name: Meteo Bagheria Centro City: Bagheria State: Italia Elevation: 88 m Lat: N 38 04 37 Lon: E 013 30 15 Temperature (°C), Rain (mm), Wind Speed (km/h) Heat Cool Avg Mean Deg Deg Wind Dom Day Temp High Time Low Time Days Days Rain Speed High Time Dir ---------------------------------------------------------------------------------- 01 17,9 20,5 12:37 15,3 06:23 0,9 0,5 0,0 7,0 22,0 14:59 NNW 02 18,9 23,1 14:20 15,9 03:09 0,7 1,3 0,0 7,4 26,0 15:47 NW 03 20,0 24,5 15:32 16,9 06:21 0,3 2,0 0,0 6,3 23,0 13:32 ENE 04 21,2 24,7 11:23 18,0 05:26 0,0 2,9 0,0 5,5 16,0 11:43 N 05 22,4 25,3 16:34 19,3 06:38 0,0 4,1 0,0 5,7 17,0 11:48 ESE 06 22,8 25,8 11:24 20,6 06:11 0,0 4,5 0,0 5,0 19,0 02:35 ESE 07 25,7 30,2 14:34 20,4 04:16 0,0 7,4 0,0 4,9 23,0 23:59 SE 08 28,2 30,2 08:46 25,6 06:18 0,0 10,2 0,0 7,9 24,0 16:58 SE 09 29,8 33,1 10:59 26,5 05:07 0,0 11,4 0,0 5,1 17,0 13:34 SE 10 28,5 33,7 09:45 26,1 22:56 0,0 10,2 0,0 6,0 21,0 10:22 E 11 25,9 29,9 14:06 21,8 05:21 0,0 7,6 0,0 8,1 27,0 23:46 SE 12 24,6 29,4 00:00 22,4 06:30 0,0 6,2 0,0 10,2 36,0 02:17 NW 13 23,8 26,5 13:18 21,1 03:04 0,0 5,5 0,0 7,3 19,0 12:56 E 14 25,8 31,1 14:29 22,0 03:16 0,0 7,5 0,0 6,7 23,0 23:56 ESE 15 25,4 29,0 10:56 22,5 21:25 0,0 7,1 0,0 6,9 22,0 01:29 NW 16 24,1 27,3 15:54 21,8 07:19 0,0 5,8 0,0 6,3 16,0 11:24 NE 17 24,8 27,4 13:15 22,2 06:23 0,0 6,5 0,0 6,0 17,0 18:04 E 18 24,6 27,3 13:21 22,5 06:59 0,0 6,3 0,0 5,9 19,0 14:30 NNW 19 24,5 27,3 13:46 22,1 03:57 0,0 6,2 0,0 6,3 21,0 15:55 E 20 24,7 27,4 17:22 21,5 05:54 0,0 6,4 0,0 7,1 22,0 14:43 ESE 21 26,4 31,2 14:58 23,1 04:09 0,0 8,1 0,0 5,6 17,0 16:09 ESE 22 28,7 33,5 17:05 24,1 07:31 0,0 10,4 0,0 8,8 26,0 07:52 ESE 23 26,4 34,7 10:49 24,1 05:12 0,0 8,2 0,0 8,4 26,0 11:05 NW 24 26,0 28,5 14:17 23,7 04:27 0,0 7,5 0,0 ---- 18,0 12:29 E 25 26,7 30,3 10:54 23,4 04:37 0,0 8,4 0,0 ---- 18,0 13:37 NNE 26 27,2 30,0 15:08 25,0 01:00 0,0 8,9 0,0 ---- 17,0 16:48 ENE 27 27,9 31,0 14:55 25,1 05:11 0,0 9,4 0,0 ---- 16,0 12:20 E 28 27,9 31,6 12:00 26,3 20:26 0,0 9,4 0,0 ---- 24,0 15:39 NW 29 27,8 31,1 15:57 25,1 04:32 0,0 9,5 0,0 ---- 18,0 13:34 N 30 27,2 30,3 17:05 24,5 05:06 0,0 8,9 0,0 ---- 22,0 12:40 NW ---------------------------------------------------------------------------------- 25,2 34,7 23 15,3 1 1,9 208,3 0,0 6,7 36,0 12 ENE Max >= 20,0 30 Max <= 19,9 0 Min <= 10,0 0 Min <= 4,0 0 Max Rain: 0,0 on day 0 Days of Rain: 0 (>= 0,5 mm) 0 (>= 6,0 mm) 0 (>= 20,0 mm) Heat Base: 18,3 Cool Base: 18,3 Method: Integration