Selezionare Mese o Anno per visualizzare Report
2024: Gen Feb Mar Apr Mag Giu Lug Ago Set Ott Nov Dic
2023: Gen Feb Mar Apr Mag Giu Lug Ago Set Ott Nov Dic
2022: Gen Feb Mar Apr Mag Giu Lug Ago Set Ott Nov Dic
2021: Gen Feb Mar Apr Mag Giu Lug Ago Set Ott Nov Dic
2020: Gen Feb Mar Apr Mag Giu Lug Ago Set Ott Nov Dic
2019: Gen Feb Mar Apr Mag Giu Lug Ago Set Ott Nov Dic
2018: Gen Feb Mar Apr Mag Giu Lug Ago Set Ott Nov Dic
2017: Gen Feb Mar Apr Mag Giu Lug Ago Set Ott Nov Dic
2016: Gen Feb Mar Apr Mag Giu Lug Ago Set Ott Nov Dic
2015: Gen Feb Mar Apr Mag Giu Lug Ago Set Ott Nov Dic
2014: Gen Feb Mar Apr Mag Giu Lug Ago Set Ott Nov Dic
2013: Gen Feb Mar Apr Mag Giu Lug Ago Set Ott Nov Dic
2012: Gen Feb Mar Apr Mag Giu Lug Ago Set Ott Nov Dic
2024: Gen Feb Mar Apr Mag Giu Lug Ago Set Ott Nov Dic
2023: Gen Feb Mar Apr Mag Giu Lug Ago Set Ott Nov Dic
2022: Gen Feb Mar Apr Mag Giu Lug Ago Set Ott Nov Dic
2021: Gen Feb Mar Apr Mag Giu Lug Ago Set Ott Nov Dic
2020: Gen Feb Mar Apr Mag Giu Lug Ago Set Ott Nov Dic
2019: Gen Feb Mar Apr Mag Giu Lug Ago Set Ott Nov Dic
2018: Gen Feb Mar Apr Mag Giu Lug Ago Set Ott Nov Dic
2017: Gen Feb Mar Apr Mag Giu Lug Ago Set Ott Nov Dic
2016: Gen Feb Mar Apr Mag Giu Lug Ago Set Ott Nov Dic
2015: Gen Feb Mar Apr Mag Giu Lug Ago Set Ott Nov Dic
2014: Gen Feb Mar Apr Mag Giu Lug Ago Set Ott Nov Dic
2013: Gen Feb Mar Apr Mag Giu Lug Ago Set Ott Nov Dic
2012: Gen Feb Mar Apr Mag Giu Lug Ago Set Ott Nov Dic
Report per 2019 Luglio
Monthly Climatological Summary for lug 2019 Name: Meteo Bagheria Centro City: Bagheria State: Italia Elevation: 88 m Lat: N 38 04 37 Lon: E 013 30 15 Temperature (°C), Rain (mm), Wind Speed (km/h) Heat Cool Avg Mean Deg Deg Wind Dom Day Temp High Time Low Time Days Days Rain Speed High Time Dir ---------------------------------------------------------------------------------- 01 27,5 30,3 12:47 25,0 06:27 0,0 9,2 0,0 6,4 19,0 13:43 E 02 27,7 31,0 11:59 25,1 05:19 0,0 9,3 0,0 6,2 24,0 15:28 E 03 27,8 30,9 15:11 25,0 05:39 0,0 9,4 0,0 6,7 18,0 15:49 E 04 28,2 31,0 13:48 25,5 05:07 0,0 9,9 0,0 6,2 17,0 13:26 E 06 28,8 32,3 14:14 25,9 05:18 0,0 16,4 0,0 6,4 18,0 12:14 E 07 29,0 33,9 11:44 25,9 05:24 0,0 10,7 0,0 6,5 28,0 13:58 NE 08 30,6 35,2 14:24 27,1 03:54 0,0 12,3 0,0 5,5 17,0 18:03 NNE 09 30,7 34,3 19:54 27,3 05:54 0,0 12,4 0,0 7,8 22,0 21:14 SE 10 31,4 34,9 10:39 26,8 23:50 0,0 13,1 0,0 13,9 38,0 14:23 W 11 27,1 29,5 16:46 25,3 06:46 0,0 8,7 0,0 8,9 26,0 13:47 NNW 12 27,0 30,2 13:49 24,7 06:41 0,0 8,7 0,0 7,0 23,0 17:25 NNW 13 28,6 31,7 14:20 25,3 05:28 0,0 10,3 0,0 7,2 28,0 14:31 N 14 27,7 29,2 13:06 26,2 23:09 0,0 9,4 0,0 7,3 21,0 13:36 N 15 26,8 30,8 12:05 24,3 05:18 0,0 8,5 13,0 9,8 28,0 16:33 NW 16 24,7 26,4 15:15 21,4 09:04 0,0 6,4 5,0 15,2 44,0 08:59 NW 17 25,3 27,5 11:29 23,3 05:51 0,0 7,0 0,0 11,9 26,0 12:05 NNW 18 25,7 29,7 13:21 22,7 05:14 0,0 7,4 0,0 7,0 22,0 16:48 NW 19 25,7 28,3 11:57 23,0 05:18 0,0 7,4 0,0 6,8 19,0 14:14 E 20 25,9 28,6 15:31 23,5 06:21 0,0 7,6 0,0 7,0 21,0 14:12 E 21 26,6 29,3 15:21 24,3 06:09 0,0 8,3 0,0 5,8 21,0 16:09 E 22 27,2 30,2 12:27 24,0 05:23 0,0 8,9 0,0 5,7 18,0 13:19 ESE 23 27,3 30,1 17:12 25,1 05:29 0,0 9,0 0,0 5,2 21,0 14:21 ENE 24 27,8 31,6 15:21 24,7 05:48 0,0 9,5 0,0 5,9 16,0 11:38 E 25 28,4 31,7 14:39 25,7 02:56 0,0 10,0 0,0 5,9 17,0 12:28 E 26 28,9 32,1 12:26 26,2 06:28 0,0 10,6 0,0 5,9 18,0 14:47 E 27 29,4 32,1 12:50 26,6 03:30 0,0 11,1 0,0 8,2 23,0 22:51 SE 28 29,0 32,2 13:27 26,0 23:59 0,0 10,6 0,0 15,5 37,0 14:47 W 29 25,9 27,8 16:33 24,1 06:19 0,0 7,6 0,0 11,8 32,0 15:26 NW 30 26,0 29,0 13:23 23,4 05:43 0,0 7,7 0,0 6,7 18,0 13:27 E 31 26,2 29,6 16:25 23,8 03:47 0,0 7,9 0,0 6,0 17,0 13:13 NE ---------------------------------------------------------------------------------- 27,6 35,2 8 21,4 16 0,0 285,3 18,0 7,9 44,0 16 NNE Max >= 20,0 30 Max <= 19,9 0 Min <= 10,0 0 Min <= 4,0 0 Max Rain: 13,0 on day 15 Days of Rain: 2 (>= 0,5 mm) 1 (>= 6,0 mm) 0 (>= 20,0 mm) Heat Base: 18,3 Cool Base: 18,3 Method: Integration