Selezionare Mese o Anno per visualizzare Report
2024: Gen Feb Mar Apr Mag Giu Lug Ago Set Ott Nov Dic
2023: Gen Feb Mar Apr Mag Giu Lug Ago Set Ott Nov Dic
2022: Gen Feb Mar Apr Mag Giu Lug Ago Set Ott Nov Dic
2021: Gen Feb Mar Apr Mag Giu Lug Ago Set Ott Nov Dic
2020: Gen Feb Mar Apr Mag Giu Lug Ago Set Ott Nov Dic
2019: Gen Feb Mar Apr Mag Giu Lug Ago Set Ott Nov Dic
2018: Gen Feb Mar Apr Mag Giu Lug Ago Set Ott Nov Dic
2017: Gen Feb Mar Apr Mag Giu Lug Ago Set Ott Nov Dic
2016: Gen Feb Mar Apr Mag Giu Lug Ago Set Ott Nov Dic
2015: Gen Feb Mar Apr Mag Giu Lug Ago Set Ott Nov Dic
2014: Gen Feb Mar Apr Mag Giu Lug Ago Set Ott Nov Dic
2013: Gen Feb Mar Apr Mag Giu Lug Ago Set Ott Nov Dic
2012: Gen Feb Mar Apr Mag Giu Lug Ago Set Ott Nov Dic
2024: Gen Feb Mar Apr Mag Giu Lug Ago Set Ott Nov Dic
2023: Gen Feb Mar Apr Mag Giu Lug Ago Set Ott Nov Dic
2022: Gen Feb Mar Apr Mag Giu Lug Ago Set Ott Nov Dic
2021: Gen Feb Mar Apr Mag Giu Lug Ago Set Ott Nov Dic
2020: Gen Feb Mar Apr Mag Giu Lug Ago Set Ott Nov Dic
2019: Gen Feb Mar Apr Mag Giu Lug Ago Set Ott Nov Dic
2018: Gen Feb Mar Apr Mag Giu Lug Ago Set Ott Nov Dic
2017: Gen Feb Mar Apr Mag Giu Lug Ago Set Ott Nov Dic
2016: Gen Feb Mar Apr Mag Giu Lug Ago Set Ott Nov Dic
2015: Gen Feb Mar Apr Mag Giu Lug Ago Set Ott Nov Dic
2014: Gen Feb Mar Apr Mag Giu Lug Ago Set Ott Nov Dic
2013: Gen Feb Mar Apr Mag Giu Lug Ago Set Ott Nov Dic
2012: Gen Feb Mar Apr Mag Giu Lug Ago Set Ott Nov Dic
Report per 2019 Agosto
Monthly Climatological Summary for ago 2019 Name: Meteo Bagheria Centro City: Bagheria State: Italia Elevation: 88 m Lat: N 38 04 37 Lon: E 013 30 15 Temperature (°C), Rain (mm), Wind Speed (km/h) Heat Cool Avg Mean Deg Deg Wind Dom Day Temp High Time Low Time Days Days Rain Speed High Time Dir ---------------------------------------------------------------------------------- 01 27,5 32,6 16:33 24,1 05:56 0,0 9,2 0,0 6,1 19,0 14:28 ESE 02 29,9 33,1 16:07 25,6 03:26 0,0 11,5 0,0 6,6 24,0 23:39 SE 03 29,6 32,6 10:11 26,1 23:16 0,0 11,3 0,0 11,9 32,0 14:55 NW 04 27,3 30,3 12:40 24,8 06:40 0,0 9,0 0,0 6,0 19,0 16:50 ENE 05 27,1 30,1 14:34 23,9 06:35 0,0 8,7 0,0 6,3 21,0 11:40 E 06 27,8 30,9 14:59 24,7 06:25 0,0 9,5 0,0 6,1 18,0 14:17 E 07 29,9 34,6 15:41 26,0 02:56 0,0 11,6 0,0 8,3 28,0 22:59 SE 08 30,3 33,3 11:05 27,4 23:37 0,0 12,0 0,0 7,3 24,0 01:21 NW 09 27,5 29,9 14:43 25,8 04:39 0,0 9,2 0,0 7,0 21,0 13:05 NNW 10 27,8 30,6 15:02 24,9 06:53 0,0 9,4 0,0 6,0 17,0 15:08 E 11 28,3 31,7 15:36 25,5 06:25 0,0 9,9 0,0 5,8 17,0 12:17 E 12 29,0 32,1 14:29 26,2 04:31 0,0 10,6 0,0 5,4 16,0 13:25 E 13 29,0 31,5 10:33 26,7 06:17 0,0 10,7 0,0 6,7 27,0 11:05 NW 14 27,0 29,8 11:34 25,0 22:26 0,0 8,7 0,0 12,8 37,0 15:04 NNW 15 25,9 28,1 15:37 24,5 02:36 0,0 7,6 0,0 11,5 32,0 16:48 NNW 16 26,6 29,6 14:38 23,3 06:45 0,0 8,3 0,0 6,7 19,0 14:11 E 17 26,1 28,2 16:19 24,3 06:55 0,0 7,8 0,0 7,2 24,0 15:48 NW 18 26,4 29,3 15:26 23,6 05:58 0,0 8,1 0,0 6,6 22,0 15:39 E 19 27,2 30,0 14:20 24,5 04:40 0,0 8,9 0,0 6,0 21,0 13:05 E 20 27,3 29,9 12:09 24,5 06:23 0,0 9,0 0,0 6,1 18,0 13:37 E 21 26,9 28,9 15:41 25,0 06:38 0,0 8,6 0,0 6,4 26,0 12:55 NNE 22 27,3 30,7 14:52 24,6 06:16 0,0 9,0 0,0 6,1 16,0 11:23 E 23 27,7 30,8 13:25 25,1 06:05 0,0 9,3 0,0 5,6 18,0 14:18 ESE 24 27,6 30,8 15:04 25,5 03:39 0,0 9,3 0,0 5,5 19,0 09:38 N 25 27,7 30,4 15:12 25,4 06:31 0,0 9,4 0,0 5,8 19,0 12:38 N 26 27,3 30,2 14:50 25,2 05:32 0,0 8,2 0,0 5,9 21,0 15:42 ESE 27 27,6 30,4 14:29 25,1 05:21 0,0 9,3 0,0 7,0 23,0 15:29 E 28 28,3 32,0 15:05 26,2 06:51 0,0 9,9 4,5 5,7 18,0 14:10 ESE 29 27,0 28,4 15:47 26,0 22:49 0,0 8,7 0,0 5,7 22,0 11:29 NNW 30 27,1 29,6 13:39 25,4 06:10 0,0 8,8 0,0 5,3 17,0 13:29 E 31 26,3 29,8 11:59 23,6 16:05 0,0 8,0 9,0 4,9 19,0 15:42 ESE ---------------------------------------------------------------------------------- 27,7 34,6 7 23,3 16 0,0 289,5 13,5 6,8 37,0 14 ENE Max >= 20,0 31 Max <= 19,9 0 Min <= 10,0 0 Min <= 4,0 0 Max Rain: 9,0 on day 31 Days of Rain: 2 (>= 0,5 mm) 1 (>= 6,0 mm) 0 (>= 20,0 mm) Heat Base: 18,3 Cool Base: 18,3 Method: Integration