Selezionare Mese o Anno per visualizzare Report
2024: Gen Feb Mar Apr Mag Giu Lug Ago Set Ott Nov Dic
2023: Gen Feb Mar Apr Mag Giu Lug Ago Set Ott Nov Dic
2022: Gen Feb Mar Apr Mag Giu Lug Ago Set Ott Nov Dic
2021: Gen Feb Mar Apr Mag Giu Lug Ago Set Ott Nov Dic
2020: Gen Feb Mar Apr Mag Giu Lug Ago Set Ott Nov Dic
2019: Gen Feb Mar Apr Mag Giu Lug Ago Set Ott Nov Dic
2018: Gen Feb Mar Apr Mag Giu Lug Ago Set Ott Nov Dic
2017: Gen Feb Mar Apr Mag Giu Lug Ago Set Ott Nov Dic
2016: Gen Feb Mar Apr Mag Giu Lug Ago Set Ott Nov Dic
2015: Gen Feb Mar Apr Mag Giu Lug Ago Set Ott Nov Dic
2014: Gen Feb Mar Apr Mag Giu Lug Ago Set Ott Nov Dic
2013: Gen Feb Mar Apr Mag Giu Lug Ago Set Ott Nov Dic
2012: Gen Feb Mar Apr Mag Giu Lug Ago Set Ott Nov Dic
2024: Gen Feb Mar Apr Mag Giu Lug Ago Set Ott Nov Dic
2023: Gen Feb Mar Apr Mag Giu Lug Ago Set Ott Nov Dic
2022: Gen Feb Mar Apr Mag Giu Lug Ago Set Ott Nov Dic
2021: Gen Feb Mar Apr Mag Giu Lug Ago Set Ott Nov Dic
2020: Gen Feb Mar Apr Mag Giu Lug Ago Set Ott Nov Dic
2019: Gen Feb Mar Apr Mag Giu Lug Ago Set Ott Nov Dic
2018: Gen Feb Mar Apr Mag Giu Lug Ago Set Ott Nov Dic
2017: Gen Feb Mar Apr Mag Giu Lug Ago Set Ott Nov Dic
2016: Gen Feb Mar Apr Mag Giu Lug Ago Set Ott Nov Dic
2015: Gen Feb Mar Apr Mag Giu Lug Ago Set Ott Nov Dic
2014: Gen Feb Mar Apr Mag Giu Lug Ago Set Ott Nov Dic
2013: Gen Feb Mar Apr Mag Giu Lug Ago Set Ott Nov Dic
2012: Gen Feb Mar Apr Mag Giu Lug Ago Set Ott Nov Dic
Report per 2020 Marzo
Monthly Climatological Summary for mar 2020 Name: Meteo Bagheria Centro City: Bagheria State: Italia Elevation: 88 m Lat: N 38 04 37 Lon: E 013 30 15 Temperature (°C), Rain (mm), Wind Speed (km/h) Heat Cool Avg Mean Deg Deg Wind Dom Day Temp High Time Low Time Days Days Rain Speed High Time Dir ---------------------------------------------------------------------------------- 01 19,4 25,4 14:08 15,3 00:22 0,9 2,0 0,0 18,8 50,0 00:13 SSW 02 18,3 22,0 11:20 15,5 05:46 0,8 0,8 0,0 17,1 47,0 23:04 SSW 03 15,3 17,3 13:47 11,8 23:57 3,0 0,0 1,5 16,1 45,0 14:22 W 04 12,9 15,0 12:49 11,6 02:57 5,4 0,0 2,5 15,2 44,0 12:50 NW 05 14,0 16,4 13:34 12,0 06:17 4,3 0,0 0,0 9,9 28,0 23:11 WNW 06 17,2 21,8 14:29 13,8 22:52 1,7 0,6 0,0 21,9 51,0 09:11 SW 07 13,5 15,5 10:52 11,1 23:30 4,8 0,0 3,0 14,0 48,0 05:17 WSW 08 12,2 15,1 14:39 10,1 00:59 6,1 0,0 5,0 9,0 27,0 09:31 W 09 13,5 16,6 14:07 11,1 02:17 4,8 0,0 3,5 12,9 37,0 14:52 WNW 10 13,1 16,1 13:58 11,3 04:42 5,2 0,0 7,5 5,5 22,0 15:48 NNW 11 13,9 17,3 13:24 11,2 06:16 4,4 0,0 0,0 5,7 25,0 13:57 NW 12 14,7 18,4 14:08 11,7 05:38 3,6 0,0 0,0 6,8 22,0 14:13 SE 13 15,7 19,3 13:33 12,5 05:42 2,7 0,1 0,0 5,0 17,0 14:19 ESE 14 16,3 21,0 12:06 13,8 04:44 2,3 0,3 0,0 5,4 25,0 13:51 NNW 15 16,0 19,0 14:06 14,3 23:20 2,3 0,0 0,0 8,7 25,0 10:24 NNW 16 15,7 18,4 13:15 13,7 02:32 2,6 0,0 0,0 7,8 27,0 13:59 ESE 17 15,9 18,3 12:17 14,2 02:18 2,4 0,0 0,0 9,9 27,0 04:17 SE 18 15,4 18,1 14:07 13,8 23:58 2,9 0,0 0,0 5,5 17,0 14:55 NE 19 15,0 17,8 13:38 12,5 06:17 3,3 0,0 0,0 7,2 22,0 14:55 ESE 20 15,3 18,3 11:45 12,6 05:46 3,0 0,0 0,0 10,4 27,0 12:39 SE 21 14,2 17,8 12:25 12,2 05:45 4,1 0,0 8,0 10,9 40,0 04:23 S 22 14,5 17,8 14:08 12,2 03:07 3,8 0,0 0,0 6,5 32,0 01:37 E 23 15,2 17,3 12:06 13,2 23:38 3,1 0,0 2,5 7,9 24,0 11:38 NNW 24 12,2 13,8 01:15 9,6 23:59 6,1 0,0 1,0 9,0 29,0 07:43 ENE 25 9,9 11,5 20:58 8,6 06:13 8,3 0,0 142,0 14,8 59,0 21:54 NNE 26 10,0 13,4 12:58 8,2 19:48 8,3 0,0 22,5 21,4 52,0 02:14 WNW 27 10,6 12,1 14:06 8,9 01:30 7,7 0,0 13,0 10,7 40,0 09:58 SSW 28 12,6 15,3 14:23 10,8 00:00 5,7 0,0 5,0 7,6 27,0 18:08 WSW 29 13,2 16,4 14:06 10,8 04:06 4,9 0,0 1,5 6,4 19,0 12:50 E 30 12,5 14,0 13:25 11,1 08:02 5,8 0,0 16,0 4,9 19,0 14:55 ESE 31 13,6 17,7 14:56 10,4 07:11 4,6 0,0 0,0 6,8 22,0 13:39 ESE ---------------------------------------------------------------------------------- 14,3 25,4 1 8,2 26 128,9 3,8 234,5 10,3 59,0 25 WSW Max >= 20,0 4 Max <= 19,9 27 Min <= 10,0 4 Min <= 4,0 0 Max Rain: 142,0 on day 25 Days of Rain: 15 (>= 0,5 mm) 6 (>= 6,0 mm) 2 (>= 20,0 mm) Heat Base: 18,3 Cool Base: 18,3 Method: Integration