Selezionare Mese o Anno per visualizzare Report
2024: Gen Feb Mar Apr Mag Giu Lug Ago Set Ott Nov Dic
2023: Gen Feb Mar Apr Mag Giu Lug Ago Set Ott Nov Dic
2022: Gen Feb Mar Apr Mag Giu Lug Ago Set Ott Nov Dic
2021: Gen Feb Mar Apr Mag Giu Lug Ago Set Ott Nov Dic
2020: Gen Feb Mar Apr Mag Giu Lug Ago Set Ott Nov Dic
2019: Gen Feb Mar Apr Mag Giu Lug Ago Set Ott Nov Dic
2018: Gen Feb Mar Apr Mag Giu Lug Ago Set Ott Nov Dic
2017: Gen Feb Mar Apr Mag Giu Lug Ago Set Ott Nov Dic
2016: Gen Feb Mar Apr Mag Giu Lug Ago Set Ott Nov Dic
2015: Gen Feb Mar Apr Mag Giu Lug Ago Set Ott Nov Dic
2014: Gen Feb Mar Apr Mag Giu Lug Ago Set Ott Nov Dic
2013: Gen Feb Mar Apr Mag Giu Lug Ago Set Ott Nov Dic
2012: Gen Feb Mar Apr Mag Giu Lug Ago Set Ott Nov Dic
2024: Gen Feb Mar Apr Mag Giu Lug Ago Set Ott Nov Dic
2023: Gen Feb Mar Apr Mag Giu Lug Ago Set Ott Nov Dic
2022: Gen Feb Mar Apr Mag Giu Lug Ago Set Ott Nov Dic
2021: Gen Feb Mar Apr Mag Giu Lug Ago Set Ott Nov Dic
2020: Gen Feb Mar Apr Mag Giu Lug Ago Set Ott Nov Dic
2019: Gen Feb Mar Apr Mag Giu Lug Ago Set Ott Nov Dic
2018: Gen Feb Mar Apr Mag Giu Lug Ago Set Ott Nov Dic
2017: Gen Feb Mar Apr Mag Giu Lug Ago Set Ott Nov Dic
2016: Gen Feb Mar Apr Mag Giu Lug Ago Set Ott Nov Dic
2015: Gen Feb Mar Apr Mag Giu Lug Ago Set Ott Nov Dic
2014: Gen Feb Mar Apr Mag Giu Lug Ago Set Ott Nov Dic
2013: Gen Feb Mar Apr Mag Giu Lug Ago Set Ott Nov Dic
2012: Gen Feb Mar Apr Mag Giu Lug Ago Set Ott Nov Dic
Report per 2020 Maggio
Monthly Climatological Summary for mag 2020 Name: Meteo Bagheria Centro City: Bagheria State: Italia Elevation: 88 m Lat: N 38 04 37 Lon: E 013 30 15 Temperature (°C), Rain (mm), Wind Speed (km/h) Heat Cool Avg Mean Deg Deg Wind Dom Day Temp High Time Low Time Days Days Rain Speed High Time Dir ---------------------------------------------------------------------------------- 01 20,6 23,7 16:09 17,6 00:08 0,1 2,4 0,0 18,1 53,0 14:51 WNW 02 22,4 26,7 13:21 18,0 06:44 0,0 4,1 0,0 18,2 48,0 18:17 W 03 21,3 24,5 12:21 19,1 05:30 0,0 3,0 0,0 19,0 51,0 12:29 NW 04 19,9 23,4 14:45 17,1 05:51 0,1 1,7 0,0 8,1 24,0 15:51 NE 05 20,1 23,5 15:24 17,0 06:11 0,2 2,0 0,0 8,3 24,0 13:01 E 06 21,8 27,1 11:40 17,8 05:09 0,0 3,5 0,0 9,9 31,0 17:48 NNE 07 19,8 22,1 16:06 18,4 01:37 0,0 1,5 0,0 9,3 26,0 00:08 N 08 19,6 23,3 14:04 16,8 04:49 0,3 1,5 0,0 9,7 31,0 16:05 NNW 09 19,9 23,0 13:24 16,9 06:20 0,2 1,8 0,0 10,1 29,0 14:14 ESE 10 21,7 24,8 15:30 18,9 03:45 0,0 3,4 0,0 10,2 46,0 23:52 E 11 21,4 23,7 00:39 19,1 02:55 0,0 3,1 0,0 14,6 42,0 00:30 NNW 12 22,1 26,0 13:09 19,8 01:27 0,0 3,8 0,0 11,0 24,0 04:40 ESE 13 25,4 33,0 15:54 19,3 05:12 0,0 7,1 0,0 28,4 126,0 09:59 SSW 14 30,1 36,7 16:31 21,5 00:08 0,0 11,7 0,0 30,0 105,0 08:21 SSW 15 24,0 28,3 00:40 22,3 07:06 0,0 5,7 0,0 9,1 50,0 00:55 S 16 27,9 36,7 15:51 20,4 03:01 0,0 9,6 0,0 16,9 64,0 13:44 SSE 17 24,1 27,4 17:41 21,7 05:56 0,0 5,8 0,0 10,7 29,0 15:02 ENE 18 23,2 28,2 11:27 19,9 23:35 0,0 4,9 0,0 13,2 44,0 20:19 NNW 19 20,9 23,3 12:07 19,0 07:07 0,0 2,6 0,0 11,5 35,0 13:36 ENE 20 20,9 23,3 11:21 19,1 05:46 0,0 2,6 0,0 20,3 53,0 13:58 WNW 21 20,4 22,7 15:38 18,7 04:58 0,0 2,1 0,0 14,5 48,0 14:11 NNW 22 21,7 25,5 11:53 18,8 04:52 0,0 3,4 0,0 9,5 28,0 12:53 ENE 23 22,2 26,7 11:47 18,5 05:19 0,0 3,9 0,0 8,2 24,0 13:40 ESE 24 22,8 27,2 15:32 20,3 04:28 0,0 4,5 0,0 8,0 29,0 11:17 N 25 22,9 25,7 11:37 20,9 05:50 0,0 4,6 0,0 8,7 28,0 17:44 E 26 22,3 25,3 14:46 20,0 06:40 0,0 3,9 0,0 9,7 31,0 12:55 N 27 20,8 22,4 12:25 19,7 21:35 0,0 2,5 0,0 12,7 38,0 13:26 N 28 20,3 23,3 15:21 18,6 03:56 0,0 2,0 0,0 9,3 31,0 15:31 NW 29 21,1 24,1 12:26 18,0 05:29 0,0 2,8 0,0 12,1 33,0 13:22 E 30 20,8 22,8 14:16 17,2 05:58 0,0 2,5 0,0 12,4 31,0 05:55 NNW 31 19,9 21,7 13:44 18,8 03:36 0,0 1,6 0,0 12,0 37,0 13:31 NNW ---------------------------------------------------------------------------------- 22,0 36,7 14 16,8 8 0,9 115,6 0,0 13,0 126,0 13 N Max >= 20,0 31 Max <= 19,9 0 Min <= 10,0 0 Min <= 4,0 0 Max Rain: 0,0 on day 0 Days of Rain: 0 (>= 0,5 mm) 0 (>= 6,0 mm) 0 (>= 20,0 mm) Heat Base: 18,3 Cool Base: 18,3 Method: Integration