Selezionare Mese o Anno per visualizzare Report
2024: Gen Feb Mar Apr Mag Giu Lug Ago Set Ott Nov Dic
2023: Gen Feb Mar Apr Mag Giu Lug Ago Set Ott Nov Dic
2022: Gen Feb Mar Apr Mag Giu Lug Ago Set Ott Nov Dic
2021: Gen Feb Mar Apr Mag Giu Lug Ago Set Ott Nov Dic
2020: Gen Feb Mar Apr Mag Giu Lug Ago Set Ott Nov Dic
2019: Gen Feb Mar Apr Mag Giu Lug Ago Set Ott Nov Dic
2018: Gen Feb Mar Apr Mag Giu Lug Ago Set Ott Nov Dic
2017: Gen Feb Mar Apr Mag Giu Lug Ago Set Ott Nov Dic
2016: Gen Feb Mar Apr Mag Giu Lug Ago Set Ott Nov Dic
2015: Gen Feb Mar Apr Mag Giu Lug Ago Set Ott Nov Dic
2014: Gen Feb Mar Apr Mag Giu Lug Ago Set Ott Nov Dic
2013: Gen Feb Mar Apr Mag Giu Lug Ago Set Ott Nov Dic
2012: Gen Feb Mar Apr Mag Giu Lug Ago Set Ott Nov Dic
2024: Gen Feb Mar Apr Mag Giu Lug Ago Set Ott Nov Dic
2023: Gen Feb Mar Apr Mag Giu Lug Ago Set Ott Nov Dic
2022: Gen Feb Mar Apr Mag Giu Lug Ago Set Ott Nov Dic
2021: Gen Feb Mar Apr Mag Giu Lug Ago Set Ott Nov Dic
2020: Gen Feb Mar Apr Mag Giu Lug Ago Set Ott Nov Dic
2019: Gen Feb Mar Apr Mag Giu Lug Ago Set Ott Nov Dic
2018: Gen Feb Mar Apr Mag Giu Lug Ago Set Ott Nov Dic
2017: Gen Feb Mar Apr Mag Giu Lug Ago Set Ott Nov Dic
2016: Gen Feb Mar Apr Mag Giu Lug Ago Set Ott Nov Dic
2015: Gen Feb Mar Apr Mag Giu Lug Ago Set Ott Nov Dic
2014: Gen Feb Mar Apr Mag Giu Lug Ago Set Ott Nov Dic
2013: Gen Feb Mar Apr Mag Giu Lug Ago Set Ott Nov Dic
2012: Gen Feb Mar Apr Mag Giu Lug Ago Set Ott Nov Dic
Report per 2020 Giugno
Monthly Climatological Summary for giu 2020 Name: Meteo Bagheria Centro City: Bagheria State: Italia Elevation: 88 m Lat: N 38 04 37 Lon: E 013 30 15 Temperature (°C), Rain (mm), Wind Speed (km/h) Heat Cool Avg Mean Deg Deg Wind Dom Day Temp High Time Low Time Days Days Rain Speed High Time Dir ---------------------------------------------------------------------------------- 01 20,5 23,9 15:09 17,7 04:48 0,0 2,2 0,0 10,1 31,0 17:19 NNW 02 21,6 24,7 13:40 18,7 05:52 0,0 3,3 0,0 9,0 29,0 15:58 E 03 22,2 25,1 14:17 19,8 05:48 0,0 3,9 0,0 10,5 31,0 11:59 E 04 25,3 30,9 15:21 19,5 05:59 0,0 7,0 0,0 22,0 70,0 22:09 S 05 21,5 25,1 00:00 18,8 12:08 0,0 3,2 25,5 18,0 83,0 00:42 W 06 21,6 24,2 17:30 19,5 04:55 0,0 3,3 0,0 20,1 48,0 10:20 NW 07 22,3 25,4 11:54 19,5 01:07 0,0 4,0 0,0 8,8 26,0 15:42 ESE 08 23,2 26,0 12:19 20,6 07:05 0,0 4,9 0,0 10,6 33,0 10:55 NNE 09 21,9 24,9 11:22 20,0 05:56 0,0 3,6 1,0 11,9 44,0 18:05 N 10 21,3 24,1 14:18 18,6 06:08 0,0 3,0 0,0 19,8 53,0 12:50 NW 11 21,5 24,4 12:55 18,5 05:36 0,0 3,2 0,0 9,6 26,0 12:34 ESE 12 22,4 25,5 17:13 19,3 04:45 0,0 4,1 0,0 10,0 29,0 12:45 E 13 24,2 29,6 15:32 20,9 06:24 0,0 5,9 0,0 9,1 29,0 17:11 NE 14 22,8 25,4 10:18 21,3 06:07 0,0 4,5 0,0 11,7 38,0 14:43 NNW 15 23,0 25,3 14:34 20,4 05:16 0,0 4,7 0,0 16,3 60,0 16:14 NW 16 23,4 25,7 16:30 21,2 06:08 0,0 5,1 0,0 17,9 53,0 11:56 NW 17 24,2 27,2 13:11 21,6 00:15 0,0 5,9 0,0 12,4 44,0 14:27 NNE 18 23,8 27,0 16:46 20,7 04:43 0,0 5,5 0,0 10,4 29,0 13:02 E 19 24,9 28,7 11:42 22,5 05:06 0,0 6,6 0,0 10,3 31,0 15:29 E 20 23,3 25,9 11:09 21,7 06:37 0,0 5,0 0,0 16,8 60,0 15:40 NNW 21 23,4 25,6 15:24 21,6 06:25 0,0 5,1 0,0 16,1 55,0 17:07 NNW 22 23,1 25,4 14:27 21,2 06:18 0,0 4,8 0,0 14,3 38,0 16:22 NNW 23 24,6 28,0 13:10 21,6 02:25 0,0 6,3 0,0 14,4 42,0 14:12 NNW 24 25,6 29,1 11:25 22,2 05:38 0,0 7,3 0,0 9,1 28,0 14:21 E 25 25,8 28,7 15:45 23,6 04:36 0,0 7,5 0,0 9,6 29,0 15:05 ENE 26 26,6 29,5 12:53 23,7 05:39 0,0 8,3 0,0 8,6 31,0 15:41 E 27 27,5 31,3 15:07 24,3 06:08 0,0 9,2 0,0 7,8 22,0 11:37 ENE 28 26,0 27,5 16:44 23,8 06:40 0,0 7,7 0,0 10,3 31,0 12:39 NNW 29 26,7 29,8 14:56 23,9 05:54 0,0 8,4 0,0 9,6 26,0 11:42 E ---------------------------------------------------------------------------------- 23,6 31,3 27 17,7 1 0,0 153,5 26,5 12,6 83,0 5 N Max >= 20,0 29 Max <= 19,9 0 Min <= 10,0 0 Min <= 4,0 0 Max Rain: 25,5 on day 5 Days of Rain: 2 (>= 0,5 mm) 1 (>= 6,0 mm) 1 (>= 20,0 mm) Heat Base: 18,3 Cool Base: 18,3 Method: Integration