Selezionare Mese o Anno per visualizzare Report
2024: Gen Feb Mar Apr Mag Giu Lug Ago Set Ott Nov Dic
2023: Gen Feb Mar Apr Mag Giu Lug Ago Set Ott Nov Dic
2022: Gen Feb Mar Apr Mag Giu Lug Ago Set Ott Nov Dic
2021: Gen Feb Mar Apr Mag Giu Lug Ago Set Ott Nov Dic
2020: Gen Feb Mar Apr Mag Giu Lug Ago Set Ott Nov Dic
2019: Gen Feb Mar Apr Mag Giu Lug Ago Set Ott Nov Dic
2018: Gen Feb Mar Apr Mag Giu Lug Ago Set Ott Nov Dic
2017: Gen Feb Mar Apr Mag Giu Lug Ago Set Ott Nov Dic
2016: Gen Feb Mar Apr Mag Giu Lug Ago Set Ott Nov Dic
2015: Gen Feb Mar Apr Mag Giu Lug Ago Set Ott Nov Dic
2014: Gen Feb Mar Apr Mag Giu Lug Ago Set Ott Nov Dic
2013: Gen Feb Mar Apr Mag Giu Lug Ago Set Ott Nov Dic
2012: Gen Feb Mar Apr Mag Giu Lug Ago Set Ott Nov Dic
2024: Gen Feb Mar Apr Mag Giu Lug Ago Set Ott Nov Dic
2023: Gen Feb Mar Apr Mag Giu Lug Ago Set Ott Nov Dic
2022: Gen Feb Mar Apr Mag Giu Lug Ago Set Ott Nov Dic
2021: Gen Feb Mar Apr Mag Giu Lug Ago Set Ott Nov Dic
2020: Gen Feb Mar Apr Mag Giu Lug Ago Set Ott Nov Dic
2019: Gen Feb Mar Apr Mag Giu Lug Ago Set Ott Nov Dic
2018: Gen Feb Mar Apr Mag Giu Lug Ago Set Ott Nov Dic
2017: Gen Feb Mar Apr Mag Giu Lug Ago Set Ott Nov Dic
2016: Gen Feb Mar Apr Mag Giu Lug Ago Set Ott Nov Dic
2015: Gen Feb Mar Apr Mag Giu Lug Ago Set Ott Nov Dic
2014: Gen Feb Mar Apr Mag Giu Lug Ago Set Ott Nov Dic
2013: Gen Feb Mar Apr Mag Giu Lug Ago Set Ott Nov Dic
2012: Gen Feb Mar Apr Mag Giu Lug Ago Set Ott Nov Dic
Report per 2020 Luglio
Monthly Climatological Summary for lug 2020 Name: Meteo Bagheria Centro City: Bagheria State: Italia Elevation: 88 m Lat: N 38 04 37 Lon: E 013 30 15 Temperature (°C), Rain (mm), Wind Speed (km/h) Heat Cool Avg Mean Deg Deg Wind Dom Day Temp High Time Low Time Days Days Rain Speed High Time Dir ---------------------------------------------------------------------------------- 01 27,7 30,9 11:45 24,6 06:07 0,0 9,3 0,0 10,5 26,0 13:11 ESE 02 27,3 31,1 10:43 24,9 06:18 0,0 9,0 0,0 11,0 41,0 14:15 NNE 03 26,3 28,5 10:58 24,5 07:22 0,0 8,0 0,0 10,1 31,0 14:44 NNW 04 25,9 28,0 11:52 24,1 23:02 0,0 7,6 0,0 14,5 42,0 17:12 NNW 05 25,3 28,1 15:35 23,4 03:11 0,0 7,0 0,0 20,0 51,0 18:07 NNW 06 26,1 29,1 14:32 23,3 05:31 0,0 7,8 0,0 15,0 44,0 17:26 NW 07 25,8 28,8 11:37 23,9 05:46 0,0 5,5 0,0 8,4 33,0 15:26 NE 08 26,9 30,1 13:41 24,5 03:46 0,0 8,6 0,0 9,2 29,0 14:26 E 09 26,7 29,8 15:18 24,9 06:24 0,0 8,4 0,0 9,0 26,0 11:40 NNE 10 27,4 30,5 14:02 25,1 07:08 0,0 9,1 0,0 8,6 29,0 16:02 NE 11 27,4 30,6 14:59 24,9 06:02 0,0 9,1 0,0 9,0 28,0 12:02 ENE 12 27,8 31,1 14:30 24,7 05:58 0,0 9,5 0,0 8,8 26,0 14:37 E 13 27,4 30,1 11:35 25,1 02:07 0,0 9,1 0,0 10,1 29,0 11:52 E 14 26,9 28,7 15:26 24,8 06:03 0,0 8,6 0,0 12,7 37,0 12:58 NW 15 25,4 29,1 10:47 21,3 18:19 0,0 7,1 20,0 9,4 35,0 16:35 WNW 16 26,1 29,5 13:45 22,8 05:19 0,0 7,8 0,0 8,6 26,0 11:28 N 17 25,9 29,4 11:31 23,7 04:34 0,0 7,6 0,0 12,3 41,0 12:53 NNW 18 25,7 27,9 12:39 24,2 04:38 0,0 7,4 0,0 13,9 42,0 10:54 NW 19 25,5 28,1 16:57 21,9 06:41 0,0 7,2 25,0 13,3 37,0 14:17 NW 20 26,1 28,6 17:42 23,6 05:55 0,0 7,8 0,0 10,6 37,0 14:53 NNW 21 26,8 30,0 14:49 24,0 06:08 0,0 8,5 0,0 9,5 28,0 12:25 N 22 27,0 29,9 15:07 24,6 04:33 0,0 8,7 0,0 9,8 28,0 12:58 NW 23 27,9 31,4 12:30 24,7 04:57 0,0 9,6 0,0 8,6 28,0 13:45 ESE 24 28,7 32,3 13:21 25,7 06:19 0,0 10,4 0,0 8,3 24,0 13:29 E 25 27,8 30,5 15:16 26,0 06:29 0,0 9,4 0,0 10,6 33,0 11:20 NNW 26 27,9 30,9 16:45 25,2 06:24 0,0 9,6 0,0 9,1 29,0 14:20 NNW 27 28,3 32,1 13:49 25,6 06:49 0,0 10,0 0,0 8,3 24,0 15:48 E 28 28,6 31,7 15:20 25,9 00:20 0,0 10,2 0,0 8,2 29,0 13:10 E 29 28,9 31,8 12:44 26,4 05:59 0,0 10,6 0,0 8,9 26,0 13:50 E 30 29,0 32,2 15:10 26,3 06:17 0,0 10,7 0,0 8,9 24,0 12:16 E 31 29,6 32,8 13:21 26,7 06:47 0,0 11,0 0,0 8,1 24,0 14:10 E ---------------------------------------------------------------------------------- 27,1 32,8 31 21,3 15 0,0 270,2 45,0 10,4 51,0 5 N Max >= 20,0 31 Max <= 19,9 0 Min <= 10,0 0 Min <= 4,0 0 Max Rain: 25,0 on day 19 Days of Rain: 2 (>= 0,5 mm) 2 (>= 6,0 mm) 2 (>= 20,0 mm) Heat Base: 18,3 Cool Base: 18,3 Method: Integration