Selezionare Mese o Anno per visualizzare Report
2024: Gen Feb Mar Apr Mag Giu Lug Ago Set Ott Nov Dic
2023: Gen Feb Mar Apr Mag Giu Lug Ago Set Ott Nov Dic
2022: Gen Feb Mar Apr Mag Giu Lug Ago Set Ott Nov Dic
2021: Gen Feb Mar Apr Mag Giu Lug Ago Set Ott Nov Dic
2020: Gen Feb Mar Apr Mag Giu Lug Ago Set Ott Nov Dic
2019: Gen Feb Mar Apr Mag Giu Lug Ago Set Ott Nov Dic
2018: Gen Feb Mar Apr Mag Giu Lug Ago Set Ott Nov Dic
2017: Gen Feb Mar Apr Mag Giu Lug Ago Set Ott Nov Dic
2016: Gen Feb Mar Apr Mag Giu Lug Ago Set Ott Nov Dic
2015: Gen Feb Mar Apr Mag Giu Lug Ago Set Ott Nov Dic
2014: Gen Feb Mar Apr Mag Giu Lug Ago Set Ott Nov Dic
2013: Gen Feb Mar Apr Mag Giu Lug Ago Set Ott Nov Dic
2012: Gen Feb Mar Apr Mag Giu Lug Ago Set Ott Nov Dic
2024: Gen Feb Mar Apr Mag Giu Lug Ago Set Ott Nov Dic
2023: Gen Feb Mar Apr Mag Giu Lug Ago Set Ott Nov Dic
2022: Gen Feb Mar Apr Mag Giu Lug Ago Set Ott Nov Dic
2021: Gen Feb Mar Apr Mag Giu Lug Ago Set Ott Nov Dic
2020: Gen Feb Mar Apr Mag Giu Lug Ago Set Ott Nov Dic
2019: Gen Feb Mar Apr Mag Giu Lug Ago Set Ott Nov Dic
2018: Gen Feb Mar Apr Mag Giu Lug Ago Set Ott Nov Dic
2017: Gen Feb Mar Apr Mag Giu Lug Ago Set Ott Nov Dic
2016: Gen Feb Mar Apr Mag Giu Lug Ago Set Ott Nov Dic
2015: Gen Feb Mar Apr Mag Giu Lug Ago Set Ott Nov Dic
2014: Gen Feb Mar Apr Mag Giu Lug Ago Set Ott Nov Dic
2013: Gen Feb Mar Apr Mag Giu Lug Ago Set Ott Nov Dic
2012: Gen Feb Mar Apr Mag Giu Lug Ago Set Ott Nov Dic
Report per 2020 Settembre
Monthly Climatological Summary for set 2020 Name: Meteo Bagheria Centro City: Bagheria State: Italia Elevation: 88 m Lat: N 38 04 37 Lon: E 013 30 15 Temperature (°C), Rain (mm), Wind Speed (km/h) Heat Cool Avg Mean Deg Deg Wind Dom Day Temp High Time Low Time Days Days Rain Speed High Time Dir ---------------------------------------------------------------------------------- 01 25,2 27,9 15:39 23,6 00:31 0,0 6,9 0,0 12,8 35,0 00:33 N 02 25,7 28,0 15:29 23,9 05:46 0,0 7,3 0,0 8,3 28,0 12:35 E 03 25,9 27,2 13:34 24,5 06:05 0,0 7,6 0,0 8,0 28,0 12:45 NE 04 26,4 29,1 13:58 24,8 04:31 0,0 8,1 0,0 10,7 28,0 10:45 ENE 05 26,1 29,1 15:07 23,7 06:44 0,0 7,8 0,0 9,5 33,0 16:41 ESE 06 26,1 28,4 15:34 24,6 06:22 0,0 7,8 6,5 8,1 26,0 15:37 ESE 07 26,1 29,2 12:51 24,4 06:59 0,0 7,8 25,5 7,8 28,0 15:16 ESE 08 26,5 29,5 15:42 24,0 06:56 0,0 8,2 0,0 7,8 24,0 12:32 E 09 27,5 30,9 14:51 25,2 06:36 0,0 9,2 0,0 7,3 26,0 15:54 E 10 26,9 30,0 14:27 24,6 07:06 0,0 8,6 0,0 7,5 24,0 14:08 ESE 11 24,8 27,9 11:25 21,4 15:05 0,0 6,5 15,5 10,1 48,0 13:33 S 12 23,8 27,5 13:24 22,2 05:53 0,0 5,5 4,0 7,3 18,0 10:42 WSW 13 24,4 26,8 12:35 23,0 04:50 0,0 6,1 1,5 6,5 24,0 10:12 SSW 14 25,2 27,6 13:57 23,4 06:52 0,0 6,9 0,0 4,9 35,0 13:08 ENE 15 26,1 29,9 14:13 23,8 05:17 0,0 7,8 0,0 5,5 18,0 14:45 ESE 16 25,8 28,7 14:24 24,2 06:53 0,0 7,5 0,0 8,3 143,0 19:10 NNW 17 25,9 28,1 13:19 24,3 05:47 0,0 7,6 0,0 18,8 53,0 14:22 NW 18 25,9 28,1 14:39 24,1 06:41 0,0 7,6 0,0 12,5 42,0 13:58 NW 19 25,6 28,4 15:17 23,4 06:23 0,0 7,3 7,5 8,5 29,0 13:15 NW 20 25,9 28,8 14:24 23,7 07:09 0,0 7,6 0,0 8,2 24,0 12:33 ESE 21 26,1 29,3 12:58 24,0 06:28 0,0 7,8 0,0 8,8 42,0 16:42 NNW 22 26,1 28,7 14:08 24,4 05:49 0,0 7,8 0,0 10,4 28,0 04:26 SSE 23 26,2 29,1 12:28 24,5 23:57 0,0 7,8 0,0 11,9 33,0 15:33 WNW 24 26,0 29,4 15:19 23,3 06:18 0,0 7,7 0,0 9,3 28,0 12:31 SE 25 28,0 32,5 15:18 23,7 23:52 0,0 9,7 0,0 25,2 57,0 19:38 WSW 26 21,5 23,7 00:00 18,0 07:55 0,0 3,2 2,0 25,6 60,0 07:47 W 27 20,9 24,8 12:45 18,7 06:26 0,0 2,6 8,0 20,4 63,0 12:41 SSW 28 20,8 24,6 14:13 18,1 06:34 0,0 2,5 0,0 17,7 44,0 13:33 SW 29 22,0 24,7 13:28 19,0 03:25 0,0 3,6 1,5 16,3 46,0 00:23 WNW 30 22,1 24,9 14:23 19,8 07:15 0,0 3,8 0,0 8,9 24,0 12:12 ESE ---------------------------------------------------------------------------------- 25,2 32,5 25 18,0 26 0,0 206,2 72,0 11,1 143,0 16 WSW Max >= 20,0 30 Max <= 19,9 0 Min <= 10,0 0 Min <= 4,0 0 Max Rain: 25,5 on day 7 Days of Rain: 9 (>= 0,5 mm) 5 (>= 6,0 mm) 1 (>= 20,0 mm) Heat Base: 18,3 Cool Base: 18,3 Method: Integration