Selezionare Mese o Anno per visualizzare Report
2024: Gen Feb Mar Apr Mag Giu Lug Ago Set Ott Nov Dic
2023: Gen Feb Mar Apr Mag Giu Lug Ago Set Ott Nov Dic
2022: Gen Feb Mar Apr Mag Giu Lug Ago Set Ott Nov Dic
2021: Gen Feb Mar Apr Mag Giu Lug Ago Set Ott Nov Dic
2020: Gen Feb Mar Apr Mag Giu Lug Ago Set Ott Nov Dic
2019: Gen Feb Mar Apr Mag Giu Lug Ago Set Ott Nov Dic
2018: Gen Feb Mar Apr Mag Giu Lug Ago Set Ott Nov Dic
2017: Gen Feb Mar Apr Mag Giu Lug Ago Set Ott Nov Dic
2016: Gen Feb Mar Apr Mag Giu Lug Ago Set Ott Nov Dic
2015: Gen Feb Mar Apr Mag Giu Lug Ago Set Ott Nov Dic
2014: Gen Feb Mar Apr Mag Giu Lug Ago Set Ott Nov Dic
2013: Gen Feb Mar Apr Mag Giu Lug Ago Set Ott Nov Dic
2012: Gen Feb Mar Apr Mag Giu Lug Ago Set Ott Nov Dic
2024: Gen Feb Mar Apr Mag Giu Lug Ago Set Ott Nov Dic
2023: Gen Feb Mar Apr Mag Giu Lug Ago Set Ott Nov Dic
2022: Gen Feb Mar Apr Mag Giu Lug Ago Set Ott Nov Dic
2021: Gen Feb Mar Apr Mag Giu Lug Ago Set Ott Nov Dic
2020: Gen Feb Mar Apr Mag Giu Lug Ago Set Ott Nov Dic
2019: Gen Feb Mar Apr Mag Giu Lug Ago Set Ott Nov Dic
2018: Gen Feb Mar Apr Mag Giu Lug Ago Set Ott Nov Dic
2017: Gen Feb Mar Apr Mag Giu Lug Ago Set Ott Nov Dic
2016: Gen Feb Mar Apr Mag Giu Lug Ago Set Ott Nov Dic
2015: Gen Feb Mar Apr Mag Giu Lug Ago Set Ott Nov Dic
2014: Gen Feb Mar Apr Mag Giu Lug Ago Set Ott Nov Dic
2013: Gen Feb Mar Apr Mag Giu Lug Ago Set Ott Nov Dic
2012: Gen Feb Mar Apr Mag Giu Lug Ago Set Ott Nov Dic
Report per 2020 Novembre
Monthly Climatological Summary for nov 2020 Name: Meteo Bagheria Centro City: Bagheria State: Italia Elevation: 88 m Lat: N 38 04 37 Lon: E 013 30 15 Temperature (°C), Rain (mm), Wind Speed (km/h) Heat Cool Avg Mean Deg Deg Wind Dom Day Temp High Time Low Time Days Days Rain Speed High Time Dir ---------------------------------------------------------------------------------- 01 18,5 21,1 13:11 16,9 06:43 0,4 0,6 0,0 5,6 20,0 11:59 ESE 02 18,2 20,9 13:03 16,1 01:24 0,7 0,6 0,0 6,8 20,0 12:45 SE 03 18,1 20,8 13:27 16,5 05:27 0,7 0,5 0,0 6,8 20,0 14:30 SSE 04 17,7 20,2 13:35 15,7 06:39 1,0 0,4 0,0 6,9 22,0 10:25 ESE 05 18,5 20,8 13:10 16,1 06:46 0,5 0,7 0,0 5,7 24,0 13:28 ESE 06 18,7 21,2 13:56 17,2 06:30 0,2 0,6 0,0 4,8 17,0 14:20 ENE 07 18,2 20,6 13:37 16,4 06:12 0,7 0,5 0,0 5,7 20,0 13:45 ESE 08 17,9 20,1 12:27 16,1 06:28 0,8 0,4 0,0 5,7 28,0 13:39 WNW 09 17,7 20,6 14:14 16,0 06:34 0,9 0,4 0,0 4,8 20,0 12:44 NE 10 17,6 20,8 13:57 15,6 06:34 1,1 0,4 0,0 5,8 18,0 14:11 SSE 11 17,5 20,4 13:52 15,4 06:53 1,2 0,4 0,0 6,2 20,0 12:41 SSE 12 17,5 20,6 13:15 15,5 04:35 1,2 0,3 0,0 6,5 18,0 11:52 SSE 13 18,2 20,9 13:28 16,6 00:00 0,7 0,6 0,0 7,2 24,0 21:52 SE 14 19,0 22,4 12:45 16,6 05:26 0,4 1,1 0,0 11,8 38,0 23:13 S 15 19,2 22,0 13:24 17,6 06:49 0,1 1,0 0,0 10,5 35,0 00:00 S 16 19,6 22,9 12:33 18,0 03:48 0,0 1,3 2,5 10,3 38,0 23:59 SSW 17 17,9 19,8 10:55 16,1 23:48 0,6 0,2 25,5 10,6 57,0 01:16 W 18 17,5 20,2 13:45 15,7 05:54 1,0 0,3 0,0 3,8 17,0 14:30 ESE 19 17,7 20,0 12:40 16,3 23:22 0,9 0,2 0,0 7,1 28,0 12:42 WNW 20 16,8 19,8 11:45 14,8 22:54 1,6 0,1 0,0 13,9 37,0 15:07 WSW 21 15,5 18,2 14:00 13,4 06:16 2,8 0,0 5,0 8,2 28,0 14:43 SSE 22 15,6 17,6 14:34 14,2 01:07 2,7 0,0 16,0 9,8 37,0 06:39 ESE 23 16,2 18,8 13:08 14,4 04:28 2,1 0,0 0,0 5,0 18,0 15:26 SSE 24 15,9 17,2 15:16 15,2 21:59 2,4 0,0 83,5 4,3 20,0 21:12 WNW 25 15,9 17,9 12:47 14,8 07:09 2,4 0,0 0,0 5,2 15,0 13:00 SW 26 16,3 19,3 12:48 14,5 01:40 2,1 0,1 0,0 9,8 26,0 08:30 S 27 16,6 19,6 13:29 14,8 06:55 1,8 0,1 0,0 18,9 53,0 19:30 SSW 28 17,0 19,8 13:31 15,5 22:47 1,4 0,1 10,0 17,9 51,0 16:58 SSE 29 15,6 17,5 11:42 14,3 06:14 2,7 0,0 0,0 12,7 42,0 09:43 SSW 30 15,8 18,3 13:52 14,1 03:20 2,5 0,0 4,0 7,1 24,0 12:15 WNW ---------------------------------------------------------------------------------- 17,4 22,9 16 13,4 21 37,6 10,9 146,5 8,2 57,0 17 S Max >= 20,0 18 Max <= 19,9 12 Min <= 10,0 0 Min <= 4,0 0 Max Rain: 83,5 on day 24 Days of Rain: 7 (>= 0,5 mm) 4 (>= 6,0 mm) 2 (>= 20,0 mm) Heat Base: 18,3 Cool Base: 18,3 Method: Integration