Selezionare Mese o Anno per visualizzare Report
2024: Gen Feb Mar Apr Mag Giu Lug Ago Set Ott Nov Dic
2023: Gen Feb Mar Apr Mag Giu Lug Ago Set Ott Nov Dic
2022: Gen Feb Mar Apr Mag Giu Lug Ago Set Ott Nov Dic
2021: Gen Feb Mar Apr Mag Giu Lug Ago Set Ott Nov Dic
2020: Gen Feb Mar Apr Mag Giu Lug Ago Set Ott Nov Dic
2019: Gen Feb Mar Apr Mag Giu Lug Ago Set Ott Nov Dic
2018: Gen Feb Mar Apr Mag Giu Lug Ago Set Ott Nov Dic
2017: Gen Feb Mar Apr Mag Giu Lug Ago Set Ott Nov Dic
2016: Gen Feb Mar Apr Mag Giu Lug Ago Set Ott Nov Dic
2015: Gen Feb Mar Apr Mag Giu Lug Ago Set Ott Nov Dic
2014: Gen Feb Mar Apr Mag Giu Lug Ago Set Ott Nov Dic
2013: Gen Feb Mar Apr Mag Giu Lug Ago Set Ott Nov Dic
2012: Gen Feb Mar Apr Mag Giu Lug Ago Set Ott Nov Dic
2024: Gen Feb Mar Apr Mag Giu Lug Ago Set Ott Nov Dic
2023: Gen Feb Mar Apr Mag Giu Lug Ago Set Ott Nov Dic
2022: Gen Feb Mar Apr Mag Giu Lug Ago Set Ott Nov Dic
2021: Gen Feb Mar Apr Mag Giu Lug Ago Set Ott Nov Dic
2020: Gen Feb Mar Apr Mag Giu Lug Ago Set Ott Nov Dic
2019: Gen Feb Mar Apr Mag Giu Lug Ago Set Ott Nov Dic
2018: Gen Feb Mar Apr Mag Giu Lug Ago Set Ott Nov Dic
2017: Gen Feb Mar Apr Mag Giu Lug Ago Set Ott Nov Dic
2016: Gen Feb Mar Apr Mag Giu Lug Ago Set Ott Nov Dic
2015: Gen Feb Mar Apr Mag Giu Lug Ago Set Ott Nov Dic
2014: Gen Feb Mar Apr Mag Giu Lug Ago Set Ott Nov Dic
2013: Gen Feb Mar Apr Mag Giu Lug Ago Set Ott Nov Dic
2012: Gen Feb Mar Apr Mag Giu Lug Ago Set Ott Nov Dic
Report per 2020 Dicembre
Monthly Climatological Summary for dic 2020 Name: Meteo Bagheria Centro City: Bagheria State: Italia Elevation: 88 m Lat: N 38 04 37 Lon: E 013 30 15 Temperature (°C), Rain (mm), Wind Speed (km/h) Heat Cool Avg Mean Deg Deg Wind Dom Day Temp High Time Low Time Days Days Rain Speed High Time Dir ---------------------------------------------------------------------------------- 01 15,5 18,3 14:20 13,8 07:03 2,8 0,0 0,0 10,1 26,0 18:39 SW 02 16,2 18,2 12:17 14,6 05:59 2,1 0,0 0,5 15,4 48,0 12:25 S 03 13,2 16,1 01:59 11,2 09:20 5,1 0,0 15,0 10,0 35,0 04:50 W 04 13,7 17,2 13:35 11,1 03:43 4,6 0,0 2,0 14,8 42,0 20:34 S 05 17,5 20,7 13:06 14,7 03:26 1,2 0,4 0,0 21,0 72,0 14:13 SSE 06 14,2 19,0 02:09 11,4 21:40 4,1 0,0 38,5 16,2 53,0 03:30 SW 07 13,4 16,1 13:05 11,6 01:01 4,9 0,0 0,5 17,8 41,0 12:22 SSW 08 14,6 17,4 12:13 12,7 00:29 3,6 0,0 2,5 21,9 73,0 06:38 SSW 09 12,8 14,2 00:00 11,9 06:42 5,5 0,0 8,0 17,2 51,0 23:54 SW 10 12,2 15,1 12:48 11,0 04:45 6,0 0,0 0,5 19,5 46,0 02:36 SW 11 13,6 16,1 13:13 12,1 23:59 4,7 0,0 1,0 16,9 48,0 00:57 WSW 12 13,1 15,8 12:11 11,8 01:30 5,2 0,0 28,0 9,5 26,0 20:06 SW 13 12,9 14,1 16:56 11,8 07:53 5,4 0,0 4,5 15,0 48,0 14:42 WNW 14 13,9 16,2 14:14 12,2 23:59 4,4 0,0 0,0 15,0 51,0 06:55 NW 15 12,9 16,1 13:05 10,9 06:49 5,4 0,0 0,0 5,3 17,0 12:24 S 16 14,1 16,4 11:51 11,8 05:24 4,2 0,0 0,0 6,1 20,0 05:53 SSE 17 14,8 17,1 12:40 13,0 07:28 3,5 0,0 0,0 5,5 17,0 15:24 SE 18 14,5 16,7 14:19 13,5 06:43 3,8 0,0 0,0 4,3 17,0 15:36 SSE 19 14,2 15,9 12:20 12,8 06:29 4,1 0,0 0,0 6,7 18,0 14:56 SSE 20 14,1 14,6 13:27 13,3 23:44 4,2 0,0 3,5 2,9 20,0 00:50 SSE 21 14,6 17,2 13:37 12,8 03:23 3,7 0,0 0,5 5,4 22,0 01:07 S 22 14,2 16,7 13:13 12,6 06:57 4,1 0,0 0,0 4,6 15,0 06:42 SSW 23 14,1 16,4 12:32 12,8 06:42 4,2 0,0 0,0 5,7 20,0 13:15 SW 24 14,6 17,5 13:36 12,6 05:11 3,7 0,0 0,0 9,1 29,0 23:25 S 25 15,4 18,5 13:39 13,6 06:17 2,9 0,0 0,0 22,2 42,0 19:43 SSW 26 11,4 15,7 01:19 9,9 09:24 6,9 0,0 18,0 14,5 53,0 06:11 SW 27 9,7 11,9 12:29 8,7 06:41 8,6 0,0 11,5 15,1 38,0 12:43 SW 28 12,3 14,7 12:32 9,7 00:00 6,0 0,0 0,0 37,2 106,0 15:48 SSW 29 14,5 17,0 13:48 12,6 07:28 3,8 0,0 0,0 19,6 55,0 15:43 SSW 30 12,7 14,5 10:27 11,2 23:51 5,6 0,0 9,0 14,5 37,0 14:09 SW 31 11,8 14,1 14:08 10,4 06:08 6,5 0,0 0,0 12,6 41,0 10:50 WSW ---------------------------------------------------------------------------------- 13,8 20,7 5 8,7 27 140,8 0,4 143,5 13,3 106,0 28 SSW Max >= 20,0 1 Max <= 19,9 30 Min <= 10,0 3 Min <= 4,0 0 Max Rain: 38,5 on day 6 Days of Rain: 16 (>= 0,5 mm) 7 (>= 6,0 mm) 2 (>= 20,0 mm) Heat Base: 18,3 Cool Base: 18,3 Method: Integration