Selezionare Mese o Anno per visualizzare Report
2024: Gen Feb Mar Apr Mag Giu Lug Ago Set Ott Nov Dic
2023: Gen Feb Mar Apr Mag Giu Lug Ago Set Ott Nov Dic
2022: Gen Feb Mar Apr Mag Giu Lug Ago Set Ott Nov Dic
2021: Gen Feb Mar Apr Mag Giu Lug Ago Set Ott Nov Dic
2020: Gen Feb Mar Apr Mag Giu Lug Ago Set Ott Nov Dic
2019: Gen Feb Mar Apr Mag Giu Lug Ago Set Ott Nov Dic
2018: Gen Feb Mar Apr Mag Giu Lug Ago Set Ott Nov Dic
2017: Gen Feb Mar Apr Mag Giu Lug Ago Set Ott Nov Dic
2016: Gen Feb Mar Apr Mag Giu Lug Ago Set Ott Nov Dic
2015: Gen Feb Mar Apr Mag Giu Lug Ago Set Ott Nov Dic
2014: Gen Feb Mar Apr Mag Giu Lug Ago Set Ott Nov Dic
2013: Gen Feb Mar Apr Mag Giu Lug Ago Set Ott Nov Dic
2012: Gen Feb Mar Apr Mag Giu Lug Ago Set Ott Nov Dic
2024: Gen Feb Mar Apr Mag Giu Lug Ago Set Ott Nov Dic
2023: Gen Feb Mar Apr Mag Giu Lug Ago Set Ott Nov Dic
2022: Gen Feb Mar Apr Mag Giu Lug Ago Set Ott Nov Dic
2021: Gen Feb Mar Apr Mag Giu Lug Ago Set Ott Nov Dic
2020: Gen Feb Mar Apr Mag Giu Lug Ago Set Ott Nov Dic
2019: Gen Feb Mar Apr Mag Giu Lug Ago Set Ott Nov Dic
2018: Gen Feb Mar Apr Mag Giu Lug Ago Set Ott Nov Dic
2017: Gen Feb Mar Apr Mag Giu Lug Ago Set Ott Nov Dic
2016: Gen Feb Mar Apr Mag Giu Lug Ago Set Ott Nov Dic
2015: Gen Feb Mar Apr Mag Giu Lug Ago Set Ott Nov Dic
2014: Gen Feb Mar Apr Mag Giu Lug Ago Set Ott Nov Dic
2013: Gen Feb Mar Apr Mag Giu Lug Ago Set Ott Nov Dic
2012: Gen Feb Mar Apr Mag Giu Lug Ago Set Ott Nov Dic
Report per 2021 Febbraio
Monthly Climatological Summary for feb 2021 Name: Meteo Bagheria Centro City: Bagheria State: Italia Elevation: 88 m Lat: N 38 04 37 Lon: E 013 30 15 Temperature (°C), Rain (mm), Wind Speed (km/h) Heat Cool Avg Mean Deg Deg Wind Dom Day Temp High Time Low Time Days Days Rain Speed High Time Dir ---------------------------------------------------------------------------------- 01 14,9 18,4 14:08 13,0 02:24 3,4 0,0 2,0 13,9 42,0 23:30 WSW 02 14,4 16,8 12:07 12,7 23:39 3,9 0,0 1,5 13,1 46,0 12:16 WNW 03 13,7 16,6 14:09 11,4 07:16 4,6 0,0 0,0 6,3 20,0 12:35 ESE 04 16,1 19,2 14:26 13,0 07:28 2,2 0,0 0,0 9,2 33,0 21:13 SSE 05 19,8 23,9 13:12 16,9 01:10 0,2 1,7 0,0 21,2 60,0 13:22 SSW 06 21,4 26,1 14:21 18,6 03:33 0,0 3,1 0,0 27,6 59,0 05:54 SSW 07 20,0 25,0 12:35 14,1 23:35 0,6 2,3 7,0 21,6 73,0 03:50 SSW 08 15,3 17,8 13:36 13,8 07:03 3,0 0,0 1,5 18,3 50,0 22:46 WSW 09 15,3 18,1 14:40 12,8 11:22 3,0 0,0 9,5 21,1 57,0 02:38 SW 10 16,9 21,4 13:42 12,7 23:17 1,9 0,5 12,0 22,6 64,0 03:58 SSW 11 14,4 17,3 13:45 12,5 03:26 3,9 0,0 0,5 19,1 50,0 04:27 WNW 12 14,1 16,4 13:50 12,3 04:27 4,2 0,0 0,0 9,7 22,0 00:54 S 13 13,8 16,7 10:43 10,3 23:49 4,5 0,0 13,0 23,4 75,0 18:41 W 14 8,6 10,9 00:25 6,0 23:46 9,7 0,0 2,5 23,9 66,0 23:37 N 15 7,8 9,3 13:30 5,8 02:53 10,5 0,0 0,0 26,5 64,0 11:37 NNE 16 9,5 12,1 13:58 7,6 07:04 8,8 0,0 0,0 10,5 37,0 15:25 NW 17 10,5 13,7 14:08 8,1 06:37 7,8 0,0 0,0 6,9 20,0 11:10 SE 18 11,5 14,7 13:16 9,0 06:47 6,8 0,0 0,0 6,4 22,0 15:18 SE 19 12,6 15,7 14:13 10,0 06:57 5,7 0,0 0,0 8,0 24,0 13:40 SE 20 13,0 16,2 14:11 10,6 03:22 5,3 0,0 0,0 8,9 26,0 07:24 SE 21 13,6 16,5 14:15 10,8 05:47 4,7 0,0 0,0 8,2 44,0 22:30 SE 22 14,7 18,2 12:52 12,9 07:00 3,6 0,0 0,0 18,9 51,0 06:22 SSW 23 14,2 18,2 15:04 12,2 05:52 4,1 0,0 0,0 8,0 26,0 02:21 SW 24 13,8 17,9 13:51 11,7 06:17 4,5 0,0 0,0 5,3 18,0 13:16 ESE 25 13,5 16,2 12:20 11,5 05:53 4,8 0,0 0,0 6,2 28,0 13:37 ESE 26 13,3 15,9 13:59 11,0 07:08 5,0 0,0 0,0 6,0 22,0 14:34 E 27 13,6 15,8 14:42 12,0 04:19 4,7 0,0 0,0 7,1 24,0 14:50 E 28 13,9 16,1 14:06 12,7 04:24 4,4 0,0 0,0 9,2 33,0 23:17 SE ---------------------------------------------------------------------------------- 14,1 26,1 6 5,8 15 125,8 7,6 49,5 13,8 75,0 13 SSW Max >= 20,0 4 Max <= 19,9 24 Min <= 10,0 6 Min <= 4,0 0 Max Rain: 13,0 on day 13 Days of Rain: 9 (>= 0,5 mm) 4 (>= 6,0 mm) 0 (>= 20,0 mm) Heat Base: 18,3 Cool Base: 18,3 Method: Integration