Selezionare Mese o Anno per visualizzare Report
2024: Gen Feb Mar Apr Mag Giu Lug Ago Set Ott Nov Dic
2023: Gen Feb Mar Apr Mag Giu Lug Ago Set Ott Nov Dic
2022: Gen Feb Mar Apr Mag Giu Lug Ago Set Ott Nov Dic
2021: Gen Feb Mar Apr Mag Giu Lug Ago Set Ott Nov Dic
2020: Gen Feb Mar Apr Mag Giu Lug Ago Set Ott Nov Dic
2019: Gen Feb Mar Apr Mag Giu Lug Ago Set Ott Nov Dic
2018: Gen Feb Mar Apr Mag Giu Lug Ago Set Ott Nov Dic
2017: Gen Feb Mar Apr Mag Giu Lug Ago Set Ott Nov Dic
2016: Gen Feb Mar Apr Mag Giu Lug Ago Set Ott Nov Dic
2015: Gen Feb Mar Apr Mag Giu Lug Ago Set Ott Nov Dic
2014: Gen Feb Mar Apr Mag Giu Lug Ago Set Ott Nov Dic
2013: Gen Feb Mar Apr Mag Giu Lug Ago Set Ott Nov Dic
2012: Gen Feb Mar Apr Mag Giu Lug Ago Set Ott Nov Dic
2024: Gen Feb Mar Apr Mag Giu Lug Ago Set Ott Nov Dic
2023: Gen Feb Mar Apr Mag Giu Lug Ago Set Ott Nov Dic
2022: Gen Feb Mar Apr Mag Giu Lug Ago Set Ott Nov Dic
2021: Gen Feb Mar Apr Mag Giu Lug Ago Set Ott Nov Dic
2020: Gen Feb Mar Apr Mag Giu Lug Ago Set Ott Nov Dic
2019: Gen Feb Mar Apr Mag Giu Lug Ago Set Ott Nov Dic
2018: Gen Feb Mar Apr Mag Giu Lug Ago Set Ott Nov Dic
2017: Gen Feb Mar Apr Mag Giu Lug Ago Set Ott Nov Dic
2016: Gen Feb Mar Apr Mag Giu Lug Ago Set Ott Nov Dic
2015: Gen Feb Mar Apr Mag Giu Lug Ago Set Ott Nov Dic
2014: Gen Feb Mar Apr Mag Giu Lug Ago Set Ott Nov Dic
2013: Gen Feb Mar Apr Mag Giu Lug Ago Set Ott Nov Dic
2012: Gen Feb Mar Apr Mag Giu Lug Ago Set Ott Nov Dic
Report per 2021 Marzo
Monthly Climatological Summary for mar 2021 Name: Meteo Bagheria Centro City: Bagheria State: Italia Elevation: 88 m Lat: N 38 04 37 Lon: E 013 30 15 Temperature (°C), Rain (mm), Wind Speed (km/h) Heat Cool Avg Mean Deg Deg Wind Dom Day Temp High Time Low Time Days Days Rain Speed High Time Dir ---------------------------------------------------------------------------------- 01 14,0 16,7 13:27 12,2 05:31 4,3 0,0 0,0 8,9 29,0 00:00 SE 02 13,9 16,8 14:13 11,8 05:26 4,4 0,0 0,0 7,2 24,0 11:40 ESE 03 13,8 17,4 13:59 11,6 05:11 4,4 0,0 0,0 8,1 24,0 15:28 SE 04 13,5 16,0 10:56 11,5 07:03 4,8 0,0 0,0 7,4 22,0 11:22 SE 05 13,5 15,5 13:12 12,0 04:40 4,7 0,0 0,0 10,7 33,0 09:43 SSW 06 14,4 17,4 13:11 12,2 06:27 3,9 0,0 0,0 7,1 22,0 14:28 E 07 15,0 18,3 14:10 13,0 00:34 3,3 0,0 0,0 11,7 31,0 08:24 SSW 08 14,6 18,5 12:26 13,0 06:45 2,7 0,0 0,0 14,2 38,0 11:38 SSW 09 14,9 18,6 11:29 12,7 06:21 3,4 0,0 4,0 11,1 33,0 22:05 SSW 10 13,4 15,1 10:58 11,6 22:23 4,9 0,0 7,5 13,8 46,0 12:17 WNW 11 13,7 16,5 13:40 11,9 00:00 4,5 0,0 0,0 9,4 33,0 03:05 NNW 12 14,1 18,2 11:13 11,0 05:38 4,2 0,0 0,0 12,5 29,0 11:12 S 13 15,3 18,6 13:25 12,8 03:56 3,0 0,0 0,0 12,7 35,0 04:18 S 14 14,8 19,0 14:14 11,8 22:18 3,5 0,0 6,0 12,9 44,0 14:28 WNW 15 13,2 16,2 13:38 11,4 23:14 5,1 0,0 2,0 21,3 59,0 13:16 NW 16 12,2 15,6 14:49 9,5 10:10 6,1 0,0 22,5 14,1 79,0 23:30 WNW 17 12,6 15,5 13:40 9,7 00:00 5,7 0,0 0,0 13,3 33,0 10:10 NW 18 11,9 14,6 12:06 10,0 02:34 6,4 0,0 8,5 14,0 44,0 16:45 WNW 19 11,0 13,6 11:49 8,4 04:55 7,3 0,0 3,5 8,8 33,0 10:22 SSW 20 11,5 12,6 12:15 10,5 01:28 6,8 0,0 23,5 6,9 29,0 20:20 E 21 10,5 11,5 00:00 8,8 20:48 7,8 0,0 40,0 9,9 46,0 17:23 NNW 22 8,5 9,6 17:49 6,7 03:13 9,8 0,0 32,0 11,2 50,0 01:45 WNW 23 9,3 10,9 15:15 7,8 01:55 9,0 0,0 9,5 26,8 73,0 17:49 NNW 24 10,8 13,4 14:23 8,8 06:08 7,5 0,0 0,0 13,9 37,0 00:35 NNW 25 11,6 14,6 13:56 9,2 04:25 6,6 0,0 0,0 15,3 41,0 11:36 NW 26 12,8 16,9 13:56 9,5 06:12 5,5 0,0 0,0 7,7 28,0 14:40 ESE 27 13,6 17,2 14:32 10,2 06:12 4,7 0,0 0,0 7,6 26,0 12:18 ESE 28 15,1 18,0 11:50 12,7 05:58 3,1 0,0 0,0 8,6 24,0 03:08 ESE 29 14,7 18,1 15:24 12,1 05:53 3,6 0,0 0,0 6,5 24,0 14:44 E 30 14,3 17,9 15:23 11,6 07:26 4,0 0,0 0,0 6,3 24,0 14:16 NW 31 14,7 17,6 15:16 12,7 02:44 3,6 0,0 0,0 8,4 33,0 12:15 NW ---------------------------------------------------------------------------------- 13,1 19,0 14 6,7 22 158,6 0,0 159,0 11,2 79,0 16 WNW Max >= 20,0 0 Max <= 19,9 31 Min <= 10,0 10 Min <= 4,0 0 Max Rain: 40,0 on day 21 Days of Rain: 11 (>= 0,5 mm) 8 (>= 6,0 mm) 4 (>= 20,0 mm) Heat Base: 18,3 Cool Base: 18,3 Method: Integration