Selezionare Mese o Anno per visualizzare Report
2024: Gen Feb Mar Apr Mag Giu Lug Ago Set Ott Nov Dic
2023: Gen Feb Mar Apr Mag Giu Lug Ago Set Ott Nov Dic
2022: Gen Feb Mar Apr Mag Giu Lug Ago Set Ott Nov Dic
2021: Gen Feb Mar Apr Mag Giu Lug Ago Set Ott Nov Dic
2020: Gen Feb Mar Apr Mag Giu Lug Ago Set Ott Nov Dic
2019: Gen Feb Mar Apr Mag Giu Lug Ago Set Ott Nov Dic
2018: Gen Feb Mar Apr Mag Giu Lug Ago Set Ott Nov Dic
2017: Gen Feb Mar Apr Mag Giu Lug Ago Set Ott Nov Dic
2016: Gen Feb Mar Apr Mag Giu Lug Ago Set Ott Nov Dic
2015: Gen Feb Mar Apr Mag Giu Lug Ago Set Ott Nov Dic
2014: Gen Feb Mar Apr Mag Giu Lug Ago Set Ott Nov Dic
2013: Gen Feb Mar Apr Mag Giu Lug Ago Set Ott Nov Dic
2012: Gen Feb Mar Apr Mag Giu Lug Ago Set Ott Nov Dic
2024: Gen Feb Mar Apr Mag Giu Lug Ago Set Ott Nov Dic
2023: Gen Feb Mar Apr Mag Giu Lug Ago Set Ott Nov Dic
2022: Gen Feb Mar Apr Mag Giu Lug Ago Set Ott Nov Dic
2021: Gen Feb Mar Apr Mag Giu Lug Ago Set Ott Nov Dic
2020: Gen Feb Mar Apr Mag Giu Lug Ago Set Ott Nov Dic
2019: Gen Feb Mar Apr Mag Giu Lug Ago Set Ott Nov Dic
2018: Gen Feb Mar Apr Mag Giu Lug Ago Set Ott Nov Dic
2017: Gen Feb Mar Apr Mag Giu Lug Ago Set Ott Nov Dic
2016: Gen Feb Mar Apr Mag Giu Lug Ago Set Ott Nov Dic
2015: Gen Feb Mar Apr Mag Giu Lug Ago Set Ott Nov Dic
2014: Gen Feb Mar Apr Mag Giu Lug Ago Set Ott Nov Dic
2013: Gen Feb Mar Apr Mag Giu Lug Ago Set Ott Nov Dic
2012: Gen Feb Mar Apr Mag Giu Lug Ago Set Ott Nov Dic
Report per 2021 Maggio
Monthly Climatological Summary for mag 2021 Name: Meteo Bagheria Centro City: Bagheria State: Italia Elevation: 88 m Lat: N 38 04 37 Lon: E 013 30 15 Temperature (°C), Rain (mm), Wind Speed (km/h) Heat Cool Avg Mean Deg Deg Wind Dom Day Temp High Time Low Time Days Days Rain Speed High Time Dir ---------------------------------------------------------------------------------- 01 23,0 25,1 14:08 19,2 23:12 0,0 4,6 0,0 12,5 38,0 21:56 WSW 02 18,6 20,3 09:52 16,9 22:14 0,3 0,6 0,5 10,0 31,0 11:38 N 03 16,3 17,6 10:21 15,1 23:33 2,0 0,0 3,5 7,7 33,0 14:37 ESE 04 17,0 19,2 13:56 14,6 05:15 1,4 0,1 0,0 7,3 26,0 17:19 E 05 16,8 18,4 10:52 15,9 22:59 1,5 0,0 6,0 6,7 29,0 18:45 NNE 06 17,6 21,1 12:07 14,7 06:37 1,1 0,4 0,0 7,5 22,0 05:11 ESE 07 18,6 21,6 16:17 16,5 06:06 0,5 0,8 0,0 6,0 26,0 11:47 N 08 19,4 22,6 14:51 17,0 05:56 0,3 1,4 0,0 9,1 38,0 10:32 NNW 09 19,3 22,1 16:12 16,3 05:54 0,4 1,4 0,0 9,6 37,0 23:32 ESE 10 21,3 24,0 13:20 17,8 06:39 0,0 3,0 0,0 14,6 42,0 00:59 SSE 11 21,4 25,2 11:02 19,0 23:20 0,0 3,1 0,0 15,5 38,0 12:53 WSW 12 18,5 20,3 12:34 16,8 05:50 0,3 0,5 0,0 19,1 55,0 14:25 NW 13 20,0 24,3 15:26 16,0 02:51 0,6 2,2 0,0 14,7 55,0 12:56 WNW 14 20,1 23,9 17:45 16,9 05:48 0,2 1,9 0,0 22,0 51,0 17:58 SSW 15 18,4 20,8 14:42 16,2 06:11 0,3 0,4 0,0 21,5 60,0 14:13 NW 16 20,5 24,5 11:34 16,2 02:24 0,4 2,6 0,0 10,7 28,0 11:33 ESE 17 23,0 28,1 10:29 19,8 22:23 0,0 4,7 0,0 15,1 38,0 05:24 WNW 18 19,8 23,5 11:54 17,8 23:49 0,0 1,6 0,0 9,8 33,0 09:33 NNW 19 20,0 23,7 11:45 16,8 04:09 0,3 2,0 0,0 7,4 29,0 16:21 ENE 20 18,7 20,5 01:12 16,9 22:40 0,3 0,7 0,0 ---- 51,0 12:19 NNW 21 19,3 22,6 11:54 15,9 04:44 0,6 1,5 0,0 ---- 26,0 12:33 ESE 22 22,0 28,3 13:21 17,7 05:05 0,1 3,8 0,0 ---- 57,0 21:30 SW 23 24,2 27,2 14:43 21,3 07:01 0,0 5,9 0,0 ---- 42,0 00:07 SSE 24 24,1 28,2 09:56 20,5 04:43 0,0 5,8 0,0 ---- 38,0 07:09 ENE 25 19,8 21,5 13:04 18,5 05:47 0,0 1,4 0,0 ---- 35,0 15:44 NNW 26 21,1 24,4 13:05 17,9 05:05 0,0 2,8 0,0 ---- 26,0 14:37 E 27 20,8 24,0 11:05 18,4 05:01 0,0 2,5 1,0 ---- 28,0 17:36 E 28 20,7 23,3 13:32 18,7 05:10 0,0 2,4 0,0 ---- 31,0 16:21 E 29 21,8 25,0 16:38 18,8 06:22 0,0 3,5 0,0 ---- 26,0 12:49 ENE 30 21,8 25,0 13:38 19,8 04:20 0,0 3,5 0,0 ---- 31,0 13:59 NNE 31 21,1 23,7 14:48 19,2 06:06 0,0 2,8 0,0 ---- 28,0 10:07 N ---------------------------------------------------------------------------------- 20,2 28,3 22 14,6 4 10,6 67,9 11,0 11,8 60,0 15 WNW Max >= 20,0 28 Max <= 19,9 3 Min <= 10,0 0 Min <= 4,0 0 Max Rain: 6,0 on day 5 Days of Rain: 4 (>= 0,5 mm) 1 (>= 6,0 mm) 0 (>= 20,0 mm) Heat Base: 18,3 Cool Base: 18,3 Method: Integration