Selezionare Mese o Anno per visualizzare Report
2024: Gen Feb Mar Apr Mag Giu Lug Ago Set Ott Nov Dic
2023: Gen Feb Mar Apr Mag Giu Lug Ago Set Ott Nov Dic
2022: Gen Feb Mar Apr Mag Giu Lug Ago Set Ott Nov Dic
2021: Gen Feb Mar Apr Mag Giu Lug Ago Set Ott Nov Dic
2020: Gen Feb Mar Apr Mag Giu Lug Ago Set Ott Nov Dic
2019: Gen Feb Mar Apr Mag Giu Lug Ago Set Ott Nov Dic
2018: Gen Feb Mar Apr Mag Giu Lug Ago Set Ott Nov Dic
2017: Gen Feb Mar Apr Mag Giu Lug Ago Set Ott Nov Dic
2016: Gen Feb Mar Apr Mag Giu Lug Ago Set Ott Nov Dic
2015: Gen Feb Mar Apr Mag Giu Lug Ago Set Ott Nov Dic
2014: Gen Feb Mar Apr Mag Giu Lug Ago Set Ott Nov Dic
2013: Gen Feb Mar Apr Mag Giu Lug Ago Set Ott Nov Dic
2012: Gen Feb Mar Apr Mag Giu Lug Ago Set Ott Nov Dic
2024: Gen Feb Mar Apr Mag Giu Lug Ago Set Ott Nov Dic
2023: Gen Feb Mar Apr Mag Giu Lug Ago Set Ott Nov Dic
2022: Gen Feb Mar Apr Mag Giu Lug Ago Set Ott Nov Dic
2021: Gen Feb Mar Apr Mag Giu Lug Ago Set Ott Nov Dic
2020: Gen Feb Mar Apr Mag Giu Lug Ago Set Ott Nov Dic
2019: Gen Feb Mar Apr Mag Giu Lug Ago Set Ott Nov Dic
2018: Gen Feb Mar Apr Mag Giu Lug Ago Set Ott Nov Dic
2017: Gen Feb Mar Apr Mag Giu Lug Ago Set Ott Nov Dic
2016: Gen Feb Mar Apr Mag Giu Lug Ago Set Ott Nov Dic
2015: Gen Feb Mar Apr Mag Giu Lug Ago Set Ott Nov Dic
2014: Gen Feb Mar Apr Mag Giu Lug Ago Set Ott Nov Dic
2013: Gen Feb Mar Apr Mag Giu Lug Ago Set Ott Nov Dic
2012: Gen Feb Mar Apr Mag Giu Lug Ago Set Ott Nov Dic
Report per 2021 Giugno
Monthly Climatological Summary for giu 2021 Name: Meteo Bagheria Centro City: Bagheria State: Italia Elevation: 88 m Lat: N 38 04 37 Lon: E 013 30 15 Temperature (°C), Rain (mm), Wind Speed (km/h) Heat Cool Avg Mean Deg Deg Wind Dom Day Temp High Time Low Time Days Days Rain Speed High Time Dir ---------------------------------------------------------------------------------- 01 21,3 24,3 12:24 18,7 05:09 0,0 3,0 0,0 9,3 29,0 14:40 E 02 21,5 23,9 12:06 19,7 04:23 0,0 3,2 0,0 8,2 28,0 10:00 E 03 22,6 25,6 14:06 19,7 05:46 0,0 4,3 0,0 7,4 26,0 14:06 E 04 23,1 26,1 11:37 20,3 05:16 0,0 4,8 0,0 8,8 28,0 13:55 E 05 23,4 27,0 14:28 21,5 03:33 0,0 5,1 0,0 8,7 26,0 15:53 E 06 24,2 30,1 12:50 21,5 08:45 0,0 5,9 1,0 10,2 35,0 12:19 SE 07 22,0 24,5 13:36 19,3 04:16 0,0 3,6 3,5 10,5 35,0 14:59 NNW 08 21,5 23,7 14:18 19,9 05:57 0,0 3,2 0,0 14,4 41,0 15:55 NNW 09 21,4 23,8 14:30 20,0 05:56 0,0 3,1 0,0 18,4 55,0 15:24 NNW 10 21,9 24,0 13:52 20,1 04:39 0,0 3,6 0,0 10,8 33,0 13:36 NNW 11 23,0 26,2 11:55 20,1 03:10 0,0 4,7 0,0 8,9 26,0 13:46 NNW 12 22,9 25,1 16:36 20,5 05:20 0,0 4,6 0,0 10,4 31,0 14:17 NNW 13 23,9 27,2 15:06 21,0 05:52 0,0 5,6 0,0 8,2 22,0 15:51 ENE 14 24,6 29,0 10:05 22,5 04:58 0,0 5,3 0,0 7,1 24,0 17:11 N 15 24,4 27,5 13:59 22,5 05:58 0,0 5,9 0,0 9,9 33,0 14:54 ENE 16 24,0 27,0 13:14 21,0 05:07 0,0 5,7 0,0 9,8 28,0 15:03 E 17 24,2 27,1 13:42 21,4 04:25 0,0 5,9 0,0 9,9 33,0 15:07 ENE 18 24,8 27,8 15:05 22,2 05:33 0,0 6,5 0,0 9,1 26,0 13:25 E 19 25,5 28,4 14:56 22,7 05:04 0,0 7,2 0,0 9,0 22,0 12:12 E 20 27,0 32,8 14:51 23,5 04:50 0,0 8,7 0,0 9,3 33,0 23:43 ESE 21 30,1 37,5 15:33 24,8 03:31 0,0 11,8 0,0 11,9 51,0 15:34 S 22 28,8 33,1 03:42 26,7 07:09 0,0 10,5 0,0 13,2 50,0 03:07 NW 23 27,6 31,3 15:52 24,2 06:38 0,0 9,3 0,0 10,2 50,0 14:20 ENE 24 28,1 31,4 17:40 25,4 08:21 0,0 9,8 0,0 10,3 51,0 04:43 E 25 29,2 34,7 13:01 24,9 01:33 0,0 10,7 0,0 10,9 41,0 06:23 E 26 26,7 29,1 17:41 24,9 08:41 0,0 8,4 0,0 9,7 35,0 09:08 NE 27 26,9 30,2 13:57 24,6 05:37 0,0 8,6 0,0 9,2 26,0 09:41 ESE 28 27,5 32,7 13:35 25,1 05:53 0,0 9,1 0,0 9,0 37,0 06:20 NNW 29 27,4 33,5 16:33 23,9 06:33 0,0 9,1 0,0 10,9 33,0 12:06 E 30 26,4 29,7 15:41 24,7 06:06 0,0 8,1 0,0 10,5 44,0 08:39 NE ---------------------------------------------------------------------------------- 24,9 37,5 21 18,7 1 0,0 195,3 4,5 10,2 55,0 9 NE Max >= 20,0 30 Max <= 19,9 0 Min <= 10,0 0 Min <= 4,0 0 Max Rain: 3,5 on day 7 Days of Rain: 2 (>= 0,5 mm) 0 (>= 6,0 mm) 0 (>= 20,0 mm) Heat Base: 18,3 Cool Base: 18,3 Method: Integration