Selezionare Mese o Anno per visualizzare Report
2024: Gen Feb Mar Apr Mag Giu Lug Ago Set Ott Nov Dic
2023: Gen Feb Mar Apr Mag Giu Lug Ago Set Ott Nov Dic
2022: Gen Feb Mar Apr Mag Giu Lug Ago Set Ott Nov Dic
2021: Gen Feb Mar Apr Mag Giu Lug Ago Set Ott Nov Dic
2020: Gen Feb Mar Apr Mag Giu Lug Ago Set Ott Nov Dic
2019: Gen Feb Mar Apr Mag Giu Lug Ago Set Ott Nov Dic
2018: Gen Feb Mar Apr Mag Giu Lug Ago Set Ott Nov Dic
2017: Gen Feb Mar Apr Mag Giu Lug Ago Set Ott Nov Dic
2016: Gen Feb Mar Apr Mag Giu Lug Ago Set Ott Nov Dic
2015: Gen Feb Mar Apr Mag Giu Lug Ago Set Ott Nov Dic
2014: Gen Feb Mar Apr Mag Giu Lug Ago Set Ott Nov Dic
2013: Gen Feb Mar Apr Mag Giu Lug Ago Set Ott Nov Dic
2012: Gen Feb Mar Apr Mag Giu Lug Ago Set Ott Nov Dic
2024: Gen Feb Mar Apr Mag Giu Lug Ago Set Ott Nov Dic
2023: Gen Feb Mar Apr Mag Giu Lug Ago Set Ott Nov Dic
2022: Gen Feb Mar Apr Mag Giu Lug Ago Set Ott Nov Dic
2021: Gen Feb Mar Apr Mag Giu Lug Ago Set Ott Nov Dic
2020: Gen Feb Mar Apr Mag Giu Lug Ago Set Ott Nov Dic
2019: Gen Feb Mar Apr Mag Giu Lug Ago Set Ott Nov Dic
2018: Gen Feb Mar Apr Mag Giu Lug Ago Set Ott Nov Dic
2017: Gen Feb Mar Apr Mag Giu Lug Ago Set Ott Nov Dic
2016: Gen Feb Mar Apr Mag Giu Lug Ago Set Ott Nov Dic
2015: Gen Feb Mar Apr Mag Giu Lug Ago Set Ott Nov Dic
2014: Gen Feb Mar Apr Mag Giu Lug Ago Set Ott Nov Dic
2013: Gen Feb Mar Apr Mag Giu Lug Ago Set Ott Nov Dic
2012: Gen Feb Mar Apr Mag Giu Lug Ago Set Ott Nov Dic
Report per 2021 Luglio
Monthly Climatological Summary for lug 2021 Name: Meteo Bagheria Centro City: Bagheria State: Italia Elevation: 88 m Lat: N 38 04 37 Lon: E 013 30 15 Temperature (°C), Rain (mm), Wind Speed (km/h) Heat Cool Avg Mean Deg Deg Wind Dom Day Temp High Time Low Time Days Days Rain Speed High Time Dir ---------------------------------------------------------------------------------- 01 27,1 29,9 12:35 24,9 04:58 0,0 8,8 0,0 8,6 24,0 16:56 ENE 02 27,5 31,8 12:15 24,7 06:08 0,0 9,2 0,0 11,0 42,0 16:55 NNW 03 27,6 30,5 15:38 25,0 05:53 0,0 9,2 0,0 8,7 26,0 13:41 E 04 28,8 33,0 12:29 23,4 07:10 0,0 10,4 0,0 8,8 31,0 15:19 E 05 26,9 28,3 12:08 25,1 23:50 0,0 8,6 0,0 18,0 50,0 13:07 NW 06 26,9 29,8 15:28 24,3 04:54 0,0 8,6 0,0 10,2 29,0 16:51 E 07 27,8 31,7 17:13 24,8 05:45 0,0 9,5 0,0 8,6 24,0 14:59 E 08 28,6 31,9 14:33 25,7 05:15 0,0 10,3 0,0 10,3 28,0 11:51 ENE 09 27,0 28,8 13:30 25,6 23:14 0,0 8,6 0,0 11,6 37,0 10:31 NNW 10 26,7 29,5 12:22 24,2 06:30 0,0 8,4 0,0 10,4 29,0 13:44 NNE 11 26,0 28,3 13:48 23,9 06:06 0,0 7,7 0,0 12,3 31,0 10:05 NNW 12 27,6 31,0 14:30 24,5 04:49 0,0 9,2 0,0 9,1 26,0 13:45 ESE 13 29,3 35,6 15:08 26,4 02:55 0,0 11,0 0,0 12,3 63,0 18:05 NE 14 25,4 28,0 00:00 23,7 23:18 0,0 7,1 0,0 13,0 35,0 17:04 NNW 15 25,2 28,5 14:59 22,9 04:58 0,0 6,9 0,0 9,0 28,0 14:18 N 16 25,7 29,2 13:41 22,9 05:42 0,0 7,4 0,0 15,3 66,0 15:53 NW 17 25,0 27,2 15:21 23,5 05:10 0,0 6,7 0,0 21,8 59,0 11:17 NW 18 23,3 25,6 15:49 19,2 06:29 0,0 5,0 49,5 21,8 70,0 03:58 NW 19 25,4 28,4 11:40 22,2 05:03 0,0 7,1 0,0 10,7 35,0 13:33 NNW 20 26,6 30,0 14:11 23,6 06:07 0,0 8,3 0,0 8,3 28,0 15:35 E 21 27,1 30,9 14:16 24,2 05:23 0,0 8,8 0,0 7,9 24,0 18:15 NE 22 27,4 30,1 17:43 24,7 02:30 0,0 9,1 0,0 9,2 31,0 14:09 NW 23 27,2 30,0 14:22 24,5 07:03 0,0 8,8 0,0 8,5 31,0 13:44 NNE 24 27,3 30,5 12:36 24,2 04:32 0,0 9,0 0,0 9,0 26,0 13:08 ESE 25 28,8 32,2 13:26 25,8 03:34 0,0 10,5 0,0 8,1 26,0 14:56 E 26 30,0 34,8 15:03 26,8 06:23 0,0 11,7 0,0 7,1 22,0 00:53 NE 27 29,6 31,9 12:06 26,5 05:45 0,0 11,3 0,0 11,4 38,0 03:48 ESE 28 29,2 32,4 16:52 26,6 05:21 0,0 10,7 0,0 7,3 22,0 11:45 N 29 31,2 34,5 14:39 27,9 00:21 0,0 12,9 0,0 7,1 24,0 13:22 E 30 31,7 37,2 11:43 28,0 23:47 0,0 13,5 0,0 11,7 38,0 11:14 SE 31 29,3 32,8 14:31 25,8 06:27 0,0 11,0 0,0 8,9 24,0 12:40 E ---------------------------------------------------------------------------------- 27,5 37,2 30 19,2 18 0,0 285,3 49,5 10,8 70,0 18 NNE Max >= 20,0 31 Max <= 19,9 0 Min <= 10,0 0 Min <= 4,0 0 Max Rain: 49,5 on day 18 Days of Rain: 1 (>= 0,5 mm) 1 (>= 6,0 mm) 1 (>= 20,0 mm) Heat Base: 18,3 Cool Base: 18,3 Method: Integration