Selezionare Mese o Anno per visualizzare Report
2024: Gen Feb Mar Apr Mag Giu Lug Ago Set Ott Nov Dic
2023: Gen Feb Mar Apr Mag Giu Lug Ago Set Ott Nov Dic
2022: Gen Feb Mar Apr Mag Giu Lug Ago Set Ott Nov Dic
2021: Gen Feb Mar Apr Mag Giu Lug Ago Set Ott Nov Dic
2020: Gen Feb Mar Apr Mag Giu Lug Ago Set Ott Nov Dic
2019: Gen Feb Mar Apr Mag Giu Lug Ago Set Ott Nov Dic
2018: Gen Feb Mar Apr Mag Giu Lug Ago Set Ott Nov Dic
2017: Gen Feb Mar Apr Mag Giu Lug Ago Set Ott Nov Dic
2016: Gen Feb Mar Apr Mag Giu Lug Ago Set Ott Nov Dic
2015: Gen Feb Mar Apr Mag Giu Lug Ago Set Ott Nov Dic
2014: Gen Feb Mar Apr Mag Giu Lug Ago Set Ott Nov Dic
2013: Gen Feb Mar Apr Mag Giu Lug Ago Set Ott Nov Dic
2012: Gen Feb Mar Apr Mag Giu Lug Ago Set Ott Nov Dic
2024: Gen Feb Mar Apr Mag Giu Lug Ago Set Ott Nov Dic
2023: Gen Feb Mar Apr Mag Giu Lug Ago Set Ott Nov Dic
2022: Gen Feb Mar Apr Mag Giu Lug Ago Set Ott Nov Dic
2021: Gen Feb Mar Apr Mag Giu Lug Ago Set Ott Nov Dic
2020: Gen Feb Mar Apr Mag Giu Lug Ago Set Ott Nov Dic
2019: Gen Feb Mar Apr Mag Giu Lug Ago Set Ott Nov Dic
2018: Gen Feb Mar Apr Mag Giu Lug Ago Set Ott Nov Dic
2017: Gen Feb Mar Apr Mag Giu Lug Ago Set Ott Nov Dic
2016: Gen Feb Mar Apr Mag Giu Lug Ago Set Ott Nov Dic
2015: Gen Feb Mar Apr Mag Giu Lug Ago Set Ott Nov Dic
2014: Gen Feb Mar Apr Mag Giu Lug Ago Set Ott Nov Dic
2013: Gen Feb Mar Apr Mag Giu Lug Ago Set Ott Nov Dic
2012: Gen Feb Mar Apr Mag Giu Lug Ago Set Ott Nov Dic
Report per 2021 Ottobre
Monthly Climatological Summary for ott 2021 Name: Meteo Bagheria Centro City: Bagheria State: Italia Elevation: 88 m Lat: N 38 04 37 Lon: E 013 30 15 Temperature (°C), Rain (mm), Wind Speed (km/h) Heat Cool Avg Mean Deg Deg Wind Dom Day Temp High Time Low Time Days Days Rain Speed High Time Dir ---------------------------------------------------------------------------------- 01 22,8 25,7 14:07 21,1 06:26 0,0 4,5 2,5 8,2 26,0 18:22 SSE 02 21,9 26,9 13:05 19,6 18:12 0,0 3,6 25,5 13,4 44,0 02:05 S 03 22,6 26,1 15:24 20,3 06:36 0,0 4,3 0,0 16,3 41,0 23:56 S 04 23,8 28,0 13:20 20,5 06:17 0,0 5,5 0,0 19,5 44,0 00:18 SSW 05 21,8 24,3 09:23 19,3 15:20 0,0 3,5 14,0 19,0 55,0 15:21 SSW 06 21,6 24,2 13:30 20,1 23:21 0,0 3,0 0,0 9,7 31,0 01:29 WSW 07 19,4 22,4 11:14 16,7 22:37 0,2 1,3 7,5 17,4 59,0 15:21 WSW 08 18,2 21,6 14:12 16,1 02:27 0,7 0,6 21,5 12,3 35,0 05:38 WSW 09 18,9 22,3 14:31 16,9 07:56 0,4 1,0 1,5 7,2 28,0 21:41 WSW 10 19,0 21,5 13:52 17,5 23:10 0,1 0,8 3,0 16,6 51,0 13:59 W 11 18,0 21,7 14:32 15,6 06:34 0,7 0,4 2,0 20,8 60,0 22:59 WNW 12 18,6 20,7 13:24 17,3 23:56 0,3 0,6 0,0 14,9 38,0 01:26 NW 13 17,7 22,0 12:06 14,6 23:11 1,1 0,5 60,5 12,0 29,0 10:10 SW 14 14,7 16,7 03:06 11,8 07:50 3,5 0,0 59,5 16,6 63,0 05:30 N 15 15,8 18,2 15:37 14,3 12:27 2,5 0,0 1,5 25,2 59,0 20:35 NNW 16 18,0 21,1 13:48 15,6 01:01 0,9 0,6 1,5 13,0 42,0 15:46 WNW 17 18,2 21,4 12:45 16,3 05:31 0,7 0,6 6,5 6,8 24,0 00:29 SSW 18 18,1 21,1 14:54 16,2 05:55 0,7 0,5 0,5 7,6 28,0 15:39 NW 19 18,0 20,2 12:50 16,7 08:42 0,6 0,4 36,0 4,1 22,0 02:11 SSE 20 17,9 20,8 14:07 15,8 07:23 1,0 0,6 0,0 6,1 22,0 12:45 SSW 21 20,0 24,3 15:05 17,0 00:00 0,4 2,1 0,0 15,9 48,0 14:40 SSW 22 22,4 26,3 14:26 19,6 05:49 0,0 4,1 0,0 22,7 59,0 03:20 SSW 23 21,7 24,4 12:10 20,3 04:55 0,0 3,4 0,0 13,1 33,0 01:00 S 24 20,5 22,9 12:13 17,2 22:26 0,1 2,3 10,5 6,2 42,0 19:47 SSE 25 19,3 21,8 13:49 17,8 00:00 0,0 1,1 0,5 7,6 31,0 05:17 NE 26 18,9 20,6 12:27 18,1 06:33 0,0 0,6 0,5 7,6 35,0 14:27 E 27 19,1 20,5 13:00 17,9 00:13 0,0 0,8 2,5 5,8 20,0 13:32 E 28 18,3 20,6 14:05 16,8 06:46 0,5 0,4 0,0 6,2 20,0 15:24 SSE 29 16,4 17,6 00:00 15,4 18:47 1,9 0,0 12,0 4,1 26,0 14:15 SSW 30 17,7 20,2 14:59 15,9 00:00 0,9 0,3 0,0 3,5 18,0 11:26 N 31 17,9 20,4 13:29 16,4 22:46 0,8 0,3 15,5 9,2 42,0 21:22 SSW ---------------------------------------------------------------------------------- 19,3 28,0 4 11,8 14 18,0 47,7 285,0 11,9 63,0 14 SW Max >= 20,0 28 Max <= 19,9 3 Min <= 10,0 0 Min <= 4,0 0 Max Rain: 60,5 on day 13 Days of Rain: 21 (>= 0,5 mm) 11 (>= 6,0 mm) 5 (>= 20,0 mm) Heat Base: 18,3 Cool Base: 18,3 Method: Integration