Selezionare Mese o Anno per visualizzare Report
2024: Gen Feb Mar Apr Mag Giu Lug Ago Set Ott Nov Dic
2023: Gen Feb Mar Apr Mag Giu Lug Ago Set Ott Nov Dic
2022: Gen Feb Mar Apr Mag Giu Lug Ago Set Ott Nov Dic
2021: Gen Feb Mar Apr Mag Giu Lug Ago Set Ott Nov Dic
2020: Gen Feb Mar Apr Mag Giu Lug Ago Set Ott Nov Dic
2019: Gen Feb Mar Apr Mag Giu Lug Ago Set Ott Nov Dic
2018: Gen Feb Mar Apr Mag Giu Lug Ago Set Ott Nov Dic
2017: Gen Feb Mar Apr Mag Giu Lug Ago Set Ott Nov Dic
2016: Gen Feb Mar Apr Mag Giu Lug Ago Set Ott Nov Dic
2015: Gen Feb Mar Apr Mag Giu Lug Ago Set Ott Nov Dic
2014: Gen Feb Mar Apr Mag Giu Lug Ago Set Ott Nov Dic
2013: Gen Feb Mar Apr Mag Giu Lug Ago Set Ott Nov Dic
2012: Gen Feb Mar Apr Mag Giu Lug Ago Set Ott Nov Dic
2024: Gen Feb Mar Apr Mag Giu Lug Ago Set Ott Nov Dic
2023: Gen Feb Mar Apr Mag Giu Lug Ago Set Ott Nov Dic
2022: Gen Feb Mar Apr Mag Giu Lug Ago Set Ott Nov Dic
2021: Gen Feb Mar Apr Mag Giu Lug Ago Set Ott Nov Dic
2020: Gen Feb Mar Apr Mag Giu Lug Ago Set Ott Nov Dic
2019: Gen Feb Mar Apr Mag Giu Lug Ago Set Ott Nov Dic
2018: Gen Feb Mar Apr Mag Giu Lug Ago Set Ott Nov Dic
2017: Gen Feb Mar Apr Mag Giu Lug Ago Set Ott Nov Dic
2016: Gen Feb Mar Apr Mag Giu Lug Ago Set Ott Nov Dic
2015: Gen Feb Mar Apr Mag Giu Lug Ago Set Ott Nov Dic
2014: Gen Feb Mar Apr Mag Giu Lug Ago Set Ott Nov Dic
2013: Gen Feb Mar Apr Mag Giu Lug Ago Set Ott Nov Dic
2012: Gen Feb Mar Apr Mag Giu Lug Ago Set Ott Nov Dic
Report per 2021 Novembre
Monthly Climatological Summary for nov 2021 Name: Meteo Bagheria Centro City: Bagheria State: Italia Elevation: 88 m Lat: N 38 04 37 Lon: E 013 30 15 Temperature (°C), Rain (mm), Wind Speed (km/h) Heat Cool Avg Mean Deg Deg Wind Dom Day Temp High Time Low Time Days Days Rain Speed High Time Dir ---------------------------------------------------------------------------------- 01 20,1 23,0 13:58 16,4 00:14 0,3 2,2 1,0 18,6 72,0 20:43 SW 02 20,0 22,6 13:14 18,1 07:04 0,0 1,7 0,0 13,2 42,0 01:39 W 03 21,7 24,8 13:50 18,3 05:25 0,0 3,4 1,0 35,8 75,0 12:47 S 04 19,7 22,9 01:01 17,7 23:32 0,1 1,4 0,0 9,8 50,0 00:57 NE 05 19,0 21,0 11:20 17,9 00:00 0,0 0,7 0,5 5,8 20,0 12:27 E 06 19,3 22,4 23:53 17,9 07:32 0,0 1,0 1,5 9,8 59,0 23:58 SE 07 22,7 25,8 14:06 19,4 20:41 0,0 4,3 0,0 23,6 96,0 05:21 S 08 17,6 19,4 00:00 16,7 06:52 0,7 0,1 4,5 8,9 26,0 09:22 NW 09 17,2 17,8 11:17 16,5 21:29 1,1 0,0 29,0 4,1 17,0 12:09 SE 10 17,1 18,7 12:06 16,1 05:44 1,2 0,0 20,5 9,2 147,0 21:51 SSW 11 16,2 17,6 04:24 14,4 23:13 2,1 0,0 12,5 6,4 66,0 04:50 S 12 15,8 18,8 13:05 13,5 06:07 2,6 0,0 0,0 9,2 29,0 04:56 S 13 16,6 20,2 14:09 14,1 03:33 2,0 0,3 0,0 8,7 24,0 03:22 S 14 17,2 20,7 13:09 14,7 00:36 1,4 0,4 0,0 11,9 33,0 19:08 S 15 16,9 19,5 13:33 15,1 07:25 1,5 0,2 0,0 8,8 20,0 00:07 SSE 16 15,9 20,2 12:05 13,8 16:16 2,5 0,2 11,0 13,6 55,0 13:05 S 17 15,4 19,2 12:15 12,3 04:33 2,9 0,0 41,0 12,5 66,0 05:53 S 18 16,4 19,2 12:48 15,2 00:00 1,9 0,1 0,0 9,1 26,0 00:16 SW 19 16,1 18,5 13:58 14,7 07:10 2,2 0,0 0,5 3,2 24,0 12:35 NW 20 15,8 18,3 14:24 14,2 06:15 2,5 0,0 0,0 3,9 20,0 11:32 NNW 21 15,4 17,5 14:07 13,4 07:15 2,9 0,0 0,0 6,2 22,0 22:11 SSW 22 16,3 19,9 14:29 14,1 06:29 2,1 0,2 10,5 14,3 48,0 08:35 SSW 23 16,4 19,3 13:19 14,2 06:29 2,0 0,1 0,5 15,3 31,0 06:22 SSW 24 16,7 20,2 12:37 14,7 00:12 1,8 0,2 0,0 14,6 44,0 22:37 SSW 25 15,2 17,7 13:14 12,9 23:59 3,1 0,0 26,5 17,7 51,0 05:44 S 26 14,1 17,2 13:06 12,3 04:07 4,2 0,0 7,0 17,6 63,0 10:31 SW 27 14,5 15,8 06:26 13,2 12:05 3,8 0,0 0,5 16,3 60,0 08:22 SW 28 13,8 15,7 14:02 11,0 23:46 4,5 0,0 0,0 15,3 44,0 10:50 SSW 29 9,7 11,7 10:11 7,8 15:34 8,6 0,0 21,5 21,5 79,0 23:20 WSW 30 10,7 13,7 13:47 8,3 04:23 7,5 0,0 7,0 17,9 72,0 04:10 WNW ---------------------------------------------------------------------------------- 16,7 25,8 7 7,8 29 65,5 16,5 196,5 12,8 147,0 10 SSW Max >= 20,0 11 Max <= 19,9 19 Min <= 10,0 2 Min <= 4,0 0 Max Rain: 41,0 on day 17 Days of Rain: 18 (>= 0,5 mm) 10 (>= 6,0 mm) 5 (>= 20,0 mm) Heat Base: 18,3 Cool Base: 18,3 Method: Integration