Selezionare Mese o Anno per visualizzare Report
2024: Gen Feb Mar Apr Mag Giu Lug Ago Set Ott Nov Dic
2023: Gen Feb Mar Apr Mag Giu Lug Ago Set Ott Nov Dic
2022: Gen Feb Mar Apr Mag Giu Lug Ago Set Ott Nov Dic
2021: Gen Feb Mar Apr Mag Giu Lug Ago Set Ott Nov Dic
2020: Gen Feb Mar Apr Mag Giu Lug Ago Set Ott Nov Dic
2019: Gen Feb Mar Apr Mag Giu Lug Ago Set Ott Nov Dic
2018: Gen Feb Mar Apr Mag Giu Lug Ago Set Ott Nov Dic
2017: Gen Feb Mar Apr Mag Giu Lug Ago Set Ott Nov Dic
2016: Gen Feb Mar Apr Mag Giu Lug Ago Set Ott Nov Dic
2015: Gen Feb Mar Apr Mag Giu Lug Ago Set Ott Nov Dic
2014: Gen Feb Mar Apr Mag Giu Lug Ago Set Ott Nov Dic
2013: Gen Feb Mar Apr Mag Giu Lug Ago Set Ott Nov Dic
2012: Gen Feb Mar Apr Mag Giu Lug Ago Set Ott Nov Dic
2024: Gen Feb Mar Apr Mag Giu Lug Ago Set Ott Nov Dic
2023: Gen Feb Mar Apr Mag Giu Lug Ago Set Ott Nov Dic
2022: Gen Feb Mar Apr Mag Giu Lug Ago Set Ott Nov Dic
2021: Gen Feb Mar Apr Mag Giu Lug Ago Set Ott Nov Dic
2020: Gen Feb Mar Apr Mag Giu Lug Ago Set Ott Nov Dic
2019: Gen Feb Mar Apr Mag Giu Lug Ago Set Ott Nov Dic
2018: Gen Feb Mar Apr Mag Giu Lug Ago Set Ott Nov Dic
2017: Gen Feb Mar Apr Mag Giu Lug Ago Set Ott Nov Dic
2016: Gen Feb Mar Apr Mag Giu Lug Ago Set Ott Nov Dic
2015: Gen Feb Mar Apr Mag Giu Lug Ago Set Ott Nov Dic
2014: Gen Feb Mar Apr Mag Giu Lug Ago Set Ott Nov Dic
2013: Gen Feb Mar Apr Mag Giu Lug Ago Set Ott Nov Dic
2012: Gen Feb Mar Apr Mag Giu Lug Ago Set Ott Nov Dic
Report per 2022 Marzo
Monthly Climatological Summary for mar 2022 Name: Meteo Bagheria Centro City: Bagheria State: Italia Elevation: 88 m Lat: N 38 04 37 Lon: E 013 30 15 Temperature (°C), Rain (mm), Wind Speed (km/h) Heat Cool Avg Mean Deg Deg Wind Dom Day Temp High Time Low Time Days Days Rain Speed High Time Dir ---------------------------------------------------------------------------------- 01 8,5 11,6 11:48 6,1 14:35 9,7 0,0 11,0 13,5 72,0 14:05 NNW 02 9,1 11,2 14:21 7,9 08:05 9,2 0,0 1,0 9,2 33,0 05:50 NW 03 9,7 12,8 12:48 6,7 05:56 8,6 0,0 0,5 9,6 22,0 11:34 SSE 04 11,6 14,2 13:44 9,3 06:48 6,7 0,0 0,0 7,8 24,0 12:45 W 05 11,0 13,0 12:45 9,3 23:37 7,3 0,0 2,5 16,5 50,0 14:33 NW 06 10,3 13,2 14:40 8,7 03:32 8,0 0,0 0,0 16,3 50,0 09:32 WNW 07 9,8 12,6 13:20 7,8 05:46 8,5 0,0 0,0 13,3 41,0 13:31 WNW 08 9,7 13,1 14:32 8,0 20:13 8,6 0,0 3,0 18,4 57,0 10:32 NW 09 9,0 10,5 13:02 7,9 05:05 9,3 0,0 0,0 17,8 44,0 18:49 N 10 10,5 13,7 13:39 7,7 05:14 7,8 0,0 0,0 11,1 42,0 14:21 NW 11 11,3 14,6 14:51 8,8 06:36 6,9 0,0 0,0 9,7 29,0 13:59 ESE 12 11,0 13,1 12:21 9,0 05:17 7,3 0,0 0,0 15,7 57,0 19:12 SSE 13 10,3 13,1 16:06 8,3 06:52 8,0 0,0 9,0 22,8 51,0 11:09 SSW 14 12,8 15,8 14:22 10,6 05:17 5,5 0,0 0,0 12,1 35,0 22:52 SE 15 13,9 18,5 14:46 10,9 03:57 4,4 0,0 0,0 21,4 48,0 09:02 SSW 16 13,4 16,9 12:39 10,8 06:28 4,9 0,0 0,0 15,9 44,0 01:10 S 17 13,6 17,5 11:58 11,5 06:49 4,6 0,0 0,0 14,5 48,0 21:19 S 18 15,3 18,9 14:33 12,5 04:49 3,0 0,0 0,0 15,8 48,0 00:07 SSE 19 13,7 15,3 10:27 11,3 23:11 4,6 0,0 0,0 15,7 38,0 01:38 S 20 11,4 13,7 15:18 9,4 23:55 6,9 0,0 1,5 9,4 26,0 01:39 S 21 10,2 12,9 15:20 8,1 06:46 8,1 0,0 0,5 10,4 31,0 11:03 SE 22 10,8 13,8 13:29 7,9 06:18 7,5 0,0 0,0 8,0 26,0 12:35 E 23 11,8 15,1 14:29 8,7 04:18 6,5 0,0 0,0 8,7 29,0 14:45 WNW 24 13,0 17,2 14:50 10,2 01:14 5,2 0,0 0,0 6,7 20,0 16:05 W 25 13,2 16,5 13:17 10,4 05:17 5,1 0,0 0,0 7,7 22,0 12:53 ESE 26 14,6 18,1 11:36 11,8 06:25 3,7 0,0 0,0 10,2 37,0 21:05 ESE 27 17,0 21,0 13:16 14,3 00:29 1,8 0,5 0,0 20,7 60,0 15:34 SSW 28 15,5 18,9 11:49 13,6 07:35 2,8 0,0 0,0 10,9 33,0 10:18 SSW 29 14,8 18,0 12:32 12,5 07:01 3,5 0,0 0,0 10,2 37,0 09:07 SSE 30 18,5 22,3 21:04 15,0 00:18 0,9 1,1 3,5 33,7 101,0 22:05 S 31 17,3 22,3 02:28 14,5 23:49 1,4 0,4 19,5 22,7 88,0 01:48 SSW ---------------------------------------------------------------------------------- 12,3 22,3 30 6,1 1 186,3 2,0 52,0 14,1 101,0 30 SSW Max >= 20,0 3 Max <= 19,9 28 Min <= 10,0 17 Min <= 4,0 0 Max Rain: 19,5 on day 31 Days of Rain: 10 (>= 0,5 mm) 3 (>= 6,0 mm) 0 (>= 20,0 mm) Heat Base: 18,3 Cool Base: 18,3 Method: Integration