Selezionare Mese o Anno per visualizzare Report
2024: Gen Feb Mar Apr Mag Giu Lug Ago Set Ott Nov Dic
2023: Gen Feb Mar Apr Mag Giu Lug Ago Set Ott Nov Dic
2022: Gen Feb Mar Apr Mag Giu Lug Ago Set Ott Nov Dic
2021: Gen Feb Mar Apr Mag Giu Lug Ago Set Ott Nov Dic
2020: Gen Feb Mar Apr Mag Giu Lug Ago Set Ott Nov Dic
2019: Gen Feb Mar Apr Mag Giu Lug Ago Set Ott Nov Dic
2018: Gen Feb Mar Apr Mag Giu Lug Ago Set Ott Nov Dic
2017: Gen Feb Mar Apr Mag Giu Lug Ago Set Ott Nov Dic
2016: Gen Feb Mar Apr Mag Giu Lug Ago Set Ott Nov Dic
2015: Gen Feb Mar Apr Mag Giu Lug Ago Set Ott Nov Dic
2014: Gen Feb Mar Apr Mag Giu Lug Ago Set Ott Nov Dic
2013: Gen Feb Mar Apr Mag Giu Lug Ago Set Ott Nov Dic
2012: Gen Feb Mar Apr Mag Giu Lug Ago Set Ott Nov Dic
2024: Gen Feb Mar Apr Mag Giu Lug Ago Set Ott Nov Dic
2023: Gen Feb Mar Apr Mag Giu Lug Ago Set Ott Nov Dic
2022: Gen Feb Mar Apr Mag Giu Lug Ago Set Ott Nov Dic
2021: Gen Feb Mar Apr Mag Giu Lug Ago Set Ott Nov Dic
2020: Gen Feb Mar Apr Mag Giu Lug Ago Set Ott Nov Dic
2019: Gen Feb Mar Apr Mag Giu Lug Ago Set Ott Nov Dic
2018: Gen Feb Mar Apr Mag Giu Lug Ago Set Ott Nov Dic
2017: Gen Feb Mar Apr Mag Giu Lug Ago Set Ott Nov Dic
2016: Gen Feb Mar Apr Mag Giu Lug Ago Set Ott Nov Dic
2015: Gen Feb Mar Apr Mag Giu Lug Ago Set Ott Nov Dic
2014: Gen Feb Mar Apr Mag Giu Lug Ago Set Ott Nov Dic
2013: Gen Feb Mar Apr Mag Giu Lug Ago Set Ott Nov Dic
2012: Gen Feb Mar Apr Mag Giu Lug Ago Set Ott Nov Dic
Report per 2022 Maggio
Monthly Climatological Summary for mag 2022 Name: Meteo Bagheria Centro City: Bagheria State: Italia Elevation: 88 m Lat: N 38 04 37 Lon: E 013 30 15 Temperature (°C), Rain (mm), Wind Speed (km/h) Heat Cool Avg Mean Deg Deg Wind Dom Day Temp High Time Low Time Days Days Rain Speed High Time Dir ---------------------------------------------------------------------------------- 01 17,3 20,6 13:29 15,5 06:29 1,4 0,4 0,0 6,8 28,0 14:32 E 02 16,9 19,6 11:53 14,2 06:27 1,5 0,2 0,0 8,5 28,0 11:55 NNW 03 17,2 20,1 15:16 14,4 04:48 1,4 0,3 0,0 9,3 26,0 14:20 E 04 17,7 20,4 11:35 14,9 05:58 1,1 0,5 0,0 8,8 28,0 12:16 ESE 05 21,0 27,4 15:27 16,5 02:26 0,5 3,2 1,0 21,4 90,0 21:51 SE 06 19,2 21,6 12:55 16,6 22:07 0,3 1,2 15,0 28,7 72,0 07:43 SSW 07 16,5 18,5 13:54 15,3 03:16 1,8 0,0 18,0 8,6 31,0 15:45 SSW 08 16,7 19,8 12:13 14,1 05:53 1,7 0,1 4,5 6,3 20,0 11:10 ENE 09 15,9 17,0 16:05 15,2 04:13 2,4 0,0 19,0 6,9 35,0 11:22 NW 10 17,8 21,6 14:05 14,6 04:50 1,3 0,8 0,5 5,4 33,0 16:30 NNE 11 18,7 22,4 15:42 16,1 02:28 0,7 1,1 0,0 7,4 26,0 14:47 N 12 19,5 23,6 13:28 16,4 06:08 0,4 1,5 0,0 7,5 28,0 15:18 E 13 20,2 23,7 13:58 17,4 05:51 0,2 2,1 0,0 7,8 22,0 12:10 E 14 20,6 24,0 13:02 17,4 05:36 0,1 2,4 0,0 8,0 24,0 13:50 ESE 15 21,0 24,8 15:25 17,8 06:13 0,0 2,7 0,0 8,2 24,0 14:53 ESE 16 21,2 24,7 14:29 18,1 06:25 0,0 2,9 0,0 7,4 24,0 15:40 E 17 21,0 24,5 12:49 17,8 05:45 0,0 2,7 0,0 8,2 24,0 16:49 ESE 18 21,7 25,7 15:17 18,2 05:38 0,0 3,4 0,0 7,3 28,0 17:26 ENE 19 21,8 25,3 12:45 19,6 06:09 0,0 3,5 0,0 8,5 29,0 16:02 ENE 20 21,4 24,6 16:26 18,6 06:10 0,0 3,1 0,0 10,3 29,0 13:21 NW 21 21,2 24,4 12:26 18,2 06:29 0,0 2,9 0,0 9,1 24,0 14:24 ESE 22 21,6 24,5 13:35 18,8 05:04 0,0 3,3 0,0 9,1 24,0 14:24 ESE 23 22,8 26,3 15:54 19,1 06:16 0,0 4,5 0,0 7,7 24,0 16:22 ESE 24 25,1 28,4 12:59 20,8 04:40 0,0 6,8 0,0 8,8 35,0 23:59 ESE 25 27,8 32,5 15:11 24,7 06:06 0,0 9,5 0,0 17,8 50,0 10:17 S 26 25,4 28,4 15:41 21,6 06:56 0,0 7,1 0,0 11,8 35,0 16:05 ESE 27 25,3 28,2 12:08 21,6 22:55 0,0 7,0 0,0 13,3 41,0 02:46 SW 28 21,4 25,3 13:24 19,6 04:29 0,0 3,1 2,5 11,4 37,0 11:19 SSW 29 22,9 27,5 17:59 18,5 05:56 0,0 4,6 0,0 12,7 38,0 18:35 SSE 30 26,3 31,2 11:24 22,3 04:50 0,0 8,0 0,0 16,8 41,0 09:51 S 31 26,0 31,2 11:29 21,9 04:06 0,0 7,6 0,0 8,8 37,0 17:23 N ---------------------------------------------------------------------------------- 20,9 32,5 25 14,1 8 14,8 96,5 60,5 10,3 90,0 5 SE Max >= 20,0 27 Max <= 19,9 4 Min <= 10,0 0 Min <= 4,0 0 Max Rain: 19,0 on day 9 Days of Rain: 7 (>= 0,5 mm) 3 (>= 6,0 mm) 0 (>= 20,0 mm) Heat Base: 18,3 Cool Base: 18,3 Method: Integration