Selezionare Mese o Anno per visualizzare Report
2024: Gen Feb Mar Apr Mag Giu Lug Ago Set Ott Nov Dic
2023: Gen Feb Mar Apr Mag Giu Lug Ago Set Ott Nov Dic
2022: Gen Feb Mar Apr Mag Giu Lug Ago Set Ott Nov Dic
2021: Gen Feb Mar Apr Mag Giu Lug Ago Set Ott Nov Dic
2020: Gen Feb Mar Apr Mag Giu Lug Ago Set Ott Nov Dic
2019: Gen Feb Mar Apr Mag Giu Lug Ago Set Ott Nov Dic
2018: Gen Feb Mar Apr Mag Giu Lug Ago Set Ott Nov Dic
2017: Gen Feb Mar Apr Mag Giu Lug Ago Set Ott Nov Dic
2016: Gen Feb Mar Apr Mag Giu Lug Ago Set Ott Nov Dic
2015: Gen Feb Mar Apr Mag Giu Lug Ago Set Ott Nov Dic
2014: Gen Feb Mar Apr Mag Giu Lug Ago Set Ott Nov Dic
2013: Gen Feb Mar Apr Mag Giu Lug Ago Set Ott Nov Dic
2012: Gen Feb Mar Apr Mag Giu Lug Ago Set Ott Nov Dic
2024: Gen Feb Mar Apr Mag Giu Lug Ago Set Ott Nov Dic
2023: Gen Feb Mar Apr Mag Giu Lug Ago Set Ott Nov Dic
2022: Gen Feb Mar Apr Mag Giu Lug Ago Set Ott Nov Dic
2021: Gen Feb Mar Apr Mag Giu Lug Ago Set Ott Nov Dic
2020: Gen Feb Mar Apr Mag Giu Lug Ago Set Ott Nov Dic
2019: Gen Feb Mar Apr Mag Giu Lug Ago Set Ott Nov Dic
2018: Gen Feb Mar Apr Mag Giu Lug Ago Set Ott Nov Dic
2017: Gen Feb Mar Apr Mag Giu Lug Ago Set Ott Nov Dic
2016: Gen Feb Mar Apr Mag Giu Lug Ago Set Ott Nov Dic
2015: Gen Feb Mar Apr Mag Giu Lug Ago Set Ott Nov Dic
2014: Gen Feb Mar Apr Mag Giu Lug Ago Set Ott Nov Dic
2013: Gen Feb Mar Apr Mag Giu Lug Ago Set Ott Nov Dic
2012: Gen Feb Mar Apr Mag Giu Lug Ago Set Ott Nov Dic
Report per 2022 Luglio
Monthly Climatological Summary for lug 2022 Name: Meteo Bagheria Centro City: Bagheria State: Italia Elevation: 88 m Lat: N 38 04 37 Lon: E 013 30 15 Temperature (°C), Rain (mm), Wind Speed (km/h) Heat Cool Avg Mean Deg Deg Wind Dom Day Temp High Time Low Time Days Days Rain Speed High Time Dir ---------------------------------------------------------------------------------- 01 29,3 32,7 09:16 26,3 03:09 0,0 11,0 0,0 10,8 44,0 17:10 E 02 29,2 32,5 14:19 26,7 23:22 0,0 10,9 0,0 9,4 31,0 10:14 NNW 03 28,3 31,3 15:19 25,7 06:07 0,0 10,0 0,0 9,2 33,0 13:55 NE 04 28,9 31,6 14:21 26,5 04:06 0,0 10,5 0,0 9,3 38,0 15:24 ENE 05 29,7 34,1 15:07 27,0 06:09 0,0 11,4 0,0 8,3 41,0 13:10 NNW 06 30,4 34,9 14:41 26,8 06:10 0,0 12,1 0,0 8,3 37,0 13:26 NE 07 30,6 34,2 17:47 27,7 05:43 0,0 12,2 0,0 9,0 31,0 14:25 E 08 27,9 30,0 12:06 26,2 22:30 0,0 9,6 0,0 16,3 42,0 13:57 NNW 09 26,7 28,5 13:34 25,2 06:15 0,0 8,3 0,0 16,0 41,0 10:33 N 10 26,6 29,1 13:37 24,8 06:07 0,0 8,3 0,0 14,4 48,0 16:08 NNW 11 27,5 30,6 14:06 24,8 02:58 0,0 9,1 0,0 10,7 26,0 04:20 NE 12 27,8 30,8 13:44 25,2 04:23 0,0 9,5 0,0 9,9 31,0 14:51 N 13 27,9 31,5 13:24 25,5 06:13 0,0 9,5 0,0 9,2 29,0 14:36 ENE 14 27,6 31,5 14:29 24,8 05:33 0,0 9,3 0,0 10,0 29,0 18:48 NNE 15 27,7 31,7 14:16 24,6 06:48 0,0 9,3 0,0 9,1 22,0 13:41 E 16 27,7 30,5 14:31 24,9 04:37 0,0 9,4 0,0 10,7 37,0 16:44 E 17 28,3 31,5 16:39 25,9 06:07 0,0 10,0 0,0 9,2 26,0 13:36 E 18 28,9 31,5 13:50 26,3 03:22 0,0 10,6 0,0 8,8 24,0 15:19 E 19 29,5 32,9 16:28 26,7 02:44 0,0 11,1 0,0 8,1 29,0 17:06 NE 20 29,3 32,0 13:56 26,4 06:13 0,0 10,9 0,0 8,8 35,0 14:43 ESE 21 29,4 33,2 14:26 26,7 06:30 0,0 11,0 0,0 9,3 35,0 13:40 E 22 29,2 32,0 13:58 26,7 06:18 0,0 10,9 0,0 9,0 26,0 13:06 E 23 29,7 32,5 13:20 27,1 06:55 0,0 11,3 0,0 8,6 26,0 13:53 E 24 30,0 33,7 12:22 26,9 06:15 0,0 11,7 0,0 8,5 41,0 12:38 ESE 25 30,2 33,5 14:48 27,7 06:47 0,0 11,8 0,0 5,9 26,0 15:15 E 26 29,4 32,3 12:39 27,3 04:06 0,0 11,1 0,0 ---- 33,0 09:54 NE 27 29,3 32,8 11:57 26,5 05:06 0,0 11,0 0,0 ---- 26,0 15:34 E 28 29,6 33,0 14:59 27,1 03:37 0,0 11,3 0,0 ---- 26,0 11:32 E 29 29,2 31,7 14:13 26,8 06:10 0,0 10,9 0,0 ---- 33,0 15:06 E 30 29,0 31,8 16:27 26,1 05:14 0,0 10,7 0,0 ---- 37,0 17:10 E 31 29,0 31,8 11:57 26,4 06:21 0,0 10,7 0,0 ---- 53,0 16:37 NNW ---------------------------------------------------------------------------------- 28,8 34,9 6 24,6 15 0,0 325,4 0,0 9,9 53,0 31 NE Max >= 20,0 31 Max <= 19,9 0 Min <= 10,0 0 Min <= 4,0 0 Max Rain: 0,0 on day 0 Days of Rain: 0 (>= 0,5 mm) 0 (>= 6,0 mm) 0 (>= 20,0 mm) Heat Base: 18,3 Cool Base: 18,3 Method: Integration