Selezionare Mese o Anno per visualizzare Report
2024: Gen Feb Mar Apr Mag Giu Lug Ago Set Ott Nov Dic
2023: Gen Feb Mar Apr Mag Giu Lug Ago Set Ott Nov Dic
2022: Gen Feb Mar Apr Mag Giu Lug Ago Set Ott Nov Dic
2021: Gen Feb Mar Apr Mag Giu Lug Ago Set Ott Nov Dic
2020: Gen Feb Mar Apr Mag Giu Lug Ago Set Ott Nov Dic
2019: Gen Feb Mar Apr Mag Giu Lug Ago Set Ott Nov Dic
2018: Gen Feb Mar Apr Mag Giu Lug Ago Set Ott Nov Dic
2017: Gen Feb Mar Apr Mag Giu Lug Ago Set Ott Nov Dic
2016: Gen Feb Mar Apr Mag Giu Lug Ago Set Ott Nov Dic
2015: Gen Feb Mar Apr Mag Giu Lug Ago Set Ott Nov Dic
2014: Gen Feb Mar Apr Mag Giu Lug Ago Set Ott Nov Dic
2013: Gen Feb Mar Apr Mag Giu Lug Ago Set Ott Nov Dic
2012: Gen Feb Mar Apr Mag Giu Lug Ago Set Ott Nov Dic
2024: Gen Feb Mar Apr Mag Giu Lug Ago Set Ott Nov Dic
2023: Gen Feb Mar Apr Mag Giu Lug Ago Set Ott Nov Dic
2022: Gen Feb Mar Apr Mag Giu Lug Ago Set Ott Nov Dic
2021: Gen Feb Mar Apr Mag Giu Lug Ago Set Ott Nov Dic
2020: Gen Feb Mar Apr Mag Giu Lug Ago Set Ott Nov Dic
2019: Gen Feb Mar Apr Mag Giu Lug Ago Set Ott Nov Dic
2018: Gen Feb Mar Apr Mag Giu Lug Ago Set Ott Nov Dic
2017: Gen Feb Mar Apr Mag Giu Lug Ago Set Ott Nov Dic
2016: Gen Feb Mar Apr Mag Giu Lug Ago Set Ott Nov Dic
2015: Gen Feb Mar Apr Mag Giu Lug Ago Set Ott Nov Dic
2014: Gen Feb Mar Apr Mag Giu Lug Ago Set Ott Nov Dic
2013: Gen Feb Mar Apr Mag Giu Lug Ago Set Ott Nov Dic
2012: Gen Feb Mar Apr Mag Giu Lug Ago Set Ott Nov Dic
Report per 2022 Agosto
Monthly Climatological Summary for ago 2022 Name: Meteo Bagheria Centro City: Bagheria State: Italia Elevation: 88 m Lat: N 38 04 37 Lon: E 013 30 15 Temperature (°C), Rain (mm), Wind Speed (km/h) Heat Cool Avg Mean Deg Deg Wind Dom Day Temp High Time Low Time Days Days Rain Speed High Time Dir ---------------------------------------------------------------------------------- 01 28,9 31,4 16:49 26,5 06:19 0,0 10,6 0,0 10,4 35,0 13:14 N 02 29,1 31,6 16:10 27,0 05:39 0,0 10,8 0,0 9,9 35,0 13:10 NNW 03 29,3 32,5 14:38 26,5 05:19 0,0 10,9 0,0 9,2 28,0 10:05 N 04 29,5 32,5 15:54 27,0 06:22 0,0 11,2 0,0 9,5 29,0 13:53 E 05 29,8 33,3 13:37 27,2 06:47 0,0 11,4 0,0 8,9 28,0 10:45 E 06 30,2 33,7 15:40 27,4 06:55 0,0 11,9 0,0 8,1 29,0 16:33 E 07 29,1 31,5 13:41 27,2 06:37 0,0 10,8 0,0 9,2 29,0 11:32 NW 08 29,4 32,5 13:35 27,2 04:06 0,0 11,1 0,0 9,5 31,0 16:16 NNE 09 28,7 32,1 12:06 26,8 05:30 0,0 10,4 0,0 11,0 42,0 15:35 SSW 10 27,2 29,8 10:11 24,3 14:43 0,0 8,8 6,0 8,8 42,0 14:24 SSE 11 27,7 30,9 13:16 25,3 03:20 0,0 9,4 0,0 8,4 33,0 13:16 E 12 25,6 28,2 15:20 20,0 04:42 0,0 7,3 6,0 14,3 73,0 04:19 WNW 13 27,9 31,1 13:25 24,9 06:18 0,0 9,6 0,0 11,2 41,0 01:04 SE 14 27,9 29,8 11:36 26,1 06:27 0,0 9,6 0,0 11,4 37,0 12:29 NNW 15 28,6 32,2 12:21 25,2 06:25 0,0 10,3 0,0 12,0 68,0 23:45 ESE 16 31,7 34,6 13:44 28,5 00:56 0,0 13,4 0,0 15,4 64,0 02:28 SSE 17 30,9 33,8 13:24 27,8 06:26 0,0 12,6 0,0 8,3 35,0 10:20 ESE 18 36,0 42,6 14:06 31,2 00:00 0,0 17,7 0,0 22,3 60,0 15:01 S 19 28,9 31,4 00:39 26,7 23:34 0,0 10,5 0,0 18,0 59,0 14:33 NW 20 27,2 29,1 14:26 25,6 05:10 0,0 8,9 2,0 19,7 48,0 16:26 NNW 21 27,0 29,6 14:51 25,0 04:22 0,0 8,7 0,0 13,9 41,0 12:26 NW 22 26,7 29,1 14:51 24,3 05:00 0,0 8,4 0,0 11,8 35,0 12:43 NW 23 27,0 29,2 14:22 24,9 06:18 0,0 8,7 0,0 10,0 35,0 13:22 NW 24 26,6 29,3 14:41 22,9 07:12 0,0 8,3 2,0 13,4 48,0 16:06 NW 25 26,9 30,1 13:48 25,1 03:33 0,0 8,6 0,5 9,0 29,0 14:10 NNW 26 27,0 29,5 14:05 25,3 06:56 0,0 8,7 0,0 10,6 44,0 15:27 NNW 27 27,1 29,9 11:48 24,6 06:27 0,0 8,7 0,0 9,1 31,0 12:43 NW 28 27,4 30,5 12:12 25,2 05:17 0,0 9,1 0,5 8,3 29,0 14:07 ESE 29 27,2 30,3 14:20 25,0 03:56 0,0 8,9 0,0 8,4 29,0 14:50 NE 30 27,4 30,5 14:35 25,1 03:27 0,0 9,1 0,0 7,6 26,0 14:49 NE 31 27,2 30,1 13:30 24,6 04:06 0,0 8,9 0,0 9,2 24,0 12:05 ESE ---------------------------------------------------------------------------------- 28,4 42,6 18 20,0 12 0,0 313,3 17,0 11,2 73,0 12 N Max >= 20,0 31 Max <= 19,9 0 Min <= 10,0 0 Min <= 4,0 0 Max Rain: 6,0 on day 10 Days of Rain: 6 (>= 0,5 mm) 2 (>= 6,0 mm) 0 (>= 20,0 mm) Heat Base: 18,3 Cool Base: 18,3 Method: Integration