Selezionare Mese o Anno per visualizzare Report
2024: Gen Feb Mar Apr Mag Giu Lug Ago Set Ott Nov Dic
2023: Gen Feb Mar Apr Mag Giu Lug Ago Set Ott Nov Dic
2022: Gen Feb Mar Apr Mag Giu Lug Ago Set Ott Nov Dic
2021: Gen Feb Mar Apr Mag Giu Lug Ago Set Ott Nov Dic
2020: Gen Feb Mar Apr Mag Giu Lug Ago Set Ott Nov Dic
2019: Gen Feb Mar Apr Mag Giu Lug Ago Set Ott Nov Dic
2018: Gen Feb Mar Apr Mag Giu Lug Ago Set Ott Nov Dic
2017: Gen Feb Mar Apr Mag Giu Lug Ago Set Ott Nov Dic
2016: Gen Feb Mar Apr Mag Giu Lug Ago Set Ott Nov Dic
2015: Gen Feb Mar Apr Mag Giu Lug Ago Set Ott Nov Dic
2014: Gen Feb Mar Apr Mag Giu Lug Ago Set Ott Nov Dic
2013: Gen Feb Mar Apr Mag Giu Lug Ago Set Ott Nov Dic
2012: Gen Feb Mar Apr Mag Giu Lug Ago Set Ott Nov Dic
2024: Gen Feb Mar Apr Mag Giu Lug Ago Set Ott Nov Dic
2023: Gen Feb Mar Apr Mag Giu Lug Ago Set Ott Nov Dic
2022: Gen Feb Mar Apr Mag Giu Lug Ago Set Ott Nov Dic
2021: Gen Feb Mar Apr Mag Giu Lug Ago Set Ott Nov Dic
2020: Gen Feb Mar Apr Mag Giu Lug Ago Set Ott Nov Dic
2019: Gen Feb Mar Apr Mag Giu Lug Ago Set Ott Nov Dic
2018: Gen Feb Mar Apr Mag Giu Lug Ago Set Ott Nov Dic
2017: Gen Feb Mar Apr Mag Giu Lug Ago Set Ott Nov Dic
2016: Gen Feb Mar Apr Mag Giu Lug Ago Set Ott Nov Dic
2015: Gen Feb Mar Apr Mag Giu Lug Ago Set Ott Nov Dic
2014: Gen Feb Mar Apr Mag Giu Lug Ago Set Ott Nov Dic
2013: Gen Feb Mar Apr Mag Giu Lug Ago Set Ott Nov Dic
2012: Gen Feb Mar Apr Mag Giu Lug Ago Set Ott Nov Dic
Report per 2022 Settembre
Monthly Climatological Summary for set 2022 Name: Meteo Bagheria Centro City: Bagheria State: Italia Elevation: 88 m Lat: N 38 04 37 Lon: E 013 30 15 Temperature (°C), Rain (mm), Wind Speed (km/h) Heat Cool Avg Mean Deg Deg Wind Dom Day Temp High Time Low Time Days Days Rain Speed High Time Dir ---------------------------------------------------------------------------------- 01 27,5 30,6 11:28 25,4 12:28 0,0 9,1 0,0 12,3 50,0 16:11 NW 02 27,0 30,0 15:52 24,7 07:05 0,0 8,7 0,0 11,4 37,0 12:10 NW 03 27,7 30,7 14:34 24,7 02:06 0,0 9,4 0,0 8,0 24,0 11:57 ESE 04 29,3 33,0 14:35 27,3 06:06 0,0 11,0 0,0 10,6 33,0 15:57 N 05 28,1 30,9 11:47 26,2 06:44 0,0 9,8 0,0 8,4 28,0 14:36 E 06 27,7 30,7 14:10 25,7 06:27 0,0 9,4 0,0 8,0 22,0 12:18 E 07 28,6 31,8 14:29 26,5 06:51 0,0 10,2 0,0 8,4 28,0 04:28 E 08 29,8 33,4 13:05 26,6 05:05 0,0 11,5 0,0 10,1 42,0 21:45 SE 09 30,3 34,5 11:29 27,8 23:59 0,0 12,0 0,0 13,8 44,0 01:58 SSW 10 28,1 30,9 12:50 26,3 06:51 0,0 9,7 0,0 8,5 31,0 14:28 NNW 11 27,1 30,5 12:53 25,3 07:02 0,0 8,8 0,0 11,8 51,0 15:05 NW 12 26,4 28,6 14:13 25,0 03:38 0,0 8,1 0,0 9,9 33,0 13:28 NNW 13 26,6 29,5 14:59 24,6 07:11 0,0 8,3 0,0 8,9 28,0 13:43 E 14 26,6 30,1 13:13 23,6 07:15 0,0 8,3 0,0 8,3 28,0 15:05 ESE 15 28,0 30,7 15:21 26,0 04:39 0,0 9,7 0,0 13,7 46,0 07:55 SSW 16 29,4 33,2 14:06 26,6 23:30 0,0 11,1 0,0 14,7 42,0 23:54 SE 17 28,4 31,5 14:58 25,2 23:59 0,0 10,0 0,0 25,8 84,0 03:06 WSW 18 24,3 26,5 14:30 22,6 23:55 0,0 6,0 0,0 13,9 41,0 01:17 NNW 19 24,2 27,8 15:00 21,3 05:37 0,0 5,9 0,0 9,1 26,0 11:57 NNW 20 24,7 27,8 15:00 22,7 06:49 0,0 6,4 0,0 8,4 26,0 13:58 ESE 21 24,6 28,0 14:32 22,6 05:45 0,0 6,3 0,0 8,8 26,0 17:27 NNE 22 22,3 24,0 00:22 20,2 10:36 0,0 4,0 29,5 8,3 35,0 03:07 E 23 22,1 24,5 13:18 20,3 23:47 0,0 3,8 0,0 10,4 29,0 12:09 NE 24 21,8 25,8 14:49 18,3 06:49 0,0 3,5 0,0 13,0 48,0 23:36 S 25 24,8 29,7 15:08 21,3 05:39 0,0 6,5 0,0 33,1 72,0 07:48 SSW 26 23,7 25,7 16:41 20,7 10:23 0,0 5,4 5,5 18,2 55,0 05:01 SSW 27 23,6 26,2 13:43 21,7 23:03 0,0 5,3 0,0 15,1 42,0 14:41 W 28 22,8 26,0 13:43 20,7 06:49 0,0 4,5 0,0 16,0 46,0 12:12 WSW 29 24,0 28,4 15:17 20,6 06:22 0,0 5,7 1,5 19,7 50,0 10:51 SW 30 24,7 29,5 13:45 21,2 23:12 0,0 6,4 6,5 26,3 114,0 21:45 SSW ---------------------------------------------------------------------------------- 26,1 34,5 9 18,3 24 0,0 234,8 43,0 13,1 114,0 30 SW Max >= 20,0 30 Max <= 19,9 0 Min <= 10,0 0 Min <= 4,0 0 Max Rain: 29,5 on day 22 Days of Rain: 4 (>= 0,5 mm) 2 (>= 6,0 mm) 1 (>= 20,0 mm) Heat Base: 18,3 Cool Base: 18,3 Method: Integration