Selezionare Mese o Anno per visualizzare Report
2024: Gen Feb Mar Apr Mag Giu Lug Ago Set Ott Nov Dic
2023: Gen Feb Mar Apr Mag Giu Lug Ago Set Ott Nov Dic
2022: Gen Feb Mar Apr Mag Giu Lug Ago Set Ott Nov Dic
2021: Gen Feb Mar Apr Mag Giu Lug Ago Set Ott Nov Dic
2020: Gen Feb Mar Apr Mag Giu Lug Ago Set Ott Nov Dic
2019: Gen Feb Mar Apr Mag Giu Lug Ago Set Ott Nov Dic
2018: Gen Feb Mar Apr Mag Giu Lug Ago Set Ott Nov Dic
2017: Gen Feb Mar Apr Mag Giu Lug Ago Set Ott Nov Dic
2016: Gen Feb Mar Apr Mag Giu Lug Ago Set Ott Nov Dic
2015: Gen Feb Mar Apr Mag Giu Lug Ago Set Ott Nov Dic
2014: Gen Feb Mar Apr Mag Giu Lug Ago Set Ott Nov Dic
2013: Gen Feb Mar Apr Mag Giu Lug Ago Set Ott Nov Dic
2012: Gen Feb Mar Apr Mag Giu Lug Ago Set Ott Nov Dic
2024: Gen Feb Mar Apr Mag Giu Lug Ago Set Ott Nov Dic
2023: Gen Feb Mar Apr Mag Giu Lug Ago Set Ott Nov Dic
2022: Gen Feb Mar Apr Mag Giu Lug Ago Set Ott Nov Dic
2021: Gen Feb Mar Apr Mag Giu Lug Ago Set Ott Nov Dic
2020: Gen Feb Mar Apr Mag Giu Lug Ago Set Ott Nov Dic
2019: Gen Feb Mar Apr Mag Giu Lug Ago Set Ott Nov Dic
2018: Gen Feb Mar Apr Mag Giu Lug Ago Set Ott Nov Dic
2017: Gen Feb Mar Apr Mag Giu Lug Ago Set Ott Nov Dic
2016: Gen Feb Mar Apr Mag Giu Lug Ago Set Ott Nov Dic
2015: Gen Feb Mar Apr Mag Giu Lug Ago Set Ott Nov Dic
2014: Gen Feb Mar Apr Mag Giu Lug Ago Set Ott Nov Dic
2013: Gen Feb Mar Apr Mag Giu Lug Ago Set Ott Nov Dic
2012: Gen Feb Mar Apr Mag Giu Lug Ago Set Ott Nov Dic
Report per 2023 Febbraio
Monthly Climatological Summary for feb 2023 Name: Meteo Bagheria Centro City: Bagheria State: Italia Elevation: 88 m Lat: N 38 04 37 Lon: E 013 30 15 Temperature (°C), Rain (mm), Wind Speed (km/h) Heat Cool Avg Mean Deg Deg Wind Dom Day Temp High Time Low Time Days Days Rain Speed High Time Dir ---------------------------------------------------------------------------------- 01 11,2 14,5 14:50 8,7 06:27 7,1 0,0 0,0 6,5 20,0 23:10 SE 02 12,1 14,4 13:56 10,8 05:37 6,2 0,0 0,0 7,5 18,0 00:38 SW 03 12,1 15,2 12:41 10,1 06:56 6,2 0,0 0,0 5,6 24,0 12:36 ESE 04 12,4 15,2 13:28 9,6 06:14 5,9 0,0 0,0 7,7 29,0 19:59 NE 05 11,1 13,0 01:34 9,0 23:45 7,1 0,0 0,0 19,9 44,0 13:25 NNE 06 9,0 10,8 13:49 8,0 06:23 9,3 0,0 0,0 12,1 37,0 10:09 NNE 07 9,0 10,2 15:41 8,3 06:27 9,2 0,0 0,0 11,8 35,0 04:10 ENE 08 8,8 10,4 13:13 7,7 03:29 9,5 0,0 0,0 8,8 29,0 15:37 SE 09 9,1 10,6 12:38 8,2 20:44 9,2 0,0 32,5 6,6 31,0 23:02 N 10 10,0 11,1 18:05 8,5 00:25 8,3 0,0 33,0 24,0 75,0 05:16 ENE 11 10,7 13,5 14:29 8,3 06:38 7,6 0,0 0,0 5,1 20,0 13:36 ESE 12 10,9 13,5 13:26 8,8 04:24 7,3 0,0 0,0 7,7 29,0 15:45 NNW 13 11,3 14,1 13:52 10,1 07:20 7,0 0,0 0,0 6,0 42,0 09:05 N 14 11,5 14,3 13:40 9,1 06:25 6,8 0,0 0,0 7,1 29,0 13:16 NW 15 12,4 15,2 13:56 10,5 05:46 5,9 0,0 0,0 5,0 28,0 11:53 NE 16 12,2 14,6 13:32 9,9 05:10 6,1 0,0 0,0 7,9 24,0 13:49 W 17 12,1 14,5 14:05 10,6 06:59 6,1 0,0 0,0 4,9 18,0 13:59 ESE 18 12,2 14,8 14:05 10,5 23:32 6,1 0,0 0,0 4,1 22,0 14:52 NE 19 11,9 15,3 13:57 9,4 04:51 6,4 0,0 0,0 4,4 18,0 13:35 E 20 12,8 16,3 13:58 10,4 07:09 5,4 0,0 0,0 5,2 20,0 13:39 ESE 21 13,3 17,1 13:36 10,7 06:13 5,0 0,0 0,0 3,9 18,0 13:43 NE 22 13,3 16,5 13:24 11,1 06:10 4,9 0,0 0,0 0,1 15,0 17:34 ESE 23 13,6 16,7 13:35 10,9 07:15 4,7 0,0 0,0 4,5 24,0 12:22 E 24 17,1 23,1 13:22 11,7 04:50 2,4 1,1 0,0 17,7 70,0 23:15 S 25 18,6 21,0 14:19 16,5 23:48 0,2 0,6 0,0 34,9 73,0 06:50 S 26 14,8 18,1 14:27 10,6 22:11 3,5 0,0 12,0 13,3 41,0 14:38 WSW 27 11,8 14,3 15:04 9,2 08:03 6,5 0,0 10,0 9,2 29,0 03:01 SSE 28 13,2 17,0 09:39 9,9 20:51 5,1 0,0 15,5 13,8 57,0 16:20 SSW ---------------------------------------------------------------------------------- 12,1 23,1 24 7,7 8 175,0 1,7 103,0 9,5 75,0 10 ESE Max >= 20,0 2 Max <= 19,9 26 Min <= 10,0 15 Min <= 4,0 0 Max Rain: 33,0 on day 10 Days of Rain: 5 (>= 0,5 mm) 5 (>= 6,0 mm) 2 (>= 20,0 mm) Heat Base: 18,3 Cool Base: 18,3 Method: Integration