Selezionare Mese o Anno per visualizzare Report
2024: Gen Feb Mar Apr Mag Giu Lug Ago Set Ott Nov Dic
2023: Gen Feb Mar Apr Mag Giu Lug Ago Set Ott Nov Dic
2022: Gen Feb Mar Apr Mag Giu Lug Ago Set Ott Nov Dic
2021: Gen Feb Mar Apr Mag Giu Lug Ago Set Ott Nov Dic
2020: Gen Feb Mar Apr Mag Giu Lug Ago Set Ott Nov Dic
2019: Gen Feb Mar Apr Mag Giu Lug Ago Set Ott Nov Dic
2018: Gen Feb Mar Apr Mag Giu Lug Ago Set Ott Nov Dic
2017: Gen Feb Mar Apr Mag Giu Lug Ago Set Ott Nov Dic
2016: Gen Feb Mar Apr Mag Giu Lug Ago Set Ott Nov Dic
2015: Gen Feb Mar Apr Mag Giu Lug Ago Set Ott Nov Dic
2014: Gen Feb Mar Apr Mag Giu Lug Ago Set Ott Nov Dic
2013: Gen Feb Mar Apr Mag Giu Lug Ago Set Ott Nov Dic
2012: Gen Feb Mar Apr Mag Giu Lug Ago Set Ott Nov Dic
2024: Gen Feb Mar Apr Mag Giu Lug Ago Set Ott Nov Dic
2023: Gen Feb Mar Apr Mag Giu Lug Ago Set Ott Nov Dic
2022: Gen Feb Mar Apr Mag Giu Lug Ago Set Ott Nov Dic
2021: Gen Feb Mar Apr Mag Giu Lug Ago Set Ott Nov Dic
2020: Gen Feb Mar Apr Mag Giu Lug Ago Set Ott Nov Dic
2019: Gen Feb Mar Apr Mag Giu Lug Ago Set Ott Nov Dic
2018: Gen Feb Mar Apr Mag Giu Lug Ago Set Ott Nov Dic
2017: Gen Feb Mar Apr Mag Giu Lug Ago Set Ott Nov Dic
2016: Gen Feb Mar Apr Mag Giu Lug Ago Set Ott Nov Dic
2015: Gen Feb Mar Apr Mag Giu Lug Ago Set Ott Nov Dic
2014: Gen Feb Mar Apr Mag Giu Lug Ago Set Ott Nov Dic
2013: Gen Feb Mar Apr Mag Giu Lug Ago Set Ott Nov Dic
2012: Gen Feb Mar Apr Mag Giu Lug Ago Set Ott Nov Dic
Report per 2023 Aprile
Monthly Climatological Summary for apr 2023 Name: Meteo Bagheria Centro City: Bagheria State: Italia Elevation: 88 m Lat: N 38 04 37 Lon: E 013 30 15 Temperature (°C), Rain (mm), Wind Speed (km/h) Heat Cool Avg Mean Deg Deg Wind Dom Day Temp High Time Low Time Days Days Rain Speed High Time Dir ---------------------------------------------------------------------------------- 01 19,6 23,9 13:46 16,9 07:27 0,3 1,6 0,0 17,1 50,0 02:12 W 02 15,8 18,2 13:47 13,5 22:38 2,5 0,0 1,0 12,0 33,0 03:22 NW 03 13,2 14,7 18:12 11,1 07:34 5,1 0,0 9,5 19,9 68,0 13:17 NNW 04 14,4 16,7 13:54 2,3 15:56 3,9 0,0 2,5 9,0 35,0 13:54 NW 05 12,7 16,4 11:58 9,4 08:34 5,6 0,0 23,0 17,3 50,0 14:18 W 06 12,2 15,0 15:49 9,5 07:00 6,1 0,0 3,0 21,7 63,0 02:14 NW 07 13,2 16,5 14:58 10,4 07:09 5,1 0,0 0,0 8,5 26,0 12:25 E 08 14,8 18,5 13:23 11,6 06:41 3,5 0,0 0,0 11,5 29,0 14:05 SSE 09 14,5 17,1 11:51 13,1 22:53 3,8 0,0 0,0 19,9 51,0 13:21 NW 10 14,0 17,3 13:51 12,1 04:37 4,3 0,0 0,0 19,4 51,0 15:45 NW 11 14,9 17,5 13:35 13,0 06:34 3,4 0,0 0,0 15,1 41,0 10:28 NNW 12 17,2 21,3 11:50 13,9 00:00 1,8 0,7 0,0 10,6 28,0 12:18 SE 13 20,6 25,5 10:45 15,1 23:44 0,1 2,5 0,0 20,1 48,0 05:06 SW 14 16,3 19,8 14:05 13,5 06:48 2,1 0,1 0,0 21,7 63,0 11:40 WNW 15 16,9 21,1 15:25 14,2 03:17 1,8 0,4 0,0 18,5 50,0 14:34 SW 16 13,7 16,5 12:08 11,0 06:12 4,5 0,0 6,5 22,3 68,0 15:52 W 17 14,2 17,0 13:44 12,1 00:00 4,1 0,0 18,0 17,2 51,0 14:16 NW 18 15,5 19,0 12:44 12,6 05:28 2,8 0,0 0,0 10,9 48,0 16:16 NW 19 16,2 19,5 15:40 13,2 06:03 2,2 0,1 0,0 8,7 24,0 12:00 ESE 20 16,9 19,5 14:19 14,1 04:39 1,7 0,2 0,0 7,1 28,0 13:19 E 21 16,8 19,7 14:06 14,8 03:08 1,6 0,1 0,0 8,5 29,0 14:49 NW 22 17,5 20,4 12:15 14,4 06:36 1,3 0,5 0,0 7,9 26,0 13:25 E 23 18,4 22,0 13:27 15,3 02:32 0,9 1,0 0,0 8,4 26,0 23:35 ESE 24 20,4 25,5 13:23 17,7 01:56 0,1 2,2 0,0 16,9 53,0 09:08 SW 25 20,3 23,9 13:07 17,4 06:49 0,1 2,0 0,0 12,4 64,0 07:54 WNW 26 18,8 20,7 14:24 16,9 22:31 0,2 0,8 0,0 14,1 42,0 10:35 NW 27 18,4 22,3 14:12 15,5 04:41 0,9 1,0 0,0 8,8 28,0 14:15 E 28 18,8 22,5 15:37 15,8 04:42 0,7 1,2 0,0 8,0 26,0 13:12 E 29 19,7 23,3 14:23 16,6 04:21 0,3 1,8 0,0 8,2 24,0 17:26 E 30 19,6 22,2 08:12 18,2 22:50 0,0 1,2 16,5 8,1 29,0 06:13 S ---------------------------------------------------------------------------------- 16,5 25,5 13 2,3 4 70,8 17,4 80,0 13,6 68,0 3 WNW Max >= 20,0 13 Max <= 19,9 17 Min <= 10,0 3 Min <= 4,0 1 Max Rain: 23,0 on day 5 Days of Rain: 8 (>= 0,5 mm) 5 (>= 6,0 mm) 1 (>= 20,0 mm) Heat Base: 18,3 Cool Base: 18,3 Method: Integration