Selezionare Mese o Anno per visualizzare Report
2024: Gen Feb Mar Apr Mag Giu Lug Ago Set Ott Nov Dic
2023: Gen Feb Mar Apr Mag Giu Lug Ago Set Ott Nov Dic
2022: Gen Feb Mar Apr Mag Giu Lug Ago Set Ott Nov Dic
2021: Gen Feb Mar Apr Mag Giu Lug Ago Set Ott Nov Dic
2020: Gen Feb Mar Apr Mag Giu Lug Ago Set Ott Nov Dic
2019: Gen Feb Mar Apr Mag Giu Lug Ago Set Ott Nov Dic
2018: Gen Feb Mar Apr Mag Giu Lug Ago Set Ott Nov Dic
2017: Gen Feb Mar Apr Mag Giu Lug Ago Set Ott Nov Dic
2016: Gen Feb Mar Apr Mag Giu Lug Ago Set Ott Nov Dic
2015: Gen Feb Mar Apr Mag Giu Lug Ago Set Ott Nov Dic
2014: Gen Feb Mar Apr Mag Giu Lug Ago Set Ott Nov Dic
2013: Gen Feb Mar Apr Mag Giu Lug Ago Set Ott Nov Dic
2012: Gen Feb Mar Apr Mag Giu Lug Ago Set Ott Nov Dic
2024: Gen Feb Mar Apr Mag Giu Lug Ago Set Ott Nov Dic
2023: Gen Feb Mar Apr Mag Giu Lug Ago Set Ott Nov Dic
2022: Gen Feb Mar Apr Mag Giu Lug Ago Set Ott Nov Dic
2021: Gen Feb Mar Apr Mag Giu Lug Ago Set Ott Nov Dic
2020: Gen Feb Mar Apr Mag Giu Lug Ago Set Ott Nov Dic
2019: Gen Feb Mar Apr Mag Giu Lug Ago Set Ott Nov Dic
2018: Gen Feb Mar Apr Mag Giu Lug Ago Set Ott Nov Dic
2017: Gen Feb Mar Apr Mag Giu Lug Ago Set Ott Nov Dic
2016: Gen Feb Mar Apr Mag Giu Lug Ago Set Ott Nov Dic
2015: Gen Feb Mar Apr Mag Giu Lug Ago Set Ott Nov Dic
2014: Gen Feb Mar Apr Mag Giu Lug Ago Set Ott Nov Dic
2013: Gen Feb Mar Apr Mag Giu Lug Ago Set Ott Nov Dic
2012: Gen Feb Mar Apr Mag Giu Lug Ago Set Ott Nov Dic
Report per 2023 Maggio
Monthly Climatological Summary for mag 2023 Name: Meteo Bagheria Centro City: Bagheria State: Italia Elevation: 88 m Lat: N 38 04 37 Lon: E 013 30 15 Temperature (°C), Rain (mm), Wind Speed (km/h) Heat Cool Avg Mean Deg Deg Wind Dom Day Temp High Time Low Time Days Days Rain Speed High Time Dir ---------------------------------------------------------------------------------- 01 19,1 20,7 12:37 17,9 23:38 0,0 0,8 0,0 10,7 35,0 03:36 W 02 17,1 19,5 09:18 15,1 15:16 1,2 0,1 27,5 9,6 33,0 11:32 W 03 17,5 20,1 14:29 15,5 03:02 1,1 0,2 0,0 18,2 50,0 17:31 NW 04 18,4 21,1 14:19 16,6 01:54 0,6 0,6 9,0 11,8 31,0 11:58 NNW 05 18,9 22,8 16:13 16,0 03:46 0,6 1,2 0,0 8,4 29,0 16:24 NNW 06 19,6 22,9 11:34 16,4 03:57 0,4 2,1 0,0 8,3 270,0 08:53 E 07 20,1 22,9 12:37 17,3 04:13 0,2 2,0 0,0 7,9 22,0 10:49 E 08 19,2 21,2 14:48 16,7 09:48 0,1 1,0 5,0 12,7 63,0 10:39 SW 09 18,4 20,7 17:21 17,1 11:01 0,3 0,4 0,0 6,5 22,0 15:22 ENE 10 18,4 20,2 16:54 17,4 02:14 0,3 0,4 0,0 5,8 24,0 13:03 S 11 18,9 21,4 13:40 16,4 05:13 0,5 1,0 0,0 16,9 44,0 15:08 W 12 18,9 21,5 16:16 16,9 01:59 0,3 0,9 0,0 11,3 26,0 07:34 SSE 13 21,5 25,8 13:06 17,7 02:17 0,1 3,3 0,0 20,6 72,0 15:41 S 14 19,2 21,6 00:00 17,9 22:27 0,0 0,9 0,0 8,5 33,0 11:46 NNW 15 15,5 17,9 00:00 13,5 20:16 2,8 0,0 77,0 14,5 63,0 19:15 NW 16 17,9 21,9 16:37 14,4 00:55 1,2 0,8 0,0 17,5 44,0 13:20 WSW 17 18,7 22,0 15:01 16,5 05:42 0,5 1,0 0,0 14,6 41,0 16:49 W 18 17,7 19,9 15:13 15,8 04:34 0,8 0,2 0,0 8,5 28,0 15:31 ESE 19 19,5 24,2 15:43 16,3 05:17 0,5 1,7 0,0 9,6 48,0 19:44 SSE 20 20,4 23,6 15:33 17,9 02:58 0,0 2,2 0,0 18,2 72,0 10:55 SE 21 18,5 20,0 00:00 17,5 19:27 0,2 0,4 0,0 5,8 42,0 19:43 WNW 22 19,4 22,5 14:29 16,9 04:29 0,4 1,5 0,0 7,1 24,0 14:48 ENE 23 20,2 23,2 16:02 17,5 03:13 0,1 2,0 0,0 7,9 26,0 17:31 E 24 20,5 23,7 16:07 17,7 05:39 0,0 2,3 0,0 8,1 26,0 12:10 E 25 20,8 23,8 15:41 18,8 05:08 0,0 2,5 0,0 6,8 24,0 13:14 ENE 26 21,4 25,0 13:06 18,6 04:46 0,0 3,1 0,0 9,2 29,0 18:26 NW 27 21,6 24,7 12:16 19,9 06:26 0,0 3,4 0,0 9,5 38,0 17:47 NNW 28 22,0 24,8 11:22 19,1 06:27 0,0 3,6 0,0 8,3 28,0 11:57 E 29 22,0 24,8 14:17 19,6 04:57 0,0 3,7 0,0 8,4 24,0 16:05 E 30 21,3 24,6 11:08 19,8 05:07 0,0 3,0 0,0 5,6 20,0 11:13 ESE 31 20,8 25,0 12:05 19,4 04:18 0,0 2,5 0,0 8,0 26,0 18:38 S ---------------------------------------------------------------------------------- 19,5 25,8 13 13,5 15 12,2 48,8 118,5 10,5 270,0 6 WSW Max >= 20,0 28 Max <= 19,9 3 Min <= 10,0 0 Min <= 4,0 0 Max Rain: 77,0 on day 15 Days of Rain: 4 (>= 0,5 mm) 3 (>= 6,0 mm) 2 (>= 20,0 mm) Heat Base: 18,3 Cool Base: 18,3 Method: Integration