Selezionare Mese o Anno per visualizzare Report
2024: Gen Feb Mar Apr Mag Giu Lug Ago Set Ott Nov Dic
2023: Gen Feb Mar Apr Mag Giu Lug Ago Set Ott Nov Dic
2022: Gen Feb Mar Apr Mag Giu Lug Ago Set Ott Nov Dic
2021: Gen Feb Mar Apr Mag Giu Lug Ago Set Ott Nov Dic
2020: Gen Feb Mar Apr Mag Giu Lug Ago Set Ott Nov Dic
2019: Gen Feb Mar Apr Mag Giu Lug Ago Set Ott Nov Dic
2018: Gen Feb Mar Apr Mag Giu Lug Ago Set Ott Nov Dic
2017: Gen Feb Mar Apr Mag Giu Lug Ago Set Ott Nov Dic
2016: Gen Feb Mar Apr Mag Giu Lug Ago Set Ott Nov Dic
2015: Gen Feb Mar Apr Mag Giu Lug Ago Set Ott Nov Dic
2014: Gen Feb Mar Apr Mag Giu Lug Ago Set Ott Nov Dic
2013: Gen Feb Mar Apr Mag Giu Lug Ago Set Ott Nov Dic
2012: Gen Feb Mar Apr Mag Giu Lug Ago Set Ott Nov Dic
2024: Gen Feb Mar Apr Mag Giu Lug Ago Set Ott Nov Dic
2023: Gen Feb Mar Apr Mag Giu Lug Ago Set Ott Nov Dic
2022: Gen Feb Mar Apr Mag Giu Lug Ago Set Ott Nov Dic
2021: Gen Feb Mar Apr Mag Giu Lug Ago Set Ott Nov Dic
2020: Gen Feb Mar Apr Mag Giu Lug Ago Set Ott Nov Dic
2019: Gen Feb Mar Apr Mag Giu Lug Ago Set Ott Nov Dic
2018: Gen Feb Mar Apr Mag Giu Lug Ago Set Ott Nov Dic
2017: Gen Feb Mar Apr Mag Giu Lug Ago Set Ott Nov Dic
2016: Gen Feb Mar Apr Mag Giu Lug Ago Set Ott Nov Dic
2015: Gen Feb Mar Apr Mag Giu Lug Ago Set Ott Nov Dic
2014: Gen Feb Mar Apr Mag Giu Lug Ago Set Ott Nov Dic
2013: Gen Feb Mar Apr Mag Giu Lug Ago Set Ott Nov Dic
2012: Gen Feb Mar Apr Mag Giu Lug Ago Set Ott Nov Dic
Report per 2023 Luglio
Monthly Climatological Summary for lug 2023 Name: Meteo Bagheria Centro City: Bagheria State: Italia Elevation: 88 m Lat: N 38 04 37 Lon: E 013 30 15 Temperature (°C), Rain (mm), Wind Speed (km/h) Heat Cool Avg Mean Deg Deg Wind Dom Day Temp High Time Low Time Days Days Rain Speed High Time Dir ---------------------------------------------------------------------------------- 01 26,1 28,7 11:10 24,2 06:41 0,0 7,8 0,0 13,1 41,0 14:58 NNW 02 25,2 27,6 14:34 22,9 05:00 0,0 6,9 0,0 16,5 37,0 13:25 NW 03 26,2 29,1 12:41 23,3 04:42 0,0 7,9 0,0 9,8 29,0 11:57 E 04 26,6 29,5 14:51 23,6 06:10 0,0 8,3 0,0 11,2 31,0 14:28 E 05 26,5 29,8 16:09 24,0 06:07 0,0 8,2 0,0 9,1 35,0 11:58 N 06 27,0 29,6 14:32 24,5 05:31 0,0 8,7 0,0 9,5 26,0 12:55 E 07 28,1 30,9 17:11 25,2 05:51 0,0 9,7 0,0 9,1 28,0 13:25 E 08 29,1 32,8 16:11 26,2 01:56 0,0 10,8 0,0 8,0 26,0 15:25 ESE 09 29,6 33,7 12:29 27,2 06:36 0,0 11,3 0,0 7,3 22,0 14:05 N 10 29,4 32,6 15:31 26,7 05:59 0,0 11,1 0,0 8,2 29,0 13:35 E 11 29,8 33,1 15:52 27,0 03:29 0,0 11,7 0,0 8,1 24,0 16:52 E 12 30,2 33,1 11:33 27,4 06:52 0,0 11,8 0,0 7,6 26,0 14:34 E 13 30,9 34,2 15:04 28,4 03:36 0,0 12,5 0,0 10,2 24,0 02:45 ESE 14 29,6 33,2 14:36 27,1 06:23 0,0 11,3 0,0 8,8 26,0 17:23 NNE 15 29,2 31,9 12:44 26,4 06:14 0,0 10,9 0,0 9,4 26,0 15:08 E 16 30,4 33,8 15:51 27,0 05:39 0,0 12,1 0,0 8,2 26,0 10:28 E 17 31,2 34,7 11:23 28,1 06:15 0,0 12,8 0,0 7,9 24,0 14:44 E 18 32,4 37,8 15:34 28,5 04:29 0,0 14,1 0,0 6,6 22,0 18:20 ENE 19 31,3 34,7 12:22 28,2 03:27 0,0 13,6 0,0 7,9 26,0 12:39 E 20 32,6 37,2 12:07 30,4 05:09 0,0 14,2 0,0 7,5 26,0 09:31 ENE 21 32,6 36,2 12:27 29,0 06:55 0,0 14,3 0,0 7,7 22,0 15:24 E 22 32,0 35,8 10:50 29,6 06:50 0,0 13,7 0,0 9,9 41,0 12:09 NNE 23 32,6 39,9 14:13 29,8 04:27 0,0 14,3 0,0 8,3 29,0 11:54 ENE 24 26,9 43,3 13:57 14,4 13:48 0,7 9,5 0,0 10,8 41,0 13:56 WSW ---------------------------------------------------------------------------------- 29,4 43,3 24 14,4 24 0,7 267,5 0,0 9,2 41,0 1 ENE Max >= 20,0 24 Max <= 19,9 0 Min <= 10,0 0 Min <= 4,0 0 Max Rain: 0,0 on day 0 Days of Rain: 0 (>= 0,5 mm) 0 (>= 6,0 mm) 0 (>= 20,0 mm) Heat Base: 18,3 Cool Base: 18,3 Method: Integration