Selezionare Mese o Anno per visualizzare Report
2024: Gen Feb Mar Apr Mag Giu Lug Ago Set Ott Nov Dic
2023: Gen Feb Mar Apr Mag Giu Lug Ago Set Ott Nov Dic
2022: Gen Feb Mar Apr Mag Giu Lug Ago Set Ott Nov Dic
2021: Gen Feb Mar Apr Mag Giu Lug Ago Set Ott Nov Dic
2020: Gen Feb Mar Apr Mag Giu Lug Ago Set Ott Nov Dic
2019: Gen Feb Mar Apr Mag Giu Lug Ago Set Ott Nov Dic
2018: Gen Feb Mar Apr Mag Giu Lug Ago Set Ott Nov Dic
2017: Gen Feb Mar Apr Mag Giu Lug Ago Set Ott Nov Dic
2016: Gen Feb Mar Apr Mag Giu Lug Ago Set Ott Nov Dic
2015: Gen Feb Mar Apr Mag Giu Lug Ago Set Ott Nov Dic
2014: Gen Feb Mar Apr Mag Giu Lug Ago Set Ott Nov Dic
2013: Gen Feb Mar Apr Mag Giu Lug Ago Set Ott Nov Dic
2012: Gen Feb Mar Apr Mag Giu Lug Ago Set Ott Nov Dic
2024: Gen Feb Mar Apr Mag Giu Lug Ago Set Ott Nov Dic
2023: Gen Feb Mar Apr Mag Giu Lug Ago Set Ott Nov Dic
2022: Gen Feb Mar Apr Mag Giu Lug Ago Set Ott Nov Dic
2021: Gen Feb Mar Apr Mag Giu Lug Ago Set Ott Nov Dic
2020: Gen Feb Mar Apr Mag Giu Lug Ago Set Ott Nov Dic
2019: Gen Feb Mar Apr Mag Giu Lug Ago Set Ott Nov Dic
2018: Gen Feb Mar Apr Mag Giu Lug Ago Set Ott Nov Dic
2017: Gen Feb Mar Apr Mag Giu Lug Ago Set Ott Nov Dic
2016: Gen Feb Mar Apr Mag Giu Lug Ago Set Ott Nov Dic
2015: Gen Feb Mar Apr Mag Giu Lug Ago Set Ott Nov Dic
2014: Gen Feb Mar Apr Mag Giu Lug Ago Set Ott Nov Dic
2013: Gen Feb Mar Apr Mag Giu Lug Ago Set Ott Nov Dic
2012: Gen Feb Mar Apr Mag Giu Lug Ago Set Ott Nov Dic
Report per 2023 Agosto
Monthly Climatological Summary for ago 2023 Name: Meteo Bagheria Centro City: Bagheria State: Italia Elevation: 88 m Lat: N 38 04 37 Lon: E 013 30 15 Temperature (°C), Rain (mm), Wind Speed (km/h) Heat Cool Avg Mean Deg Deg Wind Dom Day Temp High Time Low Time Days Days Rain Speed High Time Dir ---------------------------------------------------------------------------------- 01 28,4 31,9 13:44 26,2 06:44 0,0 10,1 0,0 9,4 28,0 18:14 N 02 28,3 31,8 12:14 26,0 05:14 0,0 10,0 0,0 10,3 28,0 14:14 NNW 03 29,3 32,7 14:14 26,6 04:14 0,0 11,0 0,0 10,0 22,0 13:44 E 04 29,0 32,3 11:44 23,9 23:14 0,0 10,7 0,0 11,7 51,0 20:44 N 05 25,3 28,3 15:14 23,0 04:44 0,0 7,0 0,0 18,1 35,0 04:44 W 06 25,9 29,1 12:44 22,8 04:44 0,0 7,6 0,0 16,6 35,0 14:44 WNW 07 25,3 27,9 11:44 22,5 06:14 0,0 7,0 0,0 16,8 35,0 13:14 WNW 08 25,3 27,4 14:44 22,8 06:44 0,0 7,0 0,0 13,0 28,0 12:14 NNW 09 25,6 28,6 13:14 23,2 06:44 0,0 7,3 0,0 9,9 22,0 13:44 NNW 10 26,0 28,7 15:14 23,2 06:14 0,0 7,7 0,0 9,8 20,0 14:44 E 11 26,1 28,6 16:14 23,7 06:14 0,0 7,8 0,0 9,5 26,0 11:14 ESE 12 27,1 30,1 14:14 24,2 06:14 0,0 8,8 0,0 8,7 18,0 13:14 NNE 13 26,7 29,1 13:14 24,0 06:14 0,0 8,4 0,0 9,3 24,0 16:14 N 14 26,9 30,1 14:14 23,9 06:14 0,0 8,6 0,0 9,1 18,0 11:14 ENE 15 26,9 29,6 13:44 24,3 05:44 0,0 8,6 0,0 9,8 22,0 11:44 E 16 27,0 30,1 13:14 24,4 06:44 0,0 8,7 0,0 8,8 18,0 14:14 E 17 27,2 30,3 15:44 24,9 02:44 0,0 8,9 0,0 8,0 15,0 11:44 E 18 27,8 30,9 14:14 25,3 05:44 0,0 9,5 0,0 9,3 22,0 12:44 ESE 19 28,2 31,4 14:44 25,8 05:44 0,0 9,9 0,0 8,5 26,0 13:14 E 20 28,1 31,2 15:14 25,9 03:14 0,0 9,8 0,0 8,1 26,0 11:14 N 21 28,1 31,0 15:14 26,3 05:14 0,0 9,8 0,0 9,1 26,0 14:44 NNW 22 29,2 32,7 15:14 26,5 04:14 0,0 10,9 0,0 7,5 17,0 18:14 E 23 29,8 33,7 13:14 27,3 06:44 0,0 11,5 0,0 7,7 26,0 14:14 E 24 29,5 32,0 15:14 27,3 06:44 0,0 11,2 0,0 7,1 22,0 14:14 ESE 25 29,4 32,6 12:15 27,2 06:15 0,0 11,1 0,0 7,0 17,0 13:15 E 26 29,9 33,0 14:15 27,5 06:45 0,0 11,6 0,0 7,1 18,0 15:15 E 27 31,8 38,4 16:15 27,0 06:45 0,0 13,5 0,0 17,8 51,0 21:15 S 28 28,6 33,5 01:45 24,2 22:15 0,0 10,3 0,0 22,1 42,0 02:45 W 29 25,3 28,5 11:15 23,1 06:15 0,0 7,0 0,0 16,8 31,0 11:15 W 30 25,2 29,3 16:15 21,7 06:45 0,0 6,9 0,0 18,4 28,0 13:15 W 31 25,1 28,2 11:45 23,2 06:45 0,0 6,8 0,0 11,5 33,0 15:45 N ---------------------------------------------------------------------------------- 27,5 38,4 27 21,7 30 0,0 285,0 0,0 11,2 51,0 4 N Max >= 20,0 31 Max <= 19,9 0 Min <= 10,0 0 Min <= 4,0 0 Max Rain: 0,0 on day 0 Days of Rain: 0 (>= 0,5 mm) 0 (>= 6,0 mm) 0 (>= 20,0 mm) Heat Base: 18,3 Cool Base: 18,3 Method: Integration