Selezionare Mese o Anno per visualizzare Report
2024: Gen Feb Mar Apr Mag Giu Lug Ago Set Ott Nov Dic
2023: Gen Feb Mar Apr Mag Giu Lug Ago Set Ott Nov Dic
2022: Gen Feb Mar Apr Mag Giu Lug Ago Set Ott Nov Dic
2021: Gen Feb Mar Apr Mag Giu Lug Ago Set Ott Nov Dic
2020: Gen Feb Mar Apr Mag Giu Lug Ago Set Ott Nov Dic
2019: Gen Feb Mar Apr Mag Giu Lug Ago Set Ott Nov Dic
2018: Gen Feb Mar Apr Mag Giu Lug Ago Set Ott Nov Dic
2017: Gen Feb Mar Apr Mag Giu Lug Ago Set Ott Nov Dic
2016: Gen Feb Mar Apr Mag Giu Lug Ago Set Ott Nov Dic
2015: Gen Feb Mar Apr Mag Giu Lug Ago Set Ott Nov Dic
2014: Gen Feb Mar Apr Mag Giu Lug Ago Set Ott Nov Dic
2013: Gen Feb Mar Apr Mag Giu Lug Ago Set Ott Nov Dic
2012: Gen Feb Mar Apr Mag Giu Lug Ago Set Ott Nov Dic
2024: Gen Feb Mar Apr Mag Giu Lug Ago Set Ott Nov Dic
2023: Gen Feb Mar Apr Mag Giu Lug Ago Set Ott Nov Dic
2022: Gen Feb Mar Apr Mag Giu Lug Ago Set Ott Nov Dic
2021: Gen Feb Mar Apr Mag Giu Lug Ago Set Ott Nov Dic
2020: Gen Feb Mar Apr Mag Giu Lug Ago Set Ott Nov Dic
2019: Gen Feb Mar Apr Mag Giu Lug Ago Set Ott Nov Dic
2018: Gen Feb Mar Apr Mag Giu Lug Ago Set Ott Nov Dic
2017: Gen Feb Mar Apr Mag Giu Lug Ago Set Ott Nov Dic
2016: Gen Feb Mar Apr Mag Giu Lug Ago Set Ott Nov Dic
2015: Gen Feb Mar Apr Mag Giu Lug Ago Set Ott Nov Dic
2014: Gen Feb Mar Apr Mag Giu Lug Ago Set Ott Nov Dic
2013: Gen Feb Mar Apr Mag Giu Lug Ago Set Ott Nov Dic
2012: Gen Feb Mar Apr Mag Giu Lug Ago Set Ott Nov Dic
Report per 2023 Settembre
Monthly Climatological Summary for set 2023 Name: Meteo Bagheria Centro City: Bagheria State: Italia Elevation: 88 m Lat: N 38 04 37 Lon: E 013 30 15 Temperature (°C), Rain (mm), Wind Speed (km/h) Heat Cool Avg Mean Deg Deg Wind Dom Day Temp High Time Low Time Days Days Rain Speed High Time Dir ---------------------------------------------------------------------------------- 01 24,4 27,1 12:15 22,6 05:15 0,0 6,1 0,0 8,9 26,0 12:45 N 02 25,1 27,7 15:15 22,6 06:15 0,0 6,8 0,0 8,7 20,0 10:45 E 03 25,6 28,7 13:45 23,4 06:15 0,0 7,3 0,0 8,0 22,0 17:45 ESE 04 25,0 26,9 15:15 22,8 06:45 0,0 6,7 0,0 12,2 26,0 13:15 NNW 05 25,3 27,2 14:45 23,8 05:45 0,0 7,0 0,0 23,4 46,0 08:45 NNE 06 25,7 27,6 15:45 22,6 23:45 0,0 7,4 0,0 20,1 37,0 14:15 NNE 07 25,2 27,7 12:45 22,5 01:45 0,0 6,9 0,0 10,4 24,0 13:15 N 08 25,7 28,5 12:45 23,9 03:45 0,0 7,4 0,0 8,3 20,0 14:45 NNW 09 25,4 27,4 10:45 23,4 04:15 0,0 7,1 0,0 9,8 29,0 12:15 NW 10 25,5 28,0 12:15 23,3 06:15 0,0 7,2 0,0 8,4 29,0 14:45 NW 11 26,0 29,5 14:15 23,2 04:45 0,0 7,7 0,0 7,3 17,0 16:15 SSE 12 25,8 28,8 13:45 23,4 07:15 0,0 7,5 0,0 8,2 20,0 13:45 E 13 25,7 28,8 14:45 23,7 05:15 0,0 7,4 0,0 7,0 17,0 13:15 NNE 14 25,7 28,4 15:15 23,6 04:45 0,0 7,4 0,0 7,6 20,0 12:45 E 15 26,3 29,7 14:45 24,0 06:45 0,0 8,0 0,0 7,1 18,0 16:15 E 16 26,1 28,3 16:15 24,6 06:15 0,0 7,8 0,0 7,0 22,0 12:45 ENE 17 26,7 30,0 14:45 24,0 06:15 0,0 8,4 0,0 7,1 22,0 12:15 E 18 27,3 30,8 12:15 24,7 07:15 0,0 9,0 0,0 7,0 20,0 15:15 E 19 27,5 30,8 13:15 25,6 00:45 0,0 9,2 0,0 8,2 24,0 02:45 E 20 26,7 28,8 22:15 25,0 06:45 0,0 8,4 0,0 6,2 15,0 17:15 ESE 21 30,0 35,6 15:15 25,9 07:15 0,0 11,7 0,0 14,9 42,0 14:15 SSW 22 31,7 36,3 14:45 28,5 02:45 0,0 13,4 0,0 30,3 51,0 12:45 SSW 23 26,0 29,1 00:15 22,5 18:15 0,0 7,7 0,0 19,8 64,0 01:15 WNW 24 22,6 24,6 11:45 20,7 04:45 0,0 4,3 0,0 18,4 48,0 14:45 NW 25 20,7 23,9 13:45 18,5 23:45 0,0 2,4 0,0 13,2 38,0 15:15 WNW 26 21,2 23,8 16:15 18,5 00:15 0,0 2,9 0,0 12,6 41,0 11:15 NNW 27 23,1 26,9 13:45 20,7 00:15 0,0 4,8 0,0 7,2 29,0 11:45 NNW 28 23,4 26,1 13:45 21,3 06:15 0,0 5,1 0,0 8,0 24,0 14:15 NW 29 23,1 25,1 14:45 21,1 06:45 0,0 4,8 0,0 9,9 33,0 13:45 NW 30 23,2 25,6 14:15 21,3 07:15 0,0 4,9 0,0 7,6 22,0 14:45 NW ---------------------------------------------------------------------------------- 25,4 36,3 22 18,5 25 0,0 212,7 0,0 11,1 64,0 23 N Max >= 20,0 30 Max <= 19,9 0 Min <= 10,0 0 Min <= 4,0 0 Max Rain: 0,0 on day 0 Days of Rain: 0 (>= 0,5 mm) 0 (>= 6,0 mm) 0 (>= 20,0 mm) Heat Base: 18,3 Cool Base: 18,3 Method: Integration