Selezionare Mese o Anno per visualizzare Report
2024: Gen Feb Mar Apr Mag Giu Lug Ago Set Ott Nov Dic
2023: Gen Feb Mar Apr Mag Giu Lug Ago Set Ott Nov Dic
2022: Gen Feb Mar Apr Mag Giu Lug Ago Set Ott Nov Dic
2021: Gen Feb Mar Apr Mag Giu Lug Ago Set Ott Nov Dic
2020: Gen Feb Mar Apr Mag Giu Lug Ago Set Ott Nov Dic
2019: Gen Feb Mar Apr Mag Giu Lug Ago Set Ott Nov Dic
2018: Gen Feb Mar Apr Mag Giu Lug Ago Set Ott Nov Dic
2017: Gen Feb Mar Apr Mag Giu Lug Ago Set Ott Nov Dic
2016: Gen Feb Mar Apr Mag Giu Lug Ago Set Ott Nov Dic
2015: Gen Feb Mar Apr Mag Giu Lug Ago Set Ott Nov Dic
2014: Gen Feb Mar Apr Mag Giu Lug Ago Set Ott Nov Dic
2013: Gen Feb Mar Apr Mag Giu Lug Ago Set Ott Nov Dic
2012: Gen Feb Mar Apr Mag Giu Lug Ago Set Ott Nov Dic
2024: Gen Feb Mar Apr Mag Giu Lug Ago Set Ott Nov Dic
2023: Gen Feb Mar Apr Mag Giu Lug Ago Set Ott Nov Dic
2022: Gen Feb Mar Apr Mag Giu Lug Ago Set Ott Nov Dic
2021: Gen Feb Mar Apr Mag Giu Lug Ago Set Ott Nov Dic
2020: Gen Feb Mar Apr Mag Giu Lug Ago Set Ott Nov Dic
2019: Gen Feb Mar Apr Mag Giu Lug Ago Set Ott Nov Dic
2018: Gen Feb Mar Apr Mag Giu Lug Ago Set Ott Nov Dic
2017: Gen Feb Mar Apr Mag Giu Lug Ago Set Ott Nov Dic
2016: Gen Feb Mar Apr Mag Giu Lug Ago Set Ott Nov Dic
2015: Gen Feb Mar Apr Mag Giu Lug Ago Set Ott Nov Dic
2014: Gen Feb Mar Apr Mag Giu Lug Ago Set Ott Nov Dic
2013: Gen Feb Mar Apr Mag Giu Lug Ago Set Ott Nov Dic
2012: Gen Feb Mar Apr Mag Giu Lug Ago Set Ott Nov Dic
Report per 2023 Ottobre
Monthly Climatological Summary for ott 2023 Name: Meteo Bagheria Centro City: Bagheria State: Italia Elevation: 88 m Lat: N 38 04 37 Lon: E 013 30 15 Temperature (°C), Rain (mm), Wind Speed (km/h) Heat Cool Avg Mean Deg Deg Wind Dom Day Temp High Time Low Time Days Days Rain Speed High Time Dir ---------------------------------------------------------------------------------- 01 23,1 26,4 14:15 21,0 05:15 0,0 4,8 0,0 6,2 18,0 16:15 NNW 02 23,3 26,6 13:45 20,7 05:45 0,0 5,0 0,0 7,9 22,0 14:45 N 03 23,3 26,1 14:15 20,8 06:45 0,0 5,0 0,0 6,7 15,0 13:45 S 04 23,4 27,1 13:15 21,0 05:45 0,0 5,1 0,0 6,0 13,0 11:15 E 05 23,2 26,2 14:15 20,9 06:15 0,0 4,9 0,0 6,3 17,0 11:15 ESE 06 23,0 25,8 13:15 20,8 06:15 0,0 4,7 0,0 5,6 17,0 12:45 ENE 07 23,0 25,7 13:15 20,9 06:45 0,0 4,7 0,0 6,7 20,0 11:15 ESE 08 22,8 24,8 13:45 21,1 04:15 0,0 4,5 0,0 7,3 22,0 13:15 NNW 09 23,4 26,8 13:15 21,1 05:15 0,0 5,1 0,0 4,8 17,0 11:15 NW 10 23,8 27,6 12:45 21,7 02:45 0,0 5,5 0,0 4,6 15,0 13:15 NW 11 23,4 26,1 10:45 21,3 07:15 0,0 5,1 0,0 6,2 22,0 13:15 WNW 12 22,8 25,1 13:45 21,2 04:45 0,0 4,5 0,0 7,5 18,0 15:45 WNW 13 22,9 26,3 13:45 20,8 06:45 0,0 4,6 0,0 6,1 15,0 14:15 SE 14 22,8 26,7 13:15 20,3 05:45 0,0 4,5 0,0 5,4 15,0 11:45 SE 15 25,5 30,8 13:15 22,4 04:45 0,0 7,2 0,0 10,3 31,0 15:15 WNW 16 24,1 26,9 13:45 22,0 06:15 0,0 5,8 0,0 10,1 24,0 23:45 SSE 17 24,1 26,5 10:45 22,3 23:15 0,0 5,8 0,0 15,3 35,0 03:15 SW 18 23,6 25,8 21:45 21,3 04:15 0,0 5,3 0,0 8,9 42,0 20:15 SE 19 28,4 34,4 14:15 25,6 00:15 0,0 10,1 0,0 24,8 42,0 09:15 S 20 29,0 33,6 12:45 25,0 23:45 0,0 10,7 0,0 27,3 55,0 02:15 S 21 23,4 25,5 15:15 21,2 23:45 0,0 5,1 0,0 10,8 28,0 14:45 WNW 22 22,6 26,2 13:45 20,2 05:15 0,0 4,3 0,0 9,9 18,0 05:15 SSW 23 23,0 25,8 14:15 20,9 06:45 0,0 4,7 0,0 5,8 18,0 10:45 E 24 24,0 26,4 12:45 21,1 06:15 0,0 5,7 0,0 6,2 20,0 13:45 NW 25 23,2 25,3 12:15 21,3 22:45 0,0 4,9 0,0 7,9 18,0 21:15 WNW 26 22,7 25,5 12:45 21,1 05:15 0,0 4,4 0,0 15,3 28,0 08:45 WSW 27 24,0 27,8 12:45 21,8 02:45 0,0 5,7 0,0 20,8 38,0 09:15 SW 28 22,4 24,2 13:15 21,0 06:15 0,0 4,1 0,0 7,4 15,0 03:15 SSW 29 22,4 25,2 12:45 20,2 06:45 0,0 4,1 0,0 10,2 24,0 23:45 SE 30 25,1 28,6 14:15 22,7 00:45 0,0 6,8 0,0 35,8 70,0 13:15 SSW 31 23,9 25,8 14:15 21,3 21:15 0,0 5,6 0,0 14,4 42,0 00:45 WNW ---------------------------------------------------------------------------------- 23,7 34,4 19 20,2 22 0,0 168,3 0,0 10,6 70,0 30 SSW Max >= 20,0 31 Max <= 19,9 0 Min <= 10,0 0 Min <= 4,0 0 Max Rain: 0,0 on day 0 Days of Rain: 0 (>= 0,5 mm) 0 (>= 6,0 mm) 0 (>= 20,0 mm) Heat Base: 18,3 Cool Base: 18,3 Method: Integration