Selezionare Mese o Anno per visualizzare Report
2024: Gen Feb Mar Apr Mag Giu Lug Ago Set Ott Nov Dic
2023: Gen Feb Mar Apr Mag Giu Lug Ago Set Ott Nov Dic
2022: Gen Feb Mar Apr Mag Giu Lug Ago Set Ott Nov Dic
2021: Gen Feb Mar Apr Mag Giu Lug Ago Set Ott Nov Dic
2020: Gen Feb Mar Apr Mag Giu Lug Ago Set Ott Nov Dic
2019: Gen Feb Mar Apr Mag Giu Lug Ago Set Ott Nov Dic
2018: Gen Feb Mar Apr Mag Giu Lug Ago Set Ott Nov Dic
2017: Gen Feb Mar Apr Mag Giu Lug Ago Set Ott Nov Dic
2016: Gen Feb Mar Apr Mag Giu Lug Ago Set Ott Nov Dic
2015: Gen Feb Mar Apr Mag Giu Lug Ago Set Ott Nov Dic
2014: Gen Feb Mar Apr Mag Giu Lug Ago Set Ott Nov Dic
2013: Gen Feb Mar Apr Mag Giu Lug Ago Set Ott Nov Dic
2012: Gen Feb Mar Apr Mag Giu Lug Ago Set Ott Nov Dic
2024: Gen Feb Mar Apr Mag Giu Lug Ago Set Ott Nov Dic
2023: Gen Feb Mar Apr Mag Giu Lug Ago Set Ott Nov Dic
2022: Gen Feb Mar Apr Mag Giu Lug Ago Set Ott Nov Dic
2021: Gen Feb Mar Apr Mag Giu Lug Ago Set Ott Nov Dic
2020: Gen Feb Mar Apr Mag Giu Lug Ago Set Ott Nov Dic
2019: Gen Feb Mar Apr Mag Giu Lug Ago Set Ott Nov Dic
2018: Gen Feb Mar Apr Mag Giu Lug Ago Set Ott Nov Dic
2017: Gen Feb Mar Apr Mag Giu Lug Ago Set Ott Nov Dic
2016: Gen Feb Mar Apr Mag Giu Lug Ago Set Ott Nov Dic
2015: Gen Feb Mar Apr Mag Giu Lug Ago Set Ott Nov Dic
2014: Gen Feb Mar Apr Mag Giu Lug Ago Set Ott Nov Dic
2013: Gen Feb Mar Apr Mag Giu Lug Ago Set Ott Nov Dic
2012: Gen Feb Mar Apr Mag Giu Lug Ago Set Ott Nov Dic
Report per 2023 Dicembre
Monthly Climatological Summary for dic 2023 Name: Meteo Bagheria Centro City: Bagheria State: Italia Elevation: 88 m Lat: N 38 04 37 Lon: E 013 30 15 Temperature (°C), Rain (mm), Wind Speed (km/h) Heat Cool Avg Mean Deg Deg Wind Dom Day Temp High Time Low Time Days Days Rain Speed High Time Dir ---------------------------------------------------------------------------------- 01 21,1 23,6 13:15 19,8 07:15 0,0 2,8 0,0 30,3 57,0 01:45 SSW 02 19,0 20,9 12:45 16,2 23:46 0,4 1,0 0,0 16,0 37,0 01:45 WSW 03 15,4 16,9 11:16 14,0 23:46 2,9 0,0 0,0 12,3 33,0 14:16 WNW 04 14,8 16,6 12:16 13,5 22:16 3,5 0,0 0,0 7,9 22,0 23:46 WSW 05 14,6 16,6 12:46 13,0 21:46 3,7 0,0 0,0 20,8 38,0 13:46 SW 06 13,6 15,1 13:46 12,0 08:16 4,7 0,0 0,0 11,2 20,0 01:46 SW 07 13,5 15,2 11:46 12,4 02:16 4,8 0,0 0,0 13,1 35,0 04:46 NW 08 14,2 16,4 14:16 12,6 01:16 4,1 0,0 0,0 7,0 15,0 10:16 S 09 14,2 16,4 14:16 12,7 02:46 4,2 0,0 0,0 5,7 18,0 11:46 N 10 15,3 18,1 12:46 12,6 03:16 3,0 0,0 0,0 17,1 42,0 15:46 WNW 11 15,9 18,3 12:16 14,3 07:46 2,4 0,0 0,0 9,9 28,0 00:16 W 12 17,1 19,8 13:16 15,5 07:46 1,4 0,2 0,0 11,9 33,0 02:16 SSW 13 20,6 23,9 12:46 18,1 00:16 0,0 2,3 0,0 24,9 46,0 01:16 SSW 14 15,5 18,1 00:16 13,3 23:16 2,8 0,0 0,0 13,6 29,0 04:16 SW 15 12,9 14,2 20:46 11,4 07:16 5,4 0,0 0,0 12,0 35,0 23:16 NNW 16 12,7 14,1 00:16 11,5 15:16 5,6 0,0 0,0 16,9 33,0 02:16 N 17 13,0 15,2 13:46 10,9 05:16 5,3 0,0 0,0 6,5 22,0 15:16 E 18 13,5 16,0 13:16 11,9 06:46 4,8 0,0 0,0 4,8 13,0 12:16 SSE 19 13,3 16,0 12:46 11,9 22:46 5,0 0,0 0,0 5,5 17,0 10:46 S 20 12,6 14,7 12:46 11,2 05:46 5,7 0,0 0,0 6,7 18,0 13:46 W 21 13,0 15,5 14:16 11,2 02:46 5,3 0,0 0,0 6,1 18,0 23:46 SW 22 14,8 17,6 13:16 12,8 00:46 3,5 0,0 0,0 10,1 26,0 08:16 WNW 23 14,6 17,2 13:16 13,0 06:46 3,7 0,0 0,0 7,2 17,0 13:46 SSW 24 14,4 17,1 13:16 12,5 07:46 3,9 0,0 0,0 5,6 13,0 13:16 S 25 14,1 16,6 13:46 12,5 07:16 4,2 0,0 0,0 5,3 13,0 01:16 SSW 26 14,0 16,0 14:16 12,3 03:46 4,3 0,0 0,0 5,7 17,0 13:46 W 27 14,7 16,8 13:16 13,4 23:46 3,6 0,0 0,0 3,7 15,0 23:46 NE 28 14,0 15,7 11:46 12,6 05:46 4,3 0,0 0,0 9,5 22,0 05:16 SSW 29 14,8 16,7 12:46 13,7 04:46 3,5 0,0 0,0 6,9 18,0 05:16 S 30 15,0 17,2 13:16 13,3 04:46 3,3 0,0 0,0 3,3 9,0 13:16 SE 31 15,4 17,2 12:46 14,2 23:47 3,0 0,0 0,0 4,4 15,0 14:47 S ---------------------------------------------------------------------------------- 14,9 23,9 13 10,9 17 112,3 6,3 0,0 10,4 57,0 1 SW Max >= 20,0 3 Max <= 19,9 28 Min <= 10,0 0 Min <= 4,0 0 Max Rain: 0,0 on day 0 Days of Rain: 0 (>= 0,5 mm) 0 (>= 6,0 mm) 0 (>= 20,0 mm) Heat Base: 18,3 Cool Base: 18,3 Method: Integration